{"id":11606,"date":"2024-03-03T11:50:48","date_gmt":"2024-03-03T11:50:48","guid":{"rendered":"https:\/\/shanabooks.de\/?post_type=product&#038;p=11606"},"modified":"2026-01-01T19:08:22","modified_gmt":"2026-01-01T19:08:22","slug":"duzimani-cemil-gunes","status":"publish","type":"product","link":"https:\/\/shanabooks.de\/kur\/product\/duzimani-cemil-gunes\/","title":{"rendered":"Duziman\u00ee"},"content":{"rendered":"<p dir=\"ltr\"><strong>Duziman\u00ee &#8211; Cemil G\u00fcne\u015f<\/strong><\/p>\n<p dir=\"ltr\">Li Tirk\u00eeyey\u00ea her sal bi milyonan zarok ne bi ziman\u00ea xwe y\u00ea zikmak\u00ee l\u00ea bi zimanek\u00ee d\u00eetir perwerde dibin. Ev p\u00eavajo j\u00ee bi xwe ra gelek pirsgir\u00eakan peyda dike. Armanca v\u00ea l\u00eakol\u00ee\u00adn\u00ea tesb\u00eetkirina pirsgir\u00eak\u00ean zarok\u00ean duziman e ku di dibistan\u00ean yekziman da dixw\u00eenin. Bi v\u00ea l\u00eakol\u00eena bi nav\u00ea Duziman\u00ee Cemil G\u00fcne\u015f\u00a0 pirsgir\u00eak\u00ean zarok\u00ean du\u00adziman y\u00ean wek\u00ee xwendin, niv\u00ees\u00een, famkirin, p\u00eawend\u00eedan\u00een\u00ea ku di dibistan\u00ean yekziman da dij\u00een, diyar dike. Mijara v\u00ea l\u00eakol\u00een\u00ea p\u00ea\u015f\u00ee bi metin\u00ean zanist\u00ee hat r\u00fbkirin \u00fb vegotin, pa\u015f\u00ea j\u00ee pirsgir\u00eak\u00ean ku zarokan ra \u00e7\u00eadibin bi al\u00eekar\u00eeya formek\u00ea hat ze\u00adlalkirin ku ev form bi p\u00ea\u015fn\u00eeyaz\u00ean pisporan hat\u00eeye amadekirin.<\/p>\n<p dir=\"ltr\">\n","protected":false},"excerpt":{"rendered":"<p dir=\"ltr\" style=\"text-align: center\"><strong>Pirt\u00fbk: Duziman\u00ee<br \/>\nNiv\u00eeskar: Cemil G\u00fcne\u015f<\/strong><br \/>\n<strong>Cure: Perwerdeh\u00ee<\/strong><\/p>\n","protected":false},"featured_media":11680,"template":"","meta":{"site-sidebar-layout":"default","site-content-layout":"","ast-site-content-layout":"default","site-content-style":"default","site-sidebar-style":"default","ast-global-header-display":"","ast-banner-title-visibility":"","ast-main-header-display":"","ast-hfb-above-header-display":"","ast-hfb-below-header-display":"","ast-hfb-mobile-header-display":"","site-post-title":"","ast-breadcrumbs-content":"","ast-featured-img":"","footer-sml-layout":"","ast-disable-related-posts":"","theme-transparent-header-meta":"default","adv-header-id-meta":"","stick-header-meta":"","header-above-stick-meta":"","header-main-stick-meta":"","header-below-stick-meta":"","astra-migrate-meta-layouts":"set","ast-page-background-enabled":"default","ast-page-background-meta":{"desktop":{"background-color":"","background-image":"","background-repeat":"repeat","background-position":"center center","background-size":"auto","background-attachment":"scroll","background-type":"","background-media":"","overlay-type":"","overlay-color":"","overlay-opacity":"","overlay-gradient":""},"tablet":{"background-color":"","background-image":"","background-repeat":"repeat","background-position":"center center","background-size":"auto","background-attachment":"scroll","background-type":"","background-media":"","overlay-type":"","overlay-color":"","overlay-opacity":"","overlay-gradient":""},"mobile":{"background-color":"","background-image":"","background-repeat":"repeat","background-position":"center center","background-size":"auto","background-attachment":"scroll","background-type":"","background-media":"","overlay-type":"","overlay-color":"","overlay-opacity":"","overlay-gradient":""}},"ast-content-background-meta":{"desktop":{"background-color":"var(--ast-global-color-5)","background-image":"","background-repeat":"repeat","background-position":"center center","background-size":"auto","background-attachment":"scroll","background-type":"","background-media":"","overlay-type":"","overlay-color":"","overlay-opacity":"","overlay-gradient":""},"tablet":{"background-color":"var(--ast-global-color-5)","background-image":"","background-repeat":"repeat","background-position":"center center","background-size":"auto","background-attachment":"scroll","background-type":"","background-media":"","overlay-type":"","overlay-color":"","overlay-opacity":"","overlay-gradient":""},"mobile":{"background-color":"var(--ast-global-color-5)","background-image":"","background-repeat":"repeat","background-position":"center center","background-size":"auto","background-attachment":"scroll","background-type":"","background-media":"","overlay-type":"","overlay-color":"","overlay-opacity":"","overlay-gradient":""}}},"product_brand":[],"product_cat":[179,193],"product_tag":[],"class_list":{"0":"post-11606","1":"product","2":"type-product","3":"status-publish","4":"has-post-thumbnail","6":"product_cat-_","7":"product_cat--_","8":"pa_-lekolin","9":"pa_-cemil-gunes","10":"pa_-kurmanci","11":"pa_--weqfa-mezopotamya","12":"desktop-align-left","13":"tablet-align-left","14":"mobile-align-left","16":"first","17":"outofstock","18":"shipping-taxable","19":"purchasable","20":"product-type-simple"},"yoast_head":"<!-- This site is optimized with the Yoast SEO plugin v27.4 - https:\/\/yoast.com\/product\/yoast-seo-wordpress\/ -->\n<title>Duziman\u00ee - Cemil G\u00fcne\u015f - www.shanabooks.de<\/title>\n<meta name=\"description\" content=\"Duziman\u00ee - Cemil G\u00fcne\u015f Li Tirk\u00eeyey\u00ea her sal bi milyonan zarok ne bi ziman\u00ea xwe y\u00ea zikmak\u00ee l\u00ea bi zimanek\u00ee d\u00eetir perwerde dibin. Ev p\u00eavajo j\u00ee bi xwe ra gel...\" \/>\n<meta name=\"robots\" content=\"index, follow, max-snippet:-1, max-image-preview:large, max-video-preview:-1\" \/>\n<link rel=\"canonical\" href=\"https:\/\/shanabooks.de\/product\/duzimani-cemil-gunes\/\" \/>\n<meta property=\"og:locale\" content=\"en_US\" \/>\n<meta property=\"og:type\" content=\"article\" \/>\n<meta property=\"og:title\" content=\"Duziman\u00ee - Cemil G\u00fcne\u015f - www.shanabooks.de\" \/>\n<meta property=\"og:description\" content=\"Duziman\u00ee - Cemil G\u00fcne\u015f Li Tirk\u00eeyey\u00ea her sal bi milyonan zarok ne bi ziman\u00ea xwe y\u00ea zikmak\u00ee l\u00ea bi zimanek\u00ee d\u00eetir perwerde dibin. Ev p\u00eavajo j\u00ee bi xwe ra gel...\" \/>\n<meta property=\"og:url\" content=\"https:\/\/shanabooks.de\/product\/duzimani-cemil-gunes\/\" \/>\n<meta property=\"og:site_name\" content=\"www.shanabooks.de\" \/>\n<meta property=\"article:modified_time\" content=\"2026-01-01T19:08:22+00:00\" \/>\n<meta property=\"og:image\" content=\"https:\/\/shanabooks.de\/wp-content\/uploads\/2024\/03\/Duzimani.png\" \/>\n\t<meta property=\"og:image:width\" content=\"298\" \/>\n\t<meta property=\"og:image:height\" content=\"475\" \/>\n\t<meta property=\"og:image:type\" content=\"image\/png\" \/>\n<meta name=\"twitter:card\" content=\"summary_large_image\" \/>\n<meta name=\"twitter:label1\" content=\"Est. reading time\" \/>\n\t<meta name=\"twitter:data1\" content=\"1 minute\" \/>\n<script type=\"application\/ld+json\" class=\"yoast-schema-graph\">{\"@context\":\"https:\\\/\\\/schema.org\",\"@graph\":[{\"@type\":\"WebPage\",\"@id\":\"https:\\\/\\\/shanabooks.de\\\/product\\\/duzimani-cemil-gunes\\\/\",\"url\":\"https:\\\/\\\/shanabooks.de\\\/product\\\/duzimani-cemil-gunes\\\/\",\"name\":\"Duziman\u00ee - Cemil G\u00fcne\u015f - www.shanabooks.de\",\"isPartOf\":{\"@id\":\"https:\\\/\\\/shanabooks.de\\\/#website\"},\"primaryImageOfPage\":{\"@id\":\"https:\\\/\\\/shanabooks.de\\\/product\\\/duzimani-cemil-gunes\\\/#primaryimage\"},\"image\":{\"@id\":\"https:\\\/\\\/shanabooks.de\\\/product\\\/duzimani-cemil-gunes\\\/#primaryimage\"},\"thumbnailUrl\":\"https:\\\/\\\/shanabooks.de\\\/wp-content\\\/uploads\\\/2024\\\/03\\\/Duzimani.png\",\"datePublished\":\"2024-03-03T11:50:48+00:00\",\"dateModified\":\"2026-01-01T19:08:22+00:00\",\"description\":\"Duziman\u00ee - Cemil G\u00fcne\u015f Li Tirk\u00eeyey\u00ea her sal bi milyonan zarok ne bi ziman\u00ea xwe y\u00ea zikmak\u00ee l\u00ea bi zimanek\u00ee d\u00eetir perwerde dibin. Ev p\u00eavajo j\u00ee bi xwe ra gel...\",\"breadcrumb\":{\"@id\":\"https:\\\/\\\/shanabooks.de\\\/product\\\/duzimani-cemil-gunes\\\/#breadcrumb\"},\"inLanguage\":\"kur\",\"potentialAction\":[{\"@type\":\"ReadAction\",\"target\":[\"https:\\\/\\\/shanabooks.de\\\/product\\\/duzimani-cemil-gunes\\\/\"]}]},{\"@type\":\"ImageObject\",\"inLanguage\":\"kur\",\"@id\":\"https:\\\/\\\/shanabooks.de\\\/product\\\/duzimani-cemil-gunes\\\/#primaryimage\",\"url\":\"https:\\\/\\\/shanabooks.de\\\/wp-content\\\/uploads\\\/2024\\\/03\\\/Duzimani.png\",\"contentUrl\":\"https:\\\/\\\/shanabooks.de\\\/wp-content\\\/uploads\\\/2024\\\/03\\\/Duzimani.png\",\"width\":298,\"height\":475,\"caption\":\"Duziman\u00ee - Cemil Gune\u015f - Pirt\u00fbk\u00ean Kurd\u00ee\"},{\"@type\":\"BreadcrumbList\",\"@id\":\"https:\\\/\\\/shanabooks.de\\\/product\\\/duzimani-cemil-gunes\\\/#breadcrumb\",\"itemListElement\":[{\"@type\":\"ListItem\",\"position\":1,\"name\":\"\u0627\u0644\u0631\u0626\u064a\u0633\u064a\u0629\",\"item\":\"https:\\\/\\\/shanabooks.de\\\/kur\\\/\"},{\"@type\":\"ListItem\",\"position\":2,\"name\":\"\u0627\u0644\u0645\u0646\u062a\u062c\u0627\u062a\",\"item\":\"https:\\\/\\\/shanabooks.de\\\/shop\\\/\"},{\"@type\":\"ListItem\",\"position\":3,\"name\":\"Duziman\u00ee\"}]},{\"@type\":\"WebSite\",\"@id\":\"https:\\\/\\\/shanabooks.de\\\/#website\",\"url\":\"https:\\\/\\\/shanabooks.de\\\/\",\"name\":\"www.shanbooks.de\",\"description\":\"C\u00eehana Pirt\u00fbk\u00ean Kurd\u00ee \u0645\u0643\u062a\u0628\u0629 \u0634\u0627\u0646\u0627 \u0641\u064a \u0627\u0644\u0645\u0627\u0646\u064a\u0627 \u0648\u0623\u0648\u0631\u0628\u0627\",\"publisher\":{\"@id\":\"https:\\\/\\\/shanabooks.de\\\/#organization\"},\"potentialAction\":[{\"@type\":\"SearchAction\",\"target\":{\"@type\":\"EntryPoint\",\"urlTemplate\":\"https:\\\/\\\/shanabooks.de\\\/?s={search_term_string}\"},\"query-input\":{\"@type\":\"PropertyValueSpecification\",\"valueRequired\":true,\"valueName\":\"search_term_string\"}}],\"inLanguage\":\"kur\"},{\"@type\":\"Organization\",\"@id\":\"https:\\\/\\\/shanabooks.de\\\/#organization\",\"name\":\"www.shanbooks.de\",\"url\":\"https:\\\/\\\/shanabooks.de\\\/\",\"logo\":{\"@type\":\"ImageObject\",\"inLanguage\":\"kur\",\"@id\":\"https:\\\/\\\/shanabooks.de\\\/#\\\/schema\\\/logo\\\/image\\\/\",\"url\":\"https:\\\/\\\/shanabooks.de\\\/wp-content\\\/uploads\\\/2024\\\/03\\\/SHANABOOKS__2_-removebg-preview.png\",\"contentUrl\":\"https:\\\/\\\/shanabooks.de\\\/wp-content\\\/uploads\\\/2024\\\/03\\\/SHANABOOKS__2_-removebg-preview.png\",\"width\":700,\"height\":150,\"caption\":\"www.shanbooks.de\"},\"image\":{\"@id\":\"https:\\\/\\\/shanabooks.de\\\/#\\\/schema\\\/logo\\\/image\\\/\"}}]}<\/script>\n<!-- \/ Yoast SEO plugin. -->","yoast_head_json":{"title":"Duziman\u00ee - Cemil G\u00fcne\u015f - www.shanabooks.de","description":"Duziman\u00ee - Cemil G\u00fcne\u015f Li Tirk\u00eeyey\u00ea her sal bi milyonan zarok ne bi ziman\u00ea xwe y\u00ea zikmak\u00ee l\u00ea bi zimanek\u00ee d\u00eetir perwerde dibin. Ev p\u00eavajo j\u00ee bi xwe ra gel...","robots":{"index":"index","follow":"follow","max-snippet":"max-snippet:-1","max-image-preview":"max-image-preview:large","max-video-preview":"max-video-preview:-1"},"canonical":"https:\/\/shanabooks.de\/product\/duzimani-cemil-gunes\/","og_locale":"en_US","og_type":"article","og_title":"Duziman\u00ee - Cemil G\u00fcne\u015f - www.shanabooks.de","og_description":"Duziman\u00ee - Cemil G\u00fcne\u015f Li Tirk\u00eeyey\u00ea her sal bi milyonan zarok ne bi ziman\u00ea xwe y\u00ea zikmak\u00ee l\u00ea bi zimanek\u00ee d\u00eetir perwerde dibin. Ev p\u00eavajo j\u00ee bi xwe ra gel...","og_url":"https:\/\/shanabooks.de\/product\/duzimani-cemil-gunes\/","og_site_name":"www.shanabooks.de","article_modified_time":"2026-01-01T19:08:22+00:00","og_image":[{"width":298,"height":475,"url":"https:\/\/shanabooks.de\/wp-content\/uploads\/2024\/03\/Duzimani.png","type":"image\/png"}],"twitter_card":"summary_large_image","twitter_misc":{"Est. reading time":"1 minute"},"schema":{"@context":"https:\/\/schema.org","@graph":[{"@type":"WebPage","@id":"https:\/\/shanabooks.de\/product\/duzimani-cemil-gunes\/","url":"https:\/\/shanabooks.de\/product\/duzimani-cemil-gunes\/","name":"Duziman\u00ee - Cemil G\u00fcne\u015f - www.shanabooks.de","isPartOf":{"@id":"https:\/\/shanabooks.de\/#website"},"primaryImageOfPage":{"@id":"https:\/\/shanabooks.de\/product\/duzimani-cemil-gunes\/#primaryimage"},"image":{"@id":"https:\/\/shanabooks.de\/product\/duzimani-cemil-gunes\/#primaryimage"},"thumbnailUrl":"https:\/\/shanabooks.de\/wp-content\/uploads\/2024\/03\/Duzimani.png","datePublished":"2024-03-03T11:50:48+00:00","dateModified":"2026-01-01T19:08:22+00:00","description":"Duziman\u00ee - Cemil G\u00fcne\u015f Li Tirk\u00eeyey\u00ea her sal bi milyonan zarok ne bi ziman\u00ea xwe y\u00ea zikmak\u00ee l\u00ea bi zimanek\u00ee d\u00eetir perwerde dibin. Ev p\u00eavajo j\u00ee bi xwe ra gel...","breadcrumb":{"@id":"https:\/\/shanabooks.de\/product\/duzimani-cemil-gunes\/#breadcrumb"},"inLanguage":"kur","potentialAction":[{"@type":"ReadAction","target":["https:\/\/shanabooks.de\/product\/duzimani-cemil-gunes\/"]}]},{"@type":"ImageObject","inLanguage":"kur","@id":"https:\/\/shanabooks.de\/product\/duzimani-cemil-gunes\/#primaryimage","url":"https:\/\/shanabooks.de\/wp-content\/uploads\/2024\/03\/Duzimani.png","contentUrl":"https:\/\/shanabooks.de\/wp-content\/uploads\/2024\/03\/Duzimani.png","width":298,"height":475,"caption":"Duziman\u00ee - Cemil Gune\u015f - Pirt\u00fbk\u00ean Kurd\u00ee"},{"@type":"BreadcrumbList","@id":"https:\/\/shanabooks.de\/product\/duzimani-cemil-gunes\/#breadcrumb","itemListElement":[{"@type":"ListItem","position":1,"name":"\u0627\u0644\u0631\u0626\u064a\u0633\u064a\u0629","item":"https:\/\/shanabooks.de\/kur\/"},{"@type":"ListItem","position":2,"name":"\u0627\u0644\u0645\u0646\u062a\u062c\u0627\u062a","item":"https:\/\/shanabooks.de\/shop\/"},{"@type":"ListItem","position":3,"name":"Duziman\u00ee"}]},{"@type":"WebSite","@id":"https:\/\/shanabooks.de\/#website","url":"https:\/\/shanabooks.de\/","name":"www.shanbooks.de","description":"C\u00eehana Pirt\u00fbk\u00ean Kurd\u00ee \u0645\u0643\u062a\u0628\u0629 \u0634\u0627\u0646\u0627 \u0641\u064a \u0627\u0644\u0645\u0627\u0646\u064a\u0627 \u0648\u0623\u0648\u0631\u0628\u0627","publisher":{"@id":"https:\/\/shanabooks.de\/#organization"},"potentialAction":[{"@type":"SearchAction","target":{"@type":"EntryPoint","urlTemplate":"https:\/\/shanabooks.de\/?s={search_term_string}"},"query-input":{"@type":"PropertyValueSpecification","valueRequired":true,"valueName":"search_term_string"}}],"inLanguage":"kur"},{"@type":"Organization","@id":"https:\/\/shanabooks.de\/#organization","name":"www.shanbooks.de","url":"https:\/\/shanabooks.de\/","logo":{"@type":"ImageObject","inLanguage":"kur","@id":"https:\/\/shanabooks.de\/#\/schema\/logo\/image\/","url":"https:\/\/shanabooks.de\/wp-content\/uploads\/2024\/03\/SHANABOOKS__2_-removebg-preview.png","contentUrl":"https:\/\/shanabooks.de\/wp-content\/uploads\/2024\/03\/SHANABOOKS__2_-removebg-preview.png","width":700,"height":150,"caption":"www.shanbooks.de"},"image":{"@id":"https:\/\/shanabooks.de\/#\/schema\/logo\/image\/"}}]}},"jetpack_sharing_enabled":true,"_links":{"self":[{"href":"https:\/\/shanabooks.de\/kur\/wp-json\/wp\/v2\/product\/11606","targetHints":{"allow":["GET"]}}],"collection":[{"href":"https:\/\/shanabooks.de\/kur\/wp-json\/wp\/v2\/product"}],"about":[{"href":"https:\/\/shanabooks.de\/kur\/wp-json\/wp\/v2\/types\/product"}],"version-history":[{"count":3,"href":"https:\/\/shanabooks.de\/kur\/wp-json\/wp\/v2\/product\/11606\/revisions"}],"predecessor-version":[{"id":11754,"href":"https:\/\/shanabooks.de\/kur\/wp-json\/wp\/v2\/product\/11606\/revisions\/11754"}],"wp:featuredmedia":[{"embeddable":true,"href":"https:\/\/shanabooks.de\/kur\/wp-json\/wp\/v2\/media\/11680"}],"wp:attachment":[{"href":"https:\/\/shanabooks.de\/kur\/wp-json\/wp\/v2\/media?parent=11606"}],"wp:term":[{"taxonomy":"product_brand","embeddable":true,"href":"https:\/\/shanabooks.de\/kur\/wp-json\/wp\/v2\/product_brand?post=11606"},{"taxonomy":"product_cat","embeddable":true,"href":"https:\/\/shanabooks.de\/kur\/wp-json\/wp\/v2\/product_cat?post=11606"},{"taxonomy":"product_tag","embeddable":true,"href":"https:\/\/shanabooks.de\/kur\/wp-json\/wp\/v2\/product_tag?post=11606"}],"curies":[{"name":"wp","href":"https:\/\/api.w.org\/{rel}","templated":true}]}}