{"id":11710,"date":"2024-03-03T11:51:36","date_gmt":"2024-03-03T11:51:36","guid":{"rendered":"https:\/\/shanabooks.de\/?post_type=product&#038;p=11710"},"modified":"2026-01-02T20:55:41","modified_gmt":"2026-01-02T20:55:41","slug":"ji-destpeka-diroke-ve-civaka-xwezayi-sebahattin-sumeli","status":"publish","type":"product","link":"https:\/\/shanabooks.de\/kur\/product\/ji-destpeka-diroke-ve-civaka-xwezayi-sebahattin-sumeli\/","title":{"rendered":"ji Destp\u00eaka D\u00eerok\u00ea Ve Civaka Xwezay\u00ee"},"content":{"rendered":"<p style=\"text-align: left\"><strong>ji Destp\u00eaka D\u00eerok\u00ea Ve Civaka Xwezay\u00ee &#8211; Sebahattin Sumeli<\/strong><\/p>\n<p style=\"text-align: left\"><span style=\"font-family: Verdana\">D\u00eeroka niv\u00eesk\u00ee, d\u00eeroka \u015faristaniniy\u00ean serdest \u00fb desthildariy\u00ean hegemon\u00eek e. Bi gotineke d\u00eetir; d\u00eeroka ku\u015ftin \u00fb xw\u00eenrijiya serdest \u00fb zordaran e. T\u00ea de civak tune, d\u00eeroka w\u00ea tune, xweza \u00fb hawir tune, be\u015f\u00ean civak\u00ea tune, danehev\u00ee \u00fb afir\u00eeneriy\u00ean w\u00ea tune, berxwedan \u00fb t\u00eako\u015f\u00eena w\u00ea tune..!<\/span><\/p>\n<p style=\"text-align: left\"><span style=\"font-family: Verdana\">L\u00ea bel\u00ea d\u00eerok\u00ea ev rast\u00ee pey\u00eetandiye ku ji destp\u00eaka d\u00eerok\u00ea heta niha ya ku te\u015fe day\u00ee d\u00eerok\u00ea, herik\u00eena w\u00ea diyar kir\u00ee, mirovah\u00ee \u00fb afir\u00eeneriy\u00ean w\u00ea an\u00ee heta asta \u00eero, civaka xwezay\u00ee \u00fb komunal bi xwe ye. Lewre div\u00ea civak b\u00eate f\u00eamkirin. Ji te\u015feya w\u00ea ya klanan bigire heta qeb\u00eele \u00fb e\u015f\u00eeran, ji wir heta kom \u00fb neteweyan, xisleta wan a xwezay\u00ee \u00fb komunal, israra wan a jiyana azad \u00fb wekhev, berxwedan \u00fb t\u00eako\u015f\u00eena wan ji dervey\u00ee feraseta zanista poz\u00eet\u00eev\u00eest bi t\u00eagihi\u015ftineke zanyariya civak\u00ee, an j\u00ee bi t\u00eagihi\u015ftina \u2018xwezaya civak\u00ee\u2019 div\u00ea b\u00eate 4 f\u00eamkirin ku em bigihijin rasteq\u00eena d\u00eerok \u00fb civak\u00ea. Nexwe em \u00ea nikaribin xwe ji feraset \u00fb hi\u015fmendiya d\u00eerok\u00ea ya serdestan rizgar bikin.<\/span><\/p>\n","protected":false},"excerpt":{"rendered":"<p style=\"text-align: center\"><strong>Pirt\u00fbk: ji Destp\u00eaka D\u00eerok\u00ea Ve Civaka Xwezay\u00ee<br \/>\nNiv\u00eeskar: Sebahattin Sumeli<br \/>\nCure: L\u00eakol\u00een-D\u00eerok<\/strong><\/p>\n","protected":false},"featured_media":6544,"template":"","meta":{"site-sidebar-layout":"default","site-content-layout":"","ast-site-content-layout":"default","site-content-style":"default","site-sidebar-style":"default","ast-global-header-display":"","ast-banner-title-visibility":"","ast-main-header-display":"","ast-hfb-above-header-display":"","ast-hfb-below-header-display":"","ast-hfb-mobile-header-display":"","site-post-title":"","ast-breadcrumbs-content":"","ast-featured-img":"","footer-sml-layout":"","ast-disable-related-posts":"","theme-transparent-header-meta":"default","adv-header-id-meta":"","stick-header-meta":"","header-above-stick-meta":"","header-main-stick-meta":"","header-below-stick-meta":"","astra-migrate-meta-layouts":"set","ast-page-background-enabled":"default","ast-page-background-meta":{"desktop":{"background-color":"","background-image":"","background-repeat":"repeat","background-position":"center center","background-size":"auto","background-attachment":"scroll","background-type":"","background-media":"","overlay-type":"","overlay-color":"","overlay-opacity":"","overlay-gradient":""},"tablet":{"background-color":"","background-image":"","background-repeat":"repeat","background-position":"center center","background-size":"auto","background-attachment":"scroll","background-type":"","background-media":"","overlay-type":"","overlay-color":"","overlay-opacity":"","overlay-gradient":""},"mobile":{"background-color":"","background-image":"","background-repeat":"repeat","background-position":"center center","background-size":"auto","background-attachment":"scroll","background-type":"","background-media":"","overlay-type":"","overlay-color":"","overlay-opacity":"","overlay-gradient":""}},"ast-content-background-meta":{"desktop":{"background-color":"var(--ast-global-color-5)","background-image":"","background-repeat":"repeat","background-position":"center center","background-size":"auto","background-attachment":"scroll","background-type":"","background-media":"","overlay-type":"","overlay-color":"","overlay-opacity":"","overlay-gradient":""},"tablet":{"background-color":"var(--ast-global-color-5)","background-image":"","background-repeat":"repeat","background-position":"center center","background-size":"auto","background-attachment":"scroll","background-type":"","background-media":"","overlay-type":"","overlay-color":"","overlay-opacity":"","overlay-gradient":""},"mobile":{"background-color":"var(--ast-global-color-5)","background-image":"","background-repeat":"repeat","background-position":"center center","background-size":"auto","background-attachment":"scroll","background-type":"","background-media":"","overlay-type":"","overlay-color":"","overlay-opacity":"","overlay-gradient":""}}},"product_brand":[],"product_cat":[187,179,193],"product_tag":[],"class_list":{"0":"post-11710","1":"product","2":"type-product","3":"status-publish","4":"has-post-thumbnail","6":"product_cat-_","8":"product_cat--_","9":"pa_-dirok","10":"pa_-lekolin","11":"pa_-sebahattin-sumeli","12":"pa_-kurmanci","13":"pa_--dara-yayinlari","14":"desktop-align-left","15":"tablet-align-left","16":"mobile-align-left","18":"first","19":"instock","20":"shipping-taxable","21":"purchasable","22":"product-type-simple"},"yoast_head":"<!-- This site is optimized with the Yoast SEO plugin v27.4 - https:\/\/yoast.com\/product\/yoast-seo-wordpress\/ -->\n<title>ji Destp\u00eaka D\u00eerok\u00ea Ve Civaka Xwezay\u00ee - Sebahattin Sumeli - www.shanabooks.de<\/title>\n<meta name=\"description\" content=\"Ji Destp\u00eaka D\u00eerok\u00ea Ve Civaka Xwezay\u00ee - Sebahattin Sumeli D\u00eeroka niv\u00eesk\u00ee, d\u00eeroka \u015faristaniniy\u00ean serdest \u00fb desthildariy\u00ean hegemon\u00eek e. Bi gotineke d\u00eetir; d...\" \/>\n<meta name=\"robots\" content=\"index, follow, max-snippet:-1, max-image-preview:large, max-video-preview:-1\" \/>\n<link rel=\"canonical\" href=\"https:\/\/shanabooks.de\/product\/ji-destpeka-diroke-ve-civaka-xwezayi-sebahattin-sumeli\/\" \/>\n<meta property=\"og:locale\" content=\"en_US\" \/>\n<meta property=\"og:type\" content=\"article\" \/>\n<meta property=\"og:title\" content=\"ji Destp\u00eaka D\u00eerok\u00ea Ve Civaka Xwezay\u00ee - Sebahattin Sumeli - www.shanabooks.de\" \/>\n<meta property=\"og:description\" content=\"Ji Destp\u00eaka D\u00eerok\u00ea Ve Civaka Xwezay\u00ee - Sebahattin Sumeli D\u00eeroka niv\u00eesk\u00ee, d\u00eeroka \u015faristaniniy\u00ean serdest \u00fb desthildariy\u00ean hegemon\u00eek e. Bi gotineke d\u00eetir; d...\" \/>\n<meta property=\"og:url\" content=\"https:\/\/shanabooks.de\/product\/ji-destpeka-diroke-ve-civaka-xwezayi-sebahattin-sumeli\/\" \/>\n<meta property=\"og:site_name\" content=\"www.shanabooks.de\" \/>\n<meta property=\"article:modified_time\" content=\"2026-01-02T20:55:41+00:00\" \/>\n<meta property=\"og:image\" content=\"https:\/\/shanabooks.de\/wp-content\/uploads\/2024\/01\/Ji-Destpeka-Diroke-ve-dara.png\" \/>\n\t<meta property=\"og:image:width\" content=\"296\" \/>\n\t<meta property=\"og:image:height\" content=\"477\" \/>\n\t<meta property=\"og:image:type\" content=\"image\/png\" \/>\n<meta name=\"twitter:card\" content=\"summary_large_image\" \/>\n<meta name=\"twitter:label1\" content=\"Est. reading time\" \/>\n\t<meta name=\"twitter:data1\" content=\"2 minutes\" \/>\n<script type=\"application\/ld+json\" class=\"yoast-schema-graph\">{\"@context\":\"https:\\\/\\\/schema.org\",\"@graph\":[{\"@type\":\"WebPage\",\"@id\":\"https:\\\/\\\/shanabooks.de\\\/product\\\/ji-destpeka-diroke-ve-civaka-xwezayi-sebahattin-sumeli\\\/\",\"url\":\"https:\\\/\\\/shanabooks.de\\\/product\\\/ji-destpeka-diroke-ve-civaka-xwezayi-sebahattin-sumeli\\\/\",\"name\":\"ji Destp\u00eaka D\u00eerok\u00ea Ve Civaka Xwezay\u00ee - Sebahattin Sumeli - www.shanabooks.de\",\"isPartOf\":{\"@id\":\"https:\\\/\\\/shanabooks.de\\\/#website\"},\"primaryImageOfPage\":{\"@id\":\"https:\\\/\\\/shanabooks.de\\\/product\\\/ji-destpeka-diroke-ve-civaka-xwezayi-sebahattin-sumeli\\\/#primaryimage\"},\"image\":{\"@id\":\"https:\\\/\\\/shanabooks.de\\\/product\\\/ji-destpeka-diroke-ve-civaka-xwezayi-sebahattin-sumeli\\\/#primaryimage\"},\"thumbnailUrl\":\"https:\\\/\\\/shanabooks.de\\\/wp-content\\\/uploads\\\/2024\\\/01\\\/Ji-Destpeka-Diroke-ve-dara.png\",\"datePublished\":\"2024-03-03T11:51:36+00:00\",\"dateModified\":\"2026-01-02T20:55:41+00:00\",\"description\":\"Ji Destp\u00eaka D\u00eerok\u00ea Ve Civaka Xwezay\u00ee - Sebahattin Sumeli D\u00eeroka niv\u00eesk\u00ee, d\u00eeroka \u015faristaniniy\u00ean serdest \u00fb desthildariy\u00ean hegemon\u00eek e. Bi gotineke d\u00eetir; d...\",\"breadcrumb\":{\"@id\":\"https:\\\/\\\/shanabooks.de\\\/product\\\/ji-destpeka-diroke-ve-civaka-xwezayi-sebahattin-sumeli\\\/#breadcrumb\"},\"inLanguage\":\"kur\",\"potentialAction\":[{\"@type\":\"ReadAction\",\"target\":[\"https:\\\/\\\/shanabooks.de\\\/product\\\/ji-destpeka-diroke-ve-civaka-xwezayi-sebahattin-sumeli\\\/\"]}]},{\"@type\":\"ImageObject\",\"inLanguage\":\"kur\",\"@id\":\"https:\\\/\\\/shanabooks.de\\\/product\\\/ji-destpeka-diroke-ve-civaka-xwezayi-sebahattin-sumeli\\\/#primaryimage\",\"url\":\"https:\\\/\\\/shanabooks.de\\\/wp-content\\\/uploads\\\/2024\\\/01\\\/Ji-Destpeka-Diroke-ve-dara.png\",\"contentUrl\":\"https:\\\/\\\/shanabooks.de\\\/wp-content\\\/uploads\\\/2024\\\/01\\\/Ji-Destpeka-Diroke-ve-dara.png\",\"width\":296,\"height\":477,\"caption\":\"ji Destp\u00eaka D\u00eerok\u00ea Ve Civaka Xwezay\u00ee - Sebahattin Sumeli - pirt\u00fbk\u00ean kurd\u00ee\"},{\"@type\":\"BreadcrumbList\",\"@id\":\"https:\\\/\\\/shanabooks.de\\\/product\\\/ji-destpeka-diroke-ve-civaka-xwezayi-sebahattin-sumeli\\\/#breadcrumb\",\"itemListElement\":[{\"@type\":\"ListItem\",\"position\":1,\"name\":\"\u0627\u0644\u0631\u0626\u064a\u0633\u064a\u0629\",\"item\":\"https:\\\/\\\/shanabooks.de\\\/kur\\\/\"},{\"@type\":\"ListItem\",\"position\":2,\"name\":\"\u0627\u0644\u0645\u0646\u062a\u062c\u0627\u062a\",\"item\":\"https:\\\/\\\/shanabooks.de\\\/shop\\\/\"},{\"@type\":\"ListItem\",\"position\":3,\"name\":\"ji Destp\u00eaka D\u00eerok\u00ea Ve Civaka Xwezay\u00ee\"}]},{\"@type\":\"WebSite\",\"@id\":\"https:\\\/\\\/shanabooks.de\\\/#website\",\"url\":\"https:\\\/\\\/shanabooks.de\\\/\",\"name\":\"www.shanbooks.de\",\"description\":\"C\u00eehana Pirt\u00fbk\u00ean Kurd\u00ee \u0645\u0643\u062a\u0628\u0629 \u0634\u0627\u0646\u0627 \u0641\u064a \u0627\u0644\u0645\u0627\u0646\u064a\u0627 \u0648\u0623\u0648\u0631\u0628\u0627\",\"publisher\":{\"@id\":\"https:\\\/\\\/shanabooks.de\\\/#organization\"},\"potentialAction\":[{\"@type\":\"SearchAction\",\"target\":{\"@type\":\"EntryPoint\",\"urlTemplate\":\"https:\\\/\\\/shanabooks.de\\\/?s={search_term_string}\"},\"query-input\":{\"@type\":\"PropertyValueSpecification\",\"valueRequired\":true,\"valueName\":\"search_term_string\"}}],\"inLanguage\":\"kur\"},{\"@type\":\"Organization\",\"@id\":\"https:\\\/\\\/shanabooks.de\\\/#organization\",\"name\":\"www.shanbooks.de\",\"url\":\"https:\\\/\\\/shanabooks.de\\\/\",\"logo\":{\"@type\":\"ImageObject\",\"inLanguage\":\"kur\",\"@id\":\"https:\\\/\\\/shanabooks.de\\\/#\\\/schema\\\/logo\\\/image\\\/\",\"url\":\"https:\\\/\\\/shanabooks.de\\\/wp-content\\\/uploads\\\/2024\\\/03\\\/SHANABOOKS__2_-removebg-preview.png\",\"contentUrl\":\"https:\\\/\\\/shanabooks.de\\\/wp-content\\\/uploads\\\/2024\\\/03\\\/SHANABOOKS__2_-removebg-preview.png\",\"width\":700,\"height\":150,\"caption\":\"www.shanbooks.de\"},\"image\":{\"@id\":\"https:\\\/\\\/shanabooks.de\\\/#\\\/schema\\\/logo\\\/image\\\/\"}}]}<\/script>\n<!-- \/ Yoast SEO plugin. -->","yoast_head_json":{"title":"ji Destp\u00eaka D\u00eerok\u00ea Ve Civaka Xwezay\u00ee - Sebahattin Sumeli - www.shanabooks.de","description":"Ji Destp\u00eaka D\u00eerok\u00ea Ve Civaka Xwezay\u00ee - Sebahattin Sumeli D\u00eeroka niv\u00eesk\u00ee, d\u00eeroka \u015faristaniniy\u00ean serdest \u00fb desthildariy\u00ean hegemon\u00eek e. Bi gotineke d\u00eetir; d...","robots":{"index":"index","follow":"follow","max-snippet":"max-snippet:-1","max-image-preview":"max-image-preview:large","max-video-preview":"max-video-preview:-1"},"canonical":"https:\/\/shanabooks.de\/product\/ji-destpeka-diroke-ve-civaka-xwezayi-sebahattin-sumeli\/","og_locale":"en_US","og_type":"article","og_title":"ji Destp\u00eaka D\u00eerok\u00ea Ve Civaka Xwezay\u00ee - Sebahattin Sumeli - www.shanabooks.de","og_description":"Ji Destp\u00eaka D\u00eerok\u00ea Ve Civaka Xwezay\u00ee - Sebahattin Sumeli D\u00eeroka niv\u00eesk\u00ee, d\u00eeroka \u015faristaniniy\u00ean serdest \u00fb desthildariy\u00ean hegemon\u00eek e. Bi gotineke d\u00eetir; d...","og_url":"https:\/\/shanabooks.de\/product\/ji-destpeka-diroke-ve-civaka-xwezayi-sebahattin-sumeli\/","og_site_name":"www.shanabooks.de","article_modified_time":"2026-01-02T20:55:41+00:00","og_image":[{"width":296,"height":477,"url":"https:\/\/shanabooks.de\/wp-content\/uploads\/2024\/01\/Ji-Destpeka-Diroke-ve-dara.png","type":"image\/png"}],"twitter_card":"summary_large_image","twitter_misc":{"Est. reading time":"2 minutes"},"schema":{"@context":"https:\/\/schema.org","@graph":[{"@type":"WebPage","@id":"https:\/\/shanabooks.de\/product\/ji-destpeka-diroke-ve-civaka-xwezayi-sebahattin-sumeli\/","url":"https:\/\/shanabooks.de\/product\/ji-destpeka-diroke-ve-civaka-xwezayi-sebahattin-sumeli\/","name":"ji Destp\u00eaka D\u00eerok\u00ea Ve Civaka Xwezay\u00ee - Sebahattin Sumeli - www.shanabooks.de","isPartOf":{"@id":"https:\/\/shanabooks.de\/#website"},"primaryImageOfPage":{"@id":"https:\/\/shanabooks.de\/product\/ji-destpeka-diroke-ve-civaka-xwezayi-sebahattin-sumeli\/#primaryimage"},"image":{"@id":"https:\/\/shanabooks.de\/product\/ji-destpeka-diroke-ve-civaka-xwezayi-sebahattin-sumeli\/#primaryimage"},"thumbnailUrl":"https:\/\/shanabooks.de\/wp-content\/uploads\/2024\/01\/Ji-Destpeka-Diroke-ve-dara.png","datePublished":"2024-03-03T11:51:36+00:00","dateModified":"2026-01-02T20:55:41+00:00","description":"Ji Destp\u00eaka D\u00eerok\u00ea Ve Civaka Xwezay\u00ee - Sebahattin Sumeli D\u00eeroka niv\u00eesk\u00ee, d\u00eeroka \u015faristaniniy\u00ean serdest \u00fb desthildariy\u00ean hegemon\u00eek e. Bi gotineke d\u00eetir; d...","breadcrumb":{"@id":"https:\/\/shanabooks.de\/product\/ji-destpeka-diroke-ve-civaka-xwezayi-sebahattin-sumeli\/#breadcrumb"},"inLanguage":"kur","potentialAction":[{"@type":"ReadAction","target":["https:\/\/shanabooks.de\/product\/ji-destpeka-diroke-ve-civaka-xwezayi-sebahattin-sumeli\/"]}]},{"@type":"ImageObject","inLanguage":"kur","@id":"https:\/\/shanabooks.de\/product\/ji-destpeka-diroke-ve-civaka-xwezayi-sebahattin-sumeli\/#primaryimage","url":"https:\/\/shanabooks.de\/wp-content\/uploads\/2024\/01\/Ji-Destpeka-Diroke-ve-dara.png","contentUrl":"https:\/\/shanabooks.de\/wp-content\/uploads\/2024\/01\/Ji-Destpeka-Diroke-ve-dara.png","width":296,"height":477,"caption":"ji Destp\u00eaka D\u00eerok\u00ea Ve Civaka Xwezay\u00ee - Sebahattin Sumeli - pirt\u00fbk\u00ean kurd\u00ee"},{"@type":"BreadcrumbList","@id":"https:\/\/shanabooks.de\/product\/ji-destpeka-diroke-ve-civaka-xwezayi-sebahattin-sumeli\/#breadcrumb","itemListElement":[{"@type":"ListItem","position":1,"name":"\u0627\u0644\u0631\u0626\u064a\u0633\u064a\u0629","item":"https:\/\/shanabooks.de\/kur\/"},{"@type":"ListItem","position":2,"name":"\u0627\u0644\u0645\u0646\u062a\u062c\u0627\u062a","item":"https:\/\/shanabooks.de\/shop\/"},{"@type":"ListItem","position":3,"name":"ji Destp\u00eaka D\u00eerok\u00ea Ve Civaka Xwezay\u00ee"}]},{"@type":"WebSite","@id":"https:\/\/shanabooks.de\/#website","url":"https:\/\/shanabooks.de\/","name":"www.shanbooks.de","description":"C\u00eehana Pirt\u00fbk\u00ean Kurd\u00ee \u0645\u0643\u062a\u0628\u0629 \u0634\u0627\u0646\u0627 \u0641\u064a \u0627\u0644\u0645\u0627\u0646\u064a\u0627 \u0648\u0623\u0648\u0631\u0628\u0627","publisher":{"@id":"https:\/\/shanabooks.de\/#organization"},"potentialAction":[{"@type":"SearchAction","target":{"@type":"EntryPoint","urlTemplate":"https:\/\/shanabooks.de\/?s={search_term_string}"},"query-input":{"@type":"PropertyValueSpecification","valueRequired":true,"valueName":"search_term_string"}}],"inLanguage":"kur"},{"@type":"Organization","@id":"https:\/\/shanabooks.de\/#organization","name":"www.shanbooks.de","url":"https:\/\/shanabooks.de\/","logo":{"@type":"ImageObject","inLanguage":"kur","@id":"https:\/\/shanabooks.de\/#\/schema\/logo\/image\/","url":"https:\/\/shanabooks.de\/wp-content\/uploads\/2024\/03\/SHANABOOKS__2_-removebg-preview.png","contentUrl":"https:\/\/shanabooks.de\/wp-content\/uploads\/2024\/03\/SHANABOOKS__2_-removebg-preview.png","width":700,"height":150,"caption":"www.shanbooks.de"},"image":{"@id":"https:\/\/shanabooks.de\/#\/schema\/logo\/image\/"}}]}},"jetpack_sharing_enabled":true,"_links":{"self":[{"href":"https:\/\/shanabooks.de\/kur\/wp-json\/wp\/v2\/product\/11710","targetHints":{"allow":["GET"]}}],"collection":[{"href":"https:\/\/shanabooks.de\/kur\/wp-json\/wp\/v2\/product"}],"about":[{"href":"https:\/\/shanabooks.de\/kur\/wp-json\/wp\/v2\/types\/product"}],"version-history":[{"count":2,"href":"https:\/\/shanabooks.de\/kur\/wp-json\/wp\/v2\/product\/11710\/revisions"}],"predecessor-version":[{"id":13896,"href":"https:\/\/shanabooks.de\/kur\/wp-json\/wp\/v2\/product\/11710\/revisions\/13896"}],"wp:featuredmedia":[{"embeddable":true,"href":"https:\/\/shanabooks.de\/kur\/wp-json\/wp\/v2\/media\/6544"}],"wp:attachment":[{"href":"https:\/\/shanabooks.de\/kur\/wp-json\/wp\/v2\/media?parent=11710"}],"wp:term":[{"taxonomy":"product_brand","embeddable":true,"href":"https:\/\/shanabooks.de\/kur\/wp-json\/wp\/v2\/product_brand?post=11710"},{"taxonomy":"product_cat","embeddable":true,"href":"https:\/\/shanabooks.de\/kur\/wp-json\/wp\/v2\/product_cat?post=11710"},{"taxonomy":"product_tag","embeddable":true,"href":"https:\/\/shanabooks.de\/kur\/wp-json\/wp\/v2\/product_tag?post=11710"}],"curies":[{"name":"wp","href":"https:\/\/api.w.org\/{rel}","templated":true}]}}