{"id":11831,"date":"2024-03-03T19:38:30","date_gmt":"2024-03-03T19:38:30","guid":{"rendered":"https:\/\/shanabooks.de\/?post_type=product&#038;p=11831"},"modified":"2025-12-30T22:31:28","modified_gmt":"2025-12-30T22:31:28","slug":"isev-u-ciroka-dawin-hesene-mete","status":"publish","type":"product","link":"https:\/\/shanabooks.de\/kur\/product\/isev-u-ciroka-dawin-hesene-mete\/","title":{"rendered":"\u00ce\u015fev \u00fb \u00c7\u00eeroka Daw\u00een"},"content":{"rendered":"<p dir=\"ltr\"><strong>\u00ce\u015fev \u00fb \u00c7\u00eeroka Daw\u00een &#8211; Hesen\u00ea Met\u00ea<\/strong><\/p>\n<p dir=\"ltr\">\u00ce\u015fev \u00fb \u00c7\u00eeroka Daw\u00een ya Hesen\u00ea Met\u00ea, ji \u00e7\u00eerok\u00ean kurt \u00fb &#8220;m\u00een\u00eemal&#8221; p\u00eak t\u00ean. Hesen\u00ea Met\u00ea v\u00ea car\u00ea ber\u00ea xwe dide cureyeke ku z\u00eade di \u00e7\u00eerokn\u00fbsiya kurd\u00ee de<br \/>\nnehatiye ceribandin. Li gor taybetiya \u00e7\u00eerok\u00ean m\u00een\u00eemal Met\u00ea, zimanek\u00ee raf\u00eene, naverokeke bi fikr \u00fb ramanan tije, halek\u00ee r\u00fbt \u00ea k\u00ealiyeke sade ya jiyan\u00ea derxistine p\u00ea\u015f \u00fb quncik\u00ea f\u00eenalan j\u00ee vala hi\u015ftiye da ku ji aliy\u00ea xwendevan ve b\u00ea dagirtin. Elbet Hesen\u00ea Met\u00ea, dest ji temay\u00ean xwe y\u00ean da\u00eem\u00ee bernedaye, l\u00ea temay\u00ean wek rew\u015fa jin \u00fb m\u00ear, edaleta Xwed\u00ea, xulq\u00ea jin\u00ea, hal\u00ean traj\u00eekom\u00eek \u00ean niv\u00eeskariy\u00ea, ezab\u00ea ev\u00een \u00fb jiyan\u00ea di nav v\u00ea curey\u00ea de digih\u00eene qonaxeke n\u00fb \u00fb xelekeke din li niv\u00eeskariya xwe z\u00eade dike.<\/p>\n","protected":false},"excerpt":{"rendered":"<p dir=\"ltr\" style=\"text-align: center\"><strong>Pirt\u00fbk: \u00ce\u015fev \u00fb \u00c7\u00eeroka Daw\u00een<br \/>\nNiv\u00eeskar: Hesen\u00ea Met\u00ea<\/strong><br \/>\n<strong>Cure: \u00c7\u00eerok<\/strong><\/p>\n","protected":false},"featured_media":11890,"template":"","meta":{"site-sidebar-layout":"default","site-content-layout":"","ast-site-content-layout":"default","site-content-style":"default","site-sidebar-style":"default","ast-global-header-display":"","ast-banner-title-visibility":"","ast-main-header-display":"","ast-hfb-above-header-display":"","ast-hfb-below-header-display":"","ast-hfb-mobile-header-display":"","site-post-title":"","ast-breadcrumbs-content":"","ast-featured-img":"","footer-sml-layout":"","ast-disable-related-posts":"","theme-transparent-header-meta":"default","adv-header-id-meta":"","stick-header-meta":"","header-above-stick-meta":"","header-main-stick-meta":"","header-below-stick-meta":"","astra-migrate-meta-layouts":"set","ast-page-background-enabled":"default","ast-page-background-meta":{"desktop":{"background-color":"","background-image":"","background-repeat":"repeat","background-position":"center center","background-size":"auto","background-attachment":"scroll","background-type":"","background-media":"","overlay-type":"","overlay-color":"","overlay-opacity":"","overlay-gradient":""},"tablet":{"background-color":"","background-image":"","background-repeat":"repeat","background-position":"center center","background-size":"auto","background-attachment":"scroll","background-type":"","background-media":"","overlay-type":"","overlay-color":"","overlay-opacity":"","overlay-gradient":""},"mobile":{"background-color":"","background-image":"","background-repeat":"repeat","background-position":"center center","background-size":"auto","background-attachment":"scroll","background-type":"","background-media":"","overlay-type":"","overlay-color":"","overlay-opacity":"","overlay-gradient":""}},"ast-content-background-meta":{"desktop":{"background-color":"var(--ast-global-color-5)","background-image":"","background-repeat":"repeat","background-position":"center center","background-size":"auto","background-attachment":"scroll","background-type":"","background-media":"","overlay-type":"","overlay-color":"","overlay-opacity":"","overlay-gradient":""},"tablet":{"background-color":"var(--ast-global-color-5)","background-image":"","background-repeat":"repeat","background-position":"center center","background-size":"auto","background-attachment":"scroll","background-type":"","background-media":"","overlay-type":"","overlay-color":"","overlay-opacity":"","overlay-gradient":""},"mobile":{"background-color":"var(--ast-global-color-5)","background-image":"","background-repeat":"repeat","background-position":"center center","background-size":"auto","background-attachment":"scroll","background-type":"","background-media":"","overlay-type":"","overlay-color":"","overlay-opacity":"","overlay-gradient":""}}},"product_brand":[],"product_cat":[183,193],"product_tag":[],"class_list":{"0":"post-11831","1":"product","2":"type-product","3":"status-publish","4":"has-post-thumbnail","6":"product_cat-_","7":"product_cat--_","8":"pa_-cirok","9":"pa_-hesene-mete","10":"pa_-kurmanci","11":"pa_--peywend-yayinlari","12":"desktop-align-left","13":"tablet-align-left","14":"mobile-align-left","16":"first","17":"outofstock","18":"shipping-taxable","19":"purchasable","20":"product-type-simple"},"yoast_head":"<!-- This site is optimized with the Yoast SEO plugin v27.4 - https:\/\/yoast.com\/product\/yoast-seo-wordpress\/ -->\n<title>\u00ce\u015fev \u00fb \u00c7\u00eeroka Daw\u00een - Hesen\u00ea Met\u00ea - www.shanabooks.de<\/title>\n<meta name=\"description\" content=\"\u00ce\u015fev \u00fb \u00c7\u00eeroka Daw\u00een - Hesen\u00ea Met\u00ea \u00ce\u015fev \u00fb \u00c7\u00eeroka Daw\u00een, ji \u00e7\u00eerok\u00ean kurt \u00fb &quot;m\u00een\u00eemal&quot; p\u00eak t\u00ean. Hesen\u00ea Met\u00ea v\u00ea car\u00ea ber\u00ea xwe dide cureyeke ku z\u00eade di \u00e7\u00eerokn\u00fb...\" \/>\n<meta name=\"robots\" content=\"index, follow, max-snippet:-1, max-image-preview:large, max-video-preview:-1\" \/>\n<link rel=\"canonical\" href=\"https:\/\/shanabooks.de\/product\/isev-u-ciroka-dawin-hesene-mete\/\" \/>\n<meta property=\"og:locale\" content=\"en_US\" \/>\n<meta property=\"og:type\" content=\"article\" \/>\n<meta property=\"og:title\" content=\"\u00ce\u015fev \u00fb \u00c7\u00eeroka Daw\u00een - Hesen\u00ea Met\u00ea - www.shanabooks.de\" \/>\n<meta property=\"og:description\" content=\"\u00ce\u015fev \u00fb \u00c7\u00eeroka Daw\u00een - Hesen\u00ea Met\u00ea \u00ce\u015fev \u00fb \u00c7\u00eeroka Daw\u00een, ji \u00e7\u00eerok\u00ean kurt \u00fb &quot;m\u00een\u00eemal&quot; p\u00eak t\u00ean. Hesen\u00ea Met\u00ea v\u00ea car\u00ea ber\u00ea xwe dide cureyeke ku z\u00eade di \u00e7\u00eerokn\u00fb...\" \/>\n<meta property=\"og:url\" content=\"https:\/\/shanabooks.de\/product\/isev-u-ciroka-dawin-hesene-mete\/\" \/>\n<meta property=\"og:site_name\" content=\"www.shanabooks.de\" \/>\n<meta property=\"article:modified_time\" content=\"2025-12-30T22:31:28+00:00\" \/>\n<meta property=\"og:image\" content=\"https:\/\/shanabooks.de\/wp-content\/uploads\/2024\/03\/Isev-u-Ciroka-Dawin.png\" \/>\n\t<meta property=\"og:image:width\" content=\"304\" \/>\n\t<meta property=\"og:image:height\" content=\"477\" \/>\n\t<meta property=\"og:image:type\" content=\"image\/png\" \/>\n<meta name=\"twitter:card\" content=\"summary_large_image\" \/>\n<meta name=\"twitter:label1\" content=\"Est. reading time\" \/>\n\t<meta name=\"twitter:data1\" content=\"2 minutes\" \/>\n<script type=\"application\/ld+json\" class=\"yoast-schema-graph\">{\"@context\":\"https:\\\/\\\/schema.org\",\"@graph\":[{\"@type\":\"WebPage\",\"@id\":\"https:\\\/\\\/shanabooks.de\\\/product\\\/isev-u-ciroka-dawin-hesene-mete\\\/\",\"url\":\"https:\\\/\\\/shanabooks.de\\\/product\\\/isev-u-ciroka-dawin-hesene-mete\\\/\",\"name\":\"\u00ce\u015fev \u00fb \u00c7\u00eeroka Daw\u00een - Hesen\u00ea Met\u00ea - www.shanabooks.de\",\"isPartOf\":{\"@id\":\"https:\\\/\\\/shanabooks.de\\\/#website\"},\"primaryImageOfPage\":{\"@id\":\"https:\\\/\\\/shanabooks.de\\\/product\\\/isev-u-ciroka-dawin-hesene-mete\\\/#primaryimage\"},\"image\":{\"@id\":\"https:\\\/\\\/shanabooks.de\\\/product\\\/isev-u-ciroka-dawin-hesene-mete\\\/#primaryimage\"},\"thumbnailUrl\":\"https:\\\/\\\/shanabooks.de\\\/wp-content\\\/uploads\\\/2024\\\/03\\\/Isev-u-Ciroka-Dawin.png\",\"datePublished\":\"2024-03-03T19:38:30+00:00\",\"dateModified\":\"2025-12-30T22:31:28+00:00\",\"description\":\"\u00ce\u015fev \u00fb \u00c7\u00eeroka Daw\u00een - Hesen\u00ea Met\u00ea \u00ce\u015fev \u00fb \u00c7\u00eeroka Daw\u00een, ji \u00e7\u00eerok\u00ean kurt \u00fb \\\"m\u00een\u00eemal\\\" p\u00eak t\u00ean. Hesen\u00ea Met\u00ea v\u00ea car\u00ea ber\u00ea xwe dide cureyeke ku z\u00eade di \u00e7\u00eerokn\u00fb...\",\"breadcrumb\":{\"@id\":\"https:\\\/\\\/shanabooks.de\\\/product\\\/isev-u-ciroka-dawin-hesene-mete\\\/#breadcrumb\"},\"inLanguage\":\"kur\",\"potentialAction\":[{\"@type\":\"ReadAction\",\"target\":[\"https:\\\/\\\/shanabooks.de\\\/product\\\/isev-u-ciroka-dawin-hesene-mete\\\/\"]}]},{\"@type\":\"ImageObject\",\"inLanguage\":\"kur\",\"@id\":\"https:\\\/\\\/shanabooks.de\\\/product\\\/isev-u-ciroka-dawin-hesene-mete\\\/#primaryimage\",\"url\":\"https:\\\/\\\/shanabooks.de\\\/wp-content\\\/uploads\\\/2024\\\/03\\\/Isev-u-Ciroka-Dawin.png\",\"contentUrl\":\"https:\\\/\\\/shanabooks.de\\\/wp-content\\\/uploads\\\/2024\\\/03\\\/Isev-u-Ciroka-Dawin.png\",\"width\":304,\"height\":477,\"caption\":\"\u00ce\u015fev \u00fb \u00c7\u00eeroka Daw\u00een - Hesen\u00ea Met\u00ea - pirt\u00fbk\u00ean kurd\u00ee\"},{\"@type\":\"BreadcrumbList\",\"@id\":\"https:\\\/\\\/shanabooks.de\\\/product\\\/isev-u-ciroka-dawin-hesene-mete\\\/#breadcrumb\",\"itemListElement\":[{\"@type\":\"ListItem\",\"position\":1,\"name\":\"\u0627\u0644\u0631\u0626\u064a\u0633\u064a\u0629\",\"item\":\"https:\\\/\\\/shanabooks.de\\\/kur\\\/\"},{\"@type\":\"ListItem\",\"position\":2,\"name\":\"\u0627\u0644\u0645\u0646\u062a\u062c\u0627\u062a\",\"item\":\"https:\\\/\\\/shanabooks.de\\\/shop\\\/\"},{\"@type\":\"ListItem\",\"position\":3,\"name\":\"\u00ce\u015fev \u00fb \u00c7\u00eeroka Daw\u00een\"}]},{\"@type\":\"WebSite\",\"@id\":\"https:\\\/\\\/shanabooks.de\\\/#website\",\"url\":\"https:\\\/\\\/shanabooks.de\\\/\",\"name\":\"www.shanbooks.de\",\"description\":\"C\u00eehana Pirt\u00fbk\u00ean Kurd\u00ee \u0645\u0643\u062a\u0628\u0629 \u0634\u0627\u0646\u0627 \u0641\u064a \u0627\u0644\u0645\u0627\u0646\u064a\u0627 \u0648\u0623\u0648\u0631\u0628\u0627\",\"publisher\":{\"@id\":\"https:\\\/\\\/shanabooks.de\\\/#organization\"},\"potentialAction\":[{\"@type\":\"SearchAction\",\"target\":{\"@type\":\"EntryPoint\",\"urlTemplate\":\"https:\\\/\\\/shanabooks.de\\\/?s={search_term_string}\"},\"query-input\":{\"@type\":\"PropertyValueSpecification\",\"valueRequired\":true,\"valueName\":\"search_term_string\"}}],\"inLanguage\":\"kur\"},{\"@type\":\"Organization\",\"@id\":\"https:\\\/\\\/shanabooks.de\\\/#organization\",\"name\":\"www.shanbooks.de\",\"url\":\"https:\\\/\\\/shanabooks.de\\\/\",\"logo\":{\"@type\":\"ImageObject\",\"inLanguage\":\"kur\",\"@id\":\"https:\\\/\\\/shanabooks.de\\\/#\\\/schema\\\/logo\\\/image\\\/\",\"url\":\"https:\\\/\\\/shanabooks.de\\\/wp-content\\\/uploads\\\/2024\\\/03\\\/SHANABOOKS__2_-removebg-preview.png\",\"contentUrl\":\"https:\\\/\\\/shanabooks.de\\\/wp-content\\\/uploads\\\/2024\\\/03\\\/SHANABOOKS__2_-removebg-preview.png\",\"width\":700,\"height\":150,\"caption\":\"www.shanbooks.de\"},\"image\":{\"@id\":\"https:\\\/\\\/shanabooks.de\\\/#\\\/schema\\\/logo\\\/image\\\/\"}}]}<\/script>\n<!-- \/ Yoast SEO plugin. -->","yoast_head_json":{"title":"\u00ce\u015fev \u00fb \u00c7\u00eeroka Daw\u00een - Hesen\u00ea Met\u00ea - www.shanabooks.de","description":"\u00ce\u015fev \u00fb \u00c7\u00eeroka Daw\u00een - Hesen\u00ea Met\u00ea \u00ce\u015fev \u00fb \u00c7\u00eeroka Daw\u00een, ji \u00e7\u00eerok\u00ean kurt \u00fb \"m\u00een\u00eemal\" p\u00eak t\u00ean. Hesen\u00ea Met\u00ea v\u00ea car\u00ea ber\u00ea xwe dide cureyeke ku z\u00eade di \u00e7\u00eerokn\u00fb...","robots":{"index":"index","follow":"follow","max-snippet":"max-snippet:-1","max-image-preview":"max-image-preview:large","max-video-preview":"max-video-preview:-1"},"canonical":"https:\/\/shanabooks.de\/product\/isev-u-ciroka-dawin-hesene-mete\/","og_locale":"en_US","og_type":"article","og_title":"\u00ce\u015fev \u00fb \u00c7\u00eeroka Daw\u00een - Hesen\u00ea Met\u00ea - www.shanabooks.de","og_description":"\u00ce\u015fev \u00fb \u00c7\u00eeroka Daw\u00een - Hesen\u00ea Met\u00ea \u00ce\u015fev \u00fb \u00c7\u00eeroka Daw\u00een, ji \u00e7\u00eerok\u00ean kurt \u00fb \"m\u00een\u00eemal\" p\u00eak t\u00ean. Hesen\u00ea Met\u00ea v\u00ea car\u00ea ber\u00ea xwe dide cureyeke ku z\u00eade di \u00e7\u00eerokn\u00fb...","og_url":"https:\/\/shanabooks.de\/product\/isev-u-ciroka-dawin-hesene-mete\/","og_site_name":"www.shanabooks.de","article_modified_time":"2025-12-30T22:31:28+00:00","og_image":[{"width":304,"height":477,"url":"https:\/\/shanabooks.de\/wp-content\/uploads\/2024\/03\/Isev-u-Ciroka-Dawin.png","type":"image\/png"}],"twitter_card":"summary_large_image","twitter_misc":{"Est. reading time":"2 minutes"},"schema":{"@context":"https:\/\/schema.org","@graph":[{"@type":"WebPage","@id":"https:\/\/shanabooks.de\/product\/isev-u-ciroka-dawin-hesene-mete\/","url":"https:\/\/shanabooks.de\/product\/isev-u-ciroka-dawin-hesene-mete\/","name":"\u00ce\u015fev \u00fb \u00c7\u00eeroka Daw\u00een - Hesen\u00ea Met\u00ea - www.shanabooks.de","isPartOf":{"@id":"https:\/\/shanabooks.de\/#website"},"primaryImageOfPage":{"@id":"https:\/\/shanabooks.de\/product\/isev-u-ciroka-dawin-hesene-mete\/#primaryimage"},"image":{"@id":"https:\/\/shanabooks.de\/product\/isev-u-ciroka-dawin-hesene-mete\/#primaryimage"},"thumbnailUrl":"https:\/\/shanabooks.de\/wp-content\/uploads\/2024\/03\/Isev-u-Ciroka-Dawin.png","datePublished":"2024-03-03T19:38:30+00:00","dateModified":"2025-12-30T22:31:28+00:00","description":"\u00ce\u015fev \u00fb \u00c7\u00eeroka Daw\u00een - Hesen\u00ea Met\u00ea \u00ce\u015fev \u00fb \u00c7\u00eeroka Daw\u00een, ji \u00e7\u00eerok\u00ean kurt \u00fb \"m\u00een\u00eemal\" p\u00eak t\u00ean. Hesen\u00ea Met\u00ea v\u00ea car\u00ea ber\u00ea xwe dide cureyeke ku z\u00eade di \u00e7\u00eerokn\u00fb...","breadcrumb":{"@id":"https:\/\/shanabooks.de\/product\/isev-u-ciroka-dawin-hesene-mete\/#breadcrumb"},"inLanguage":"kur","potentialAction":[{"@type":"ReadAction","target":["https:\/\/shanabooks.de\/product\/isev-u-ciroka-dawin-hesene-mete\/"]}]},{"@type":"ImageObject","inLanguage":"kur","@id":"https:\/\/shanabooks.de\/product\/isev-u-ciroka-dawin-hesene-mete\/#primaryimage","url":"https:\/\/shanabooks.de\/wp-content\/uploads\/2024\/03\/Isev-u-Ciroka-Dawin.png","contentUrl":"https:\/\/shanabooks.de\/wp-content\/uploads\/2024\/03\/Isev-u-Ciroka-Dawin.png","width":304,"height":477,"caption":"\u00ce\u015fev \u00fb \u00c7\u00eeroka Daw\u00een - Hesen\u00ea Met\u00ea - pirt\u00fbk\u00ean kurd\u00ee"},{"@type":"BreadcrumbList","@id":"https:\/\/shanabooks.de\/product\/isev-u-ciroka-dawin-hesene-mete\/#breadcrumb","itemListElement":[{"@type":"ListItem","position":1,"name":"\u0627\u0644\u0631\u0626\u064a\u0633\u064a\u0629","item":"https:\/\/shanabooks.de\/kur\/"},{"@type":"ListItem","position":2,"name":"\u0627\u0644\u0645\u0646\u062a\u062c\u0627\u062a","item":"https:\/\/shanabooks.de\/shop\/"},{"@type":"ListItem","position":3,"name":"\u00ce\u015fev \u00fb \u00c7\u00eeroka Daw\u00een"}]},{"@type":"WebSite","@id":"https:\/\/shanabooks.de\/#website","url":"https:\/\/shanabooks.de\/","name":"www.shanbooks.de","description":"C\u00eehana Pirt\u00fbk\u00ean Kurd\u00ee \u0645\u0643\u062a\u0628\u0629 \u0634\u0627\u0646\u0627 \u0641\u064a \u0627\u0644\u0645\u0627\u0646\u064a\u0627 \u0648\u0623\u0648\u0631\u0628\u0627","publisher":{"@id":"https:\/\/shanabooks.de\/#organization"},"potentialAction":[{"@type":"SearchAction","target":{"@type":"EntryPoint","urlTemplate":"https:\/\/shanabooks.de\/?s={search_term_string}"},"query-input":{"@type":"PropertyValueSpecification","valueRequired":true,"valueName":"search_term_string"}}],"inLanguage":"kur"},{"@type":"Organization","@id":"https:\/\/shanabooks.de\/#organization","name":"www.shanbooks.de","url":"https:\/\/shanabooks.de\/","logo":{"@type":"ImageObject","inLanguage":"kur","@id":"https:\/\/shanabooks.de\/#\/schema\/logo\/image\/","url":"https:\/\/shanabooks.de\/wp-content\/uploads\/2024\/03\/SHANABOOKS__2_-removebg-preview.png","contentUrl":"https:\/\/shanabooks.de\/wp-content\/uploads\/2024\/03\/SHANABOOKS__2_-removebg-preview.png","width":700,"height":150,"caption":"www.shanbooks.de"},"image":{"@id":"https:\/\/shanabooks.de\/#\/schema\/logo\/image\/"}}]}},"jetpack_sharing_enabled":true,"_links":{"self":[{"href":"https:\/\/shanabooks.de\/kur\/wp-json\/wp\/v2\/product\/11831","targetHints":{"allow":["GET"]}}],"collection":[{"href":"https:\/\/shanabooks.de\/kur\/wp-json\/wp\/v2\/product"}],"about":[{"href":"https:\/\/shanabooks.de\/kur\/wp-json\/wp\/v2\/types\/product"}],"version-history":[{"count":3,"href":"https:\/\/shanabooks.de\/kur\/wp-json\/wp\/v2\/product\/11831\/revisions"}],"predecessor-version":[{"id":19972,"href":"https:\/\/shanabooks.de\/kur\/wp-json\/wp\/v2\/product\/11831\/revisions\/19972"}],"wp:featuredmedia":[{"embeddable":true,"href":"https:\/\/shanabooks.de\/kur\/wp-json\/wp\/v2\/media\/11890"}],"wp:attachment":[{"href":"https:\/\/shanabooks.de\/kur\/wp-json\/wp\/v2\/media?parent=11831"}],"wp:term":[{"taxonomy":"product_brand","embeddable":true,"href":"https:\/\/shanabooks.de\/kur\/wp-json\/wp\/v2\/product_brand?post=11831"},{"taxonomy":"product_cat","embeddable":true,"href":"https:\/\/shanabooks.de\/kur\/wp-json\/wp\/v2\/product_cat?post=11831"},{"taxonomy":"product_tag","embeddable":true,"href":"https:\/\/shanabooks.de\/kur\/wp-json\/wp\/v2\/product_tag?post=11831"}],"curies":[{"name":"wp","href":"https:\/\/api.w.org\/{rel}","templated":true}]}}