{"id":11922,"date":"2024-03-03T19:39:17","date_gmt":"2024-03-03T19:39:17","guid":{"rendered":"https:\/\/shanabooks.de\/?post_type=product&#038;p=11922"},"modified":"2026-01-01T19:33:03","modified_gmt":"2026-01-01T19:33:03","slug":"qewle-newala-sisebane","status":"publish","type":"product","link":"https:\/\/shanabooks.de\/kur\/product\/qewle-newala-sisebane\/","title":{"rendered":"Qewl\u00ea Newala S\u00eeseban\u00ea"},"content":{"rendered":"<p dir=\"ltr\"><strong>Qewl\u00ea Newala S\u00eeseban\u00ea\u00a0<\/strong><\/p>\n<p dir=\"ltr\">\u201cQewl\u00ea Newala S\u00eeseban\u00ea\u201d ji aliy\u00ea Ahmet Demir ve hatiye amadekirin \u00fb we\u015fandin. Demir gotiye \u201cEv destan li nav kurdan gelek belavb\u00fby\u00ee ye ku mamostey\u00ea mezin Bed\u00eeuzzeman Se\u00eed\u00ea Kurd\u00ee\/N\u00fbrs\u00ee, di Kulliyata R\u00eesaley\u00ean N\u00fb de qala v\u00ea destan\u00ea kiriye \u00fb pesna \u015f\u00eawaza helbestiya w\u00ea daye. \u00c7\u00eaker\u00ea d\u00eemax \u00fb j\u00eertiy\u00ea, ewqas \u015fikl\u00ea helbesta Qewl\u00ea Newala S\u00eeseban\u00ea diecib\u00eene ku, kit\u00eaba xwe ya nav bi Lemaat di \u015fikl\u00ea nezma v\u00ea destan\u00ea de dih\u00fbne.\u201d Li ser v\u00ea yek\u00ea Demir j\u00ee meraqa v\u00ea destan\u00ea kiriye \u00fb ew ji bo \u00e7ap\u00ea amade kiriye.<br \/>\nAmadekar \u00fb T\u00eepguh\u00eaz: Ahmet Demir<\/p>\n<p dir=\"ltr\">\n","protected":false},"excerpt":{"rendered":"<p dir=\"ltr\" style=\"text-align: center;\"><strong>Pirt\u00fbk: Qewl\u00ea Newala S\u00eeseban\u00ea<\/strong><br \/>\n<strong>Amadekar \u00fb T\u00eepguh\u00eaz: Ahmet Demir<\/strong><br \/>\n<strong>Cure: Klas\u00eek\u00ean Kurd\u00ee<\/strong><\/p>\n","protected":false},"featured_media":11987,"template":"","meta":{"site-sidebar-layout":"default","site-content-layout":"","ast-site-content-layout":"default","site-content-style":"default","site-sidebar-style":"default","ast-global-header-display":"","ast-banner-title-visibility":"","ast-main-header-display":"","ast-hfb-above-header-display":"","ast-hfb-below-header-display":"","ast-hfb-mobile-header-display":"","site-post-title":"","ast-breadcrumbs-content":"","ast-featured-img":"","footer-sml-layout":"","ast-disable-related-posts":"","theme-transparent-header-meta":"default","adv-header-id-meta":"","stick-header-meta":"","header-above-stick-meta":"","header-main-stick-meta":"","header-below-stick-meta":"","astra-migrate-meta-layouts":"set","ast-page-background-enabled":"default","ast-page-background-meta":{"desktop":{"background-color":"","background-image":"","background-repeat":"repeat","background-position":"center center","background-size":"auto","background-attachment":"scroll","background-type":"","background-media":"","overlay-type":"","overlay-color":"","overlay-opacity":"","overlay-gradient":""},"tablet":{"background-color":"","background-image":"","background-repeat":"repeat","background-position":"center center","background-size":"auto","background-attachment":"scroll","background-type":"","background-media":"","overlay-type":"","overlay-color":"","overlay-opacity":"","overlay-gradient":""},"mobile":{"background-color":"","background-image":"","background-repeat":"repeat","background-position":"center center","background-size":"auto","background-attachment":"scroll","background-type":"","background-media":"","overlay-type":"","overlay-color":"","overlay-opacity":"","overlay-gradient":""}},"ast-content-background-meta":{"desktop":{"background-color":"var(--ast-global-color-5)","background-image":"","background-repeat":"repeat","background-position":"center center","background-size":"auto","background-attachment":"scroll","background-type":"","background-media":"","overlay-type":"","overlay-color":"","overlay-opacity":"","overlay-gradient":""},"tablet":{"background-color":"var(--ast-global-color-5)","background-image":"","background-repeat":"repeat","background-position":"center center","background-size":"auto","background-attachment":"scroll","background-type":"","background-media":"","overlay-type":"","overlay-color":"","overlay-opacity":"","overlay-gradient":""},"mobile":{"background-color":"var(--ast-global-color-5)","background-image":"","background-repeat":"repeat","background-position":"center center","background-size":"auto","background-attachment":"scroll","background-type":"","background-media":"","overlay-type":"","overlay-color":"","overlay-opacity":"","overlay-gradient":""}}},"product_brand":[],"product_cat":[181,193],"product_tag":[],"class_list":{"0":"post-11922","1":"product","2":"type-product","3":"status-publish","4":"has-post-thumbnail","6":"product_cat--_","8":"pa_-helbest","9":"pa_-klasiken-kurdi","10":"pa_-ahmet-demir","11":"pa_-kurmanci","12":"pa_--nubihar","13":"desktop-align-left","14":"tablet-align-left","15":"mobile-align-left","17":"first","18":"instock","19":"shipping-taxable","20":"purchasable","21":"product-type-simple"},"yoast_head":"<!-- This site is optimized with the Yoast SEO plugin v27.4 - https:\/\/yoast.com\/product\/yoast-seo-wordpress\/ -->\n<title>Qewl\u00ea Newala S\u00eeseban\u00ea - www.shanabooks.de<\/title>\n<meta name=\"description\" content=\"Qewl\u00ea Newala S\u00eeseban\u00ea\u00a0\u201cQewl\u00ea Newala S\u00eeseban\u00ea\u201d ji aliy\u00ea Ahmet Demir ve hatiye amadekirin \u00fb we\u015fandin. Demir gotiye \u201cEv destan li nav kurdan gelek belav...\" \/>\n<meta name=\"robots\" content=\"index, follow, max-snippet:-1, max-image-preview:large, max-video-preview:-1\" \/>\n<link rel=\"canonical\" href=\"https:\/\/shanabooks.de\/product\/qewle-newala-sisebane\/\" \/>\n<meta property=\"og:locale\" content=\"en_US\" \/>\n<meta property=\"og:type\" content=\"article\" \/>\n<meta property=\"og:title\" content=\"Qewl\u00ea Newala S\u00eeseban\u00ea - www.shanabooks.de\" \/>\n<meta property=\"og:description\" content=\"Qewl\u00ea Newala S\u00eeseban\u00ea\u00a0\u201cQewl\u00ea Newala S\u00eeseban\u00ea\u201d ji aliy\u00ea Ahmet Demir ve hatiye amadekirin \u00fb we\u015fandin. Demir gotiye \u201cEv destan li nav kurdan gelek belav...\" \/>\n<meta property=\"og:url\" content=\"https:\/\/shanabooks.de\/product\/qewle-newala-sisebane\/\" \/>\n<meta property=\"og:site_name\" content=\"www.shanabooks.de\" \/>\n<meta property=\"article:modified_time\" content=\"2026-01-01T19:33:03+00:00\" \/>\n<meta property=\"og:image\" content=\"https:\/\/shanabooks.de\/wp-content\/uploads\/2024\/03\/Qewle-Newala-Lisebane-1.png\" \/>\n\t<meta property=\"og:image:width\" content=\"316\" \/>\n\t<meta property=\"og:image:height\" content=\"477\" \/>\n\t<meta property=\"og:image:type\" content=\"image\/png\" \/>\n<meta name=\"twitter:card\" content=\"summary_large_image\" \/>\n<meta name=\"twitter:label1\" content=\"Est. reading time\" \/>\n\t<meta name=\"twitter:data1\" content=\"1 minute\" \/>\n<script type=\"application\/ld+json\" class=\"yoast-schema-graph\">{\"@context\":\"https:\\\/\\\/schema.org\",\"@graph\":[{\"@type\":\"WebPage\",\"@id\":\"https:\\\/\\\/shanabooks.de\\\/product\\\/qewle-newala-sisebane\\\/\",\"url\":\"https:\\\/\\\/shanabooks.de\\\/product\\\/qewle-newala-sisebane\\\/\",\"name\":\"Qewl\u00ea Newala S\u00eeseban\u00ea - www.shanabooks.de\",\"isPartOf\":{\"@id\":\"https:\\\/\\\/shanabooks.de\\\/#website\"},\"primaryImageOfPage\":{\"@id\":\"https:\\\/\\\/shanabooks.de\\\/product\\\/qewle-newala-sisebane\\\/#primaryimage\"},\"image\":{\"@id\":\"https:\\\/\\\/shanabooks.de\\\/product\\\/qewle-newala-sisebane\\\/#primaryimage\"},\"thumbnailUrl\":\"https:\\\/\\\/shanabooks.de\\\/wp-content\\\/uploads\\\/2024\\\/03\\\/Qewle-Newala-Lisebane-1.png\",\"datePublished\":\"2024-03-03T19:39:17+00:00\",\"dateModified\":\"2026-01-01T19:33:03+00:00\",\"description\":\"Qewl\u00ea Newala S\u00eeseban\u00ea\u00a0\u201cQewl\u00ea Newala S\u00eeseban\u00ea\u201d ji aliy\u00ea Ahmet Demir ve hatiye amadekirin \u00fb we\u015fandin. Demir gotiye \u201cEv destan li nav kurdan gelek belav...\",\"breadcrumb\":{\"@id\":\"https:\\\/\\\/shanabooks.de\\\/product\\\/qewle-newala-sisebane\\\/#breadcrumb\"},\"inLanguage\":\"kur\",\"potentialAction\":[{\"@type\":\"ReadAction\",\"target\":[\"https:\\\/\\\/shanabooks.de\\\/product\\\/qewle-newala-sisebane\\\/\"]}]},{\"@type\":\"ImageObject\",\"inLanguage\":\"kur\",\"@id\":\"https:\\\/\\\/shanabooks.de\\\/product\\\/qewle-newala-sisebane\\\/#primaryimage\",\"url\":\"https:\\\/\\\/shanabooks.de\\\/wp-content\\\/uploads\\\/2024\\\/03\\\/Qewle-Newala-Lisebane-1.png\",\"contentUrl\":\"https:\\\/\\\/shanabooks.de\\\/wp-content\\\/uploads\\\/2024\\\/03\\\/Qewle-Newala-Lisebane-1.png\",\"width\":316,\"height\":477,\"caption\":\"Qewl\u00ea Newala S\u00eeseban\u00ea\u00a0- pirt\u00fbk\u00ean kurd\u00ee - klas\u00ee\u00ea\"},{\"@type\":\"BreadcrumbList\",\"@id\":\"https:\\\/\\\/shanabooks.de\\\/product\\\/qewle-newala-sisebane\\\/#breadcrumb\",\"itemListElement\":[{\"@type\":\"ListItem\",\"position\":1,\"name\":\"\u0627\u0644\u0631\u0626\u064a\u0633\u064a\u0629\",\"item\":\"https:\\\/\\\/shanabooks.de\\\/kur\\\/\"},{\"@type\":\"ListItem\",\"position\":2,\"name\":\"\u0627\u0644\u0645\u0646\u062a\u062c\u0627\u062a\",\"item\":\"https:\\\/\\\/shanabooks.de\\\/shop\\\/\"},{\"@type\":\"ListItem\",\"position\":3,\"name\":\"Qewl\u00ea Newala S\u00eeseban\u00ea\"}]},{\"@type\":\"WebSite\",\"@id\":\"https:\\\/\\\/shanabooks.de\\\/#website\",\"url\":\"https:\\\/\\\/shanabooks.de\\\/\",\"name\":\"www.shanbooks.de\",\"description\":\"C\u00eehana Pirt\u00fbk\u00ean Kurd\u00ee \u0645\u0643\u062a\u0628\u0629 \u0634\u0627\u0646\u0627 \u0641\u064a \u0627\u0644\u0645\u0627\u0646\u064a\u0627 \u0648\u0623\u0648\u0631\u0628\u0627\",\"publisher\":{\"@id\":\"https:\\\/\\\/shanabooks.de\\\/#organization\"},\"potentialAction\":[{\"@type\":\"SearchAction\",\"target\":{\"@type\":\"EntryPoint\",\"urlTemplate\":\"https:\\\/\\\/shanabooks.de\\\/?s={search_term_string}\"},\"query-input\":{\"@type\":\"PropertyValueSpecification\",\"valueRequired\":true,\"valueName\":\"search_term_string\"}}],\"inLanguage\":\"kur\"},{\"@type\":\"Organization\",\"@id\":\"https:\\\/\\\/shanabooks.de\\\/#organization\",\"name\":\"www.shanbooks.de\",\"url\":\"https:\\\/\\\/shanabooks.de\\\/\",\"logo\":{\"@type\":\"ImageObject\",\"inLanguage\":\"kur\",\"@id\":\"https:\\\/\\\/shanabooks.de\\\/#\\\/schema\\\/logo\\\/image\\\/\",\"url\":\"https:\\\/\\\/shanabooks.de\\\/wp-content\\\/uploads\\\/2024\\\/03\\\/SHANABOOKS__2_-removebg-preview.png\",\"contentUrl\":\"https:\\\/\\\/shanabooks.de\\\/wp-content\\\/uploads\\\/2024\\\/03\\\/SHANABOOKS__2_-removebg-preview.png\",\"width\":700,\"height\":150,\"caption\":\"www.shanbooks.de\"},\"image\":{\"@id\":\"https:\\\/\\\/shanabooks.de\\\/#\\\/schema\\\/logo\\\/image\\\/\"}}]}<\/script>\n<!-- \/ Yoast SEO plugin. -->","yoast_head_json":{"title":"Qewl\u00ea Newala S\u00eeseban\u00ea - www.shanabooks.de","description":"Qewl\u00ea Newala S\u00eeseban\u00ea\u00a0\u201cQewl\u00ea Newala S\u00eeseban\u00ea\u201d ji aliy\u00ea Ahmet Demir ve hatiye amadekirin \u00fb we\u015fandin. Demir gotiye \u201cEv destan li nav kurdan gelek belav...","robots":{"index":"index","follow":"follow","max-snippet":"max-snippet:-1","max-image-preview":"max-image-preview:large","max-video-preview":"max-video-preview:-1"},"canonical":"https:\/\/shanabooks.de\/product\/qewle-newala-sisebane\/","og_locale":"en_US","og_type":"article","og_title":"Qewl\u00ea Newala S\u00eeseban\u00ea - www.shanabooks.de","og_description":"Qewl\u00ea Newala S\u00eeseban\u00ea\u00a0\u201cQewl\u00ea Newala S\u00eeseban\u00ea\u201d ji aliy\u00ea Ahmet Demir ve hatiye amadekirin \u00fb we\u015fandin. Demir gotiye \u201cEv destan li nav kurdan gelek belav...","og_url":"https:\/\/shanabooks.de\/product\/qewle-newala-sisebane\/","og_site_name":"www.shanabooks.de","article_modified_time":"2026-01-01T19:33:03+00:00","og_image":[{"width":316,"height":477,"url":"https:\/\/shanabooks.de\/wp-content\/uploads\/2024\/03\/Qewle-Newala-Lisebane-1.png","type":"image\/png"}],"twitter_card":"summary_large_image","twitter_misc":{"Est. reading time":"1 minute"},"schema":{"@context":"https:\/\/schema.org","@graph":[{"@type":"WebPage","@id":"https:\/\/shanabooks.de\/product\/qewle-newala-sisebane\/","url":"https:\/\/shanabooks.de\/product\/qewle-newala-sisebane\/","name":"Qewl\u00ea Newala S\u00eeseban\u00ea - www.shanabooks.de","isPartOf":{"@id":"https:\/\/shanabooks.de\/#website"},"primaryImageOfPage":{"@id":"https:\/\/shanabooks.de\/product\/qewle-newala-sisebane\/#primaryimage"},"image":{"@id":"https:\/\/shanabooks.de\/product\/qewle-newala-sisebane\/#primaryimage"},"thumbnailUrl":"https:\/\/shanabooks.de\/wp-content\/uploads\/2024\/03\/Qewle-Newala-Lisebane-1.png","datePublished":"2024-03-03T19:39:17+00:00","dateModified":"2026-01-01T19:33:03+00:00","description":"Qewl\u00ea Newala S\u00eeseban\u00ea\u00a0\u201cQewl\u00ea Newala S\u00eeseban\u00ea\u201d ji aliy\u00ea Ahmet Demir ve hatiye amadekirin \u00fb we\u015fandin. Demir gotiye \u201cEv destan li nav kurdan gelek belav...","breadcrumb":{"@id":"https:\/\/shanabooks.de\/product\/qewle-newala-sisebane\/#breadcrumb"},"inLanguage":"kur","potentialAction":[{"@type":"ReadAction","target":["https:\/\/shanabooks.de\/product\/qewle-newala-sisebane\/"]}]},{"@type":"ImageObject","inLanguage":"kur","@id":"https:\/\/shanabooks.de\/product\/qewle-newala-sisebane\/#primaryimage","url":"https:\/\/shanabooks.de\/wp-content\/uploads\/2024\/03\/Qewle-Newala-Lisebane-1.png","contentUrl":"https:\/\/shanabooks.de\/wp-content\/uploads\/2024\/03\/Qewle-Newala-Lisebane-1.png","width":316,"height":477,"caption":"Qewl\u00ea Newala S\u00eeseban\u00ea\u00a0- pirt\u00fbk\u00ean kurd\u00ee - klas\u00ee\u00ea"},{"@type":"BreadcrumbList","@id":"https:\/\/shanabooks.de\/product\/qewle-newala-sisebane\/#breadcrumb","itemListElement":[{"@type":"ListItem","position":1,"name":"\u0627\u0644\u0631\u0626\u064a\u0633\u064a\u0629","item":"https:\/\/shanabooks.de\/kur\/"},{"@type":"ListItem","position":2,"name":"\u0627\u0644\u0645\u0646\u062a\u062c\u0627\u062a","item":"https:\/\/shanabooks.de\/shop\/"},{"@type":"ListItem","position":3,"name":"Qewl\u00ea Newala S\u00eeseban\u00ea"}]},{"@type":"WebSite","@id":"https:\/\/shanabooks.de\/#website","url":"https:\/\/shanabooks.de\/","name":"www.shanbooks.de","description":"C\u00eehana Pirt\u00fbk\u00ean Kurd\u00ee \u0645\u0643\u062a\u0628\u0629 \u0634\u0627\u0646\u0627 \u0641\u064a \u0627\u0644\u0645\u0627\u0646\u064a\u0627 \u0648\u0623\u0648\u0631\u0628\u0627","publisher":{"@id":"https:\/\/shanabooks.de\/#organization"},"potentialAction":[{"@type":"SearchAction","target":{"@type":"EntryPoint","urlTemplate":"https:\/\/shanabooks.de\/?s={search_term_string}"},"query-input":{"@type":"PropertyValueSpecification","valueRequired":true,"valueName":"search_term_string"}}],"inLanguage":"kur"},{"@type":"Organization","@id":"https:\/\/shanabooks.de\/#organization","name":"www.shanbooks.de","url":"https:\/\/shanabooks.de\/","logo":{"@type":"ImageObject","inLanguage":"kur","@id":"https:\/\/shanabooks.de\/#\/schema\/logo\/image\/","url":"https:\/\/shanabooks.de\/wp-content\/uploads\/2024\/03\/SHANABOOKS__2_-removebg-preview.png","contentUrl":"https:\/\/shanabooks.de\/wp-content\/uploads\/2024\/03\/SHANABOOKS__2_-removebg-preview.png","width":700,"height":150,"caption":"www.shanbooks.de"},"image":{"@id":"https:\/\/shanabooks.de\/#\/schema\/logo\/image\/"}}]}},"jetpack_sharing_enabled":true,"_links":{"self":[{"href":"https:\/\/shanabooks.de\/kur\/wp-json\/wp\/v2\/product\/11922","targetHints":{"allow":["GET"]}}],"collection":[{"href":"https:\/\/shanabooks.de\/kur\/wp-json\/wp\/v2\/product"}],"about":[{"href":"https:\/\/shanabooks.de\/kur\/wp-json\/wp\/v2\/types\/product"}],"version-history":[{"count":3,"href":"https:\/\/shanabooks.de\/kur\/wp-json\/wp\/v2\/product\/11922\/revisions"}],"predecessor-version":[{"id":23199,"href":"https:\/\/shanabooks.de\/kur\/wp-json\/wp\/v2\/product\/11922\/revisions\/23199"}],"wp:featuredmedia":[{"embeddable":true,"href":"https:\/\/shanabooks.de\/kur\/wp-json\/wp\/v2\/media\/11987"}],"wp:attachment":[{"href":"https:\/\/shanabooks.de\/kur\/wp-json\/wp\/v2\/media?parent=11922"}],"wp:term":[{"taxonomy":"product_brand","embeddable":true,"href":"https:\/\/shanabooks.de\/kur\/wp-json\/wp\/v2\/product_brand?post=11922"},{"taxonomy":"product_cat","embeddable":true,"href":"https:\/\/shanabooks.de\/kur\/wp-json\/wp\/v2\/product_cat?post=11922"},{"taxonomy":"product_tag","embeddable":true,"href":"https:\/\/shanabooks.de\/kur\/wp-json\/wp\/v2\/product_tag?post=11922"}],"curies":[{"name":"wp","href":"https:\/\/api.w.org\/{rel}","templated":true}]}}