{"id":12017,"date":"2024-03-03T19:40:02","date_gmt":"2024-03-03T19:40:02","guid":{"rendered":"https:\/\/shanabooks.de\/?post_type=product&#038;p=12017"},"modified":"2026-01-01T16:52:06","modified_gmt":"2026-01-01T16:52:06","slug":"alfabeya-kurdi-bi-tipen-erebi-amed-ceko-jiyan","status":"publish","type":"product","link":"https:\/\/shanabooks.de\/kur\/product\/alfabeya-kurdi-bi-tipen-erebi-amed-ceko-jiyan\/","title":{"rendered":"Alfabeya kurd\u00ee bi t\u00eep\u00ean Ereb\u00ee"},"content":{"rendered":"<p dir=\"ltr\"><strong>Alfabeya kurd\u00ee bi t\u00eep\u00ean Ereb\u00ee &#8211; Amed \u00c7eko Jiyan<\/strong><\/p>\n<div>\n<div>\n<div dir=\"ltr\">T\u00eep\u00ean alfabeya Kurd\u00ee ya bi t\u00eep\u00ean Ereb\u00ee bi tena ser\u00ea xwe sembol in ango wek\u00ee t\u00eep\u00ean alfabeya Kurd\u00ee ya bi t\u00eep\u00ean Lat\u00een\u00ee bi al\u00eekariya t\u00eep\u00ean dengd\u00ear t\u00ean xwendin ango dibin deng. Cudahiya di navbera t\u00eep\u00ean Kurd\u00ee y\u00ean Lat\u00een\u00ee \u00fb y\u00ean Ereb\u00ee ew e ku \u015fikl\u00ea t\u00eep\u00ean alfabeya Kurd\u00ee ya bi t\u00eep\u00ean Ereb\u00ee di nava peyv\u00ea de diguherin. Hin t\u00eep her tim wek\u00ee xwe t\u00ean niv\u00eesandin l\u00ea hin t\u00eep j\u00ee li ser\u00ea peyv\u00ea, li nava peyv\u00ea \u00fb li dawiya peyv\u00ea cuda t\u00ean niv\u00eesandin. Di v\u00ea alfabeye de t\u00eep\u00ean h\u00fbrdek \u00fb t\u00eep\u00ean girdek tune ne. Ev berhem ji bo Kes\u00ean ku bixwazin Alfabeya Kurd\u00ee ya Ereb\u00ee h\u00een bibin hatiye amadekirin. Pirt\u00fbka Alfabeya kurd\u00ee bi t\u00eep\u00ean Ereb\u00ee ya Amed \u00c7eko Jiyan him Ereb\u00ee \u00fb Him j\u00ee lat\u00een\u00ee ye.<\/div>\n<div dir=\"ltr\"><\/div>\n<\/div>\n<div><\/div>\n<\/div>\n<div><\/div>\n","protected":false},"excerpt":{"rendered":"<p dir=\"ltr\" style=\"text-align: center;\"><strong>Pirt\u00fbk: Alfabeya kurd\u00ee bi t\u00eep\u00ean Ereb\u00ee<br \/>\nNiv\u00eeskar: Amed \u00c7eko Jiyan<\/strong><br \/>\n<strong>Cure: Perwerdeh\u00ee<\/strong><\/p>\n","protected":false},"featured_media":11682,"template":"","meta":{"site-sidebar-layout":"default","site-content-layout":"","ast-site-content-layout":"default","site-content-style":"default","site-sidebar-style":"default","ast-global-header-display":"","ast-banner-title-visibility":"","ast-main-header-display":"","ast-hfb-above-header-display":"","ast-hfb-below-header-display":"","ast-hfb-mobile-header-display":"","site-post-title":"","ast-breadcrumbs-content":"","ast-featured-img":"","footer-sml-layout":"","ast-disable-related-posts":"","theme-transparent-header-meta":"default","adv-header-id-meta":"","stick-header-meta":"","header-above-stick-meta":"","header-main-stick-meta":"","header-below-stick-meta":"","astra-migrate-meta-layouts":"set","ast-page-background-enabled":"default","ast-page-background-meta":{"desktop":{"background-color":"","background-image":"","background-repeat":"repeat","background-position":"center center","background-size":"auto","background-attachment":"scroll","background-type":"","background-media":"","overlay-type":"","overlay-color":"","overlay-opacity":"","overlay-gradient":""},"tablet":{"background-color":"","background-image":"","background-repeat":"repeat","background-position":"center center","background-size":"auto","background-attachment":"scroll","background-type":"","background-media":"","overlay-type":"","overlay-color":"","overlay-opacity":"","overlay-gradient":""},"mobile":{"background-color":"","background-image":"","background-repeat":"repeat","background-position":"center center","background-size":"auto","background-attachment":"scroll","background-type":"","background-media":"","overlay-type":"","overlay-color":"","overlay-opacity":"","overlay-gradient":""}},"ast-content-background-meta":{"desktop":{"background-color":"var(--ast-global-color-5)","background-image":"","background-repeat":"repeat","background-position":"center center","background-size":"auto","background-attachment":"scroll","background-type":"","background-media":"","overlay-type":"","overlay-color":"","overlay-opacity":"","overlay-gradient":""},"tablet":{"background-color":"var(--ast-global-color-5)","background-image":"","background-repeat":"repeat","background-position":"center center","background-size":"auto","background-attachment":"scroll","background-type":"","background-media":"","overlay-type":"","overlay-color":"","overlay-opacity":"","overlay-gradient":""},"mobile":{"background-color":"var(--ast-global-color-5)","background-image":"","background-repeat":"repeat","background-position":"center center","background-size":"auto","background-attachment":"scroll","background-type":"","background-media":"","overlay-type":"","overlay-color":"","overlay-opacity":"","overlay-gradient":""}}},"product_brand":[],"product_cat":[178,193],"product_tag":[],"class_list":{"0":"post-12017","1":"product","2":"type-product","3":"status-publish","4":"has-post-thumbnail","6":"product_cat--_","8":"pa_-ferbuna-kurdi","9":"pa_-zarok","10":"pa_-amed-ceko-jiyan","11":"pa_-kurmanci","12":"pa_--dara-yayinlari","13":"desktop-align-left","14":"tablet-align-left","15":"mobile-align-left","17":"first","18":"outofstock","19":"shipping-taxable","20":"purchasable","21":"product-type-simple"},"yoast_head":"<!-- This site is optimized with the Yoast SEO plugin v27.5 - https:\/\/yoast.com\/product\/yoast-seo-wordpress\/ -->\n<title>Alfabeya kurd\u00ee bi t\u00eep\u00ean Ereb\u00ee - Amed \u00c7eko Jiyan - www.shanabooks.de<\/title>\n<meta name=\"description\" content=\"Alfabeya kurd\u00ee bi t\u00eep\u00ean Ereb\u00ee - Amed \u00c7eko Jiyan T\u00eep\u00ean alfabeya Kurd\u00ee ya bi t\u00eep\u00ean Ereb\u00ee bi tena ser\u00ea xwe sembol in ango wek\u00ee t\u00eep\u00ean alfabeya Kurd\u00ee ya bi ...\" \/>\n<meta name=\"robots\" content=\"index, follow, max-snippet:-1, max-image-preview:large, max-video-preview:-1\" \/>\n<link rel=\"canonical\" href=\"https:\/\/shanabooks.de\/product\/alfabeya-kurdi-bi-tipen-erebi-amed-ceko-jiyan\/\" \/>\n<meta property=\"og:locale\" content=\"en_US\" \/>\n<meta property=\"og:type\" content=\"article\" \/>\n<meta property=\"og:title\" content=\"Alfabeya kurd\u00ee bi t\u00eep\u00ean Ereb\u00ee - Amed \u00c7eko Jiyan - www.shanabooks.de\" \/>\n<meta property=\"og:description\" content=\"Alfabeya kurd\u00ee bi t\u00eep\u00ean Ereb\u00ee - Amed \u00c7eko Jiyan T\u00eep\u00ean alfabeya Kurd\u00ee ya bi t\u00eep\u00ean Ereb\u00ee bi tena ser\u00ea xwe sembol in ango wek\u00ee t\u00eep\u00ean alfabeya Kurd\u00ee ya bi ...\" \/>\n<meta property=\"og:url\" content=\"https:\/\/shanabooks.de\/product\/alfabeya-kurdi-bi-tipen-erebi-amed-ceko-jiyan\/\" \/>\n<meta property=\"og:site_name\" content=\"www.shanabooks.de\" \/>\n<meta property=\"article:modified_time\" content=\"2026-01-01T16:52:06+00:00\" \/>\n<meta property=\"og:image\" content=\"https:\/\/shanabooks.de\/wp-content\/uploads\/2024\/03\/Alfabeya-Kurdi-bi-tipen-erebi.png\" \/>\n\t<meta property=\"og:image:width\" content=\"321\" \/>\n\t<meta property=\"og:image:height\" content=\"477\" \/>\n\t<meta property=\"og:image:type\" content=\"image\/png\" \/>\n<meta name=\"twitter:card\" content=\"summary_large_image\" \/>\n<meta name=\"twitter:label1\" content=\"Est. reading time\" \/>\n\t<meta name=\"twitter:data1\" content=\"2 minutes\" \/>\n<script type=\"application\/ld+json\" class=\"yoast-schema-graph\">{\"@context\":\"https:\\\/\\\/schema.org\",\"@graph\":[{\"@type\":\"WebPage\",\"@id\":\"https:\\\/\\\/shanabooks.de\\\/product\\\/alfabeya-kurdi-bi-tipen-erebi-amed-ceko-jiyan\\\/\",\"url\":\"https:\\\/\\\/shanabooks.de\\\/product\\\/alfabeya-kurdi-bi-tipen-erebi-amed-ceko-jiyan\\\/\",\"name\":\"Alfabeya kurd\u00ee bi t\u00eep\u00ean Ereb\u00ee - Amed \u00c7eko Jiyan - www.shanabooks.de\",\"isPartOf\":{\"@id\":\"https:\\\/\\\/shanabooks.de\\\/#website\"},\"primaryImageOfPage\":{\"@id\":\"https:\\\/\\\/shanabooks.de\\\/product\\\/alfabeya-kurdi-bi-tipen-erebi-amed-ceko-jiyan\\\/#primaryimage\"},\"image\":{\"@id\":\"https:\\\/\\\/shanabooks.de\\\/product\\\/alfabeya-kurdi-bi-tipen-erebi-amed-ceko-jiyan\\\/#primaryimage\"},\"thumbnailUrl\":\"https:\\\/\\\/shanabooks.de\\\/wp-content\\\/uploads\\\/2024\\\/03\\\/Alfabeya-Kurdi-bi-tipen-erebi.png\",\"datePublished\":\"2024-03-03T19:40:02+00:00\",\"dateModified\":\"2026-01-01T16:52:06+00:00\",\"description\":\"Alfabeya kurd\u00ee bi t\u00eep\u00ean Ereb\u00ee - Amed \u00c7eko Jiyan T\u00eep\u00ean alfabeya Kurd\u00ee ya bi t\u00eep\u00ean Ereb\u00ee bi tena ser\u00ea xwe sembol in ango wek\u00ee t\u00eep\u00ean alfabeya Kurd\u00ee ya bi ...\",\"breadcrumb\":{\"@id\":\"https:\\\/\\\/shanabooks.de\\\/product\\\/alfabeya-kurdi-bi-tipen-erebi-amed-ceko-jiyan\\\/#breadcrumb\"},\"inLanguage\":\"kur\",\"potentialAction\":[{\"@type\":\"ReadAction\",\"target\":[\"https:\\\/\\\/shanabooks.de\\\/product\\\/alfabeya-kurdi-bi-tipen-erebi-amed-ceko-jiyan\\\/\"]}]},{\"@type\":\"ImageObject\",\"inLanguage\":\"kur\",\"@id\":\"https:\\\/\\\/shanabooks.de\\\/product\\\/alfabeya-kurdi-bi-tipen-erebi-amed-ceko-jiyan\\\/#primaryimage\",\"url\":\"https:\\\/\\\/shanabooks.de\\\/wp-content\\\/uploads\\\/2024\\\/03\\\/Alfabeya-Kurdi-bi-tipen-erebi.png\",\"contentUrl\":\"https:\\\/\\\/shanabooks.de\\\/wp-content\\\/uploads\\\/2024\\\/03\\\/Alfabeya-Kurdi-bi-tipen-erebi.png\",\"width\":321,\"height\":477,\"caption\":\"Alfabeya kurd\u00ee bi t\u00eep\u00ean Ereb\u00ee - Amed \u00c7eko Jiyan - pirt\u00fbk\u00ean kurd\u00ee - f\u00earb\u00fbn\"},{\"@type\":\"BreadcrumbList\",\"@id\":\"https:\\\/\\\/shanabooks.de\\\/product\\\/alfabeya-kurdi-bi-tipen-erebi-amed-ceko-jiyan\\\/#breadcrumb\",\"itemListElement\":[{\"@type\":\"ListItem\",\"position\":1,\"name\":\"\u0627\u0644\u0631\u0626\u064a\u0633\u064a\u0629\",\"item\":\"https:\\\/\\\/shanabooks.de\\\/kur\\\/\"},{\"@type\":\"ListItem\",\"position\":2,\"name\":\"\u0627\u0644\u0645\u0646\u062a\u062c\u0627\u062a\",\"item\":\"https:\\\/\\\/shanabooks.de\\\/shop\\\/\"},{\"@type\":\"ListItem\",\"position\":3,\"name\":\"Alfabeya kurd\u00ee bi t\u00eep\u00ean Ereb\u00ee\"}]},{\"@type\":\"WebSite\",\"@id\":\"https:\\\/\\\/shanabooks.de\\\/#website\",\"url\":\"https:\\\/\\\/shanabooks.de\\\/\",\"name\":\"www.shanbooks.de\",\"description\":\"C\u00eehana Pirt\u00fbk\u00ean Kurd\u00ee \u0645\u0643\u062a\u0628\u0629 \u0634\u0627\u0646\u0627 \u0641\u064a \u0627\u0644\u0645\u0627\u0646\u064a\u0627 \u0648\u0623\u0648\u0631\u0628\u0627\",\"publisher\":{\"@id\":\"https:\\\/\\\/shanabooks.de\\\/#organization\"},\"potentialAction\":[{\"@type\":\"SearchAction\",\"target\":{\"@type\":\"EntryPoint\",\"urlTemplate\":\"https:\\\/\\\/shanabooks.de\\\/?s={search_term_string}\"},\"query-input\":{\"@type\":\"PropertyValueSpecification\",\"valueRequired\":true,\"valueName\":\"search_term_string\"}}],\"inLanguage\":\"kur\"},{\"@type\":\"Organization\",\"@id\":\"https:\\\/\\\/shanabooks.de\\\/#organization\",\"name\":\"www.shanbooks.de\",\"url\":\"https:\\\/\\\/shanabooks.de\\\/\",\"logo\":{\"@type\":\"ImageObject\",\"inLanguage\":\"kur\",\"@id\":\"https:\\\/\\\/shanabooks.de\\\/#\\\/schema\\\/logo\\\/image\\\/\",\"url\":\"https:\\\/\\\/shanabooks.de\\\/wp-content\\\/uploads\\\/2024\\\/03\\\/SHANABOOKS__2_-removebg-preview.png\",\"contentUrl\":\"https:\\\/\\\/shanabooks.de\\\/wp-content\\\/uploads\\\/2024\\\/03\\\/SHANABOOKS__2_-removebg-preview.png\",\"width\":700,\"height\":150,\"caption\":\"www.shanbooks.de\"},\"image\":{\"@id\":\"https:\\\/\\\/shanabooks.de\\\/#\\\/schema\\\/logo\\\/image\\\/\"}}]}<\/script>\n<!-- \/ Yoast SEO plugin. -->","yoast_head_json":{"title":"Alfabeya kurd\u00ee bi t\u00eep\u00ean Ereb\u00ee - Amed \u00c7eko Jiyan - www.shanabooks.de","description":"Alfabeya kurd\u00ee bi t\u00eep\u00ean Ereb\u00ee - Amed \u00c7eko Jiyan T\u00eep\u00ean alfabeya Kurd\u00ee ya bi t\u00eep\u00ean Ereb\u00ee bi tena ser\u00ea xwe sembol in ango wek\u00ee t\u00eep\u00ean alfabeya Kurd\u00ee ya bi ...","robots":{"index":"index","follow":"follow","max-snippet":"max-snippet:-1","max-image-preview":"max-image-preview:large","max-video-preview":"max-video-preview:-1"},"canonical":"https:\/\/shanabooks.de\/product\/alfabeya-kurdi-bi-tipen-erebi-amed-ceko-jiyan\/","og_locale":"en_US","og_type":"article","og_title":"Alfabeya kurd\u00ee bi t\u00eep\u00ean Ereb\u00ee - Amed \u00c7eko Jiyan - www.shanabooks.de","og_description":"Alfabeya kurd\u00ee bi t\u00eep\u00ean Ereb\u00ee - Amed \u00c7eko Jiyan T\u00eep\u00ean alfabeya Kurd\u00ee ya bi t\u00eep\u00ean Ereb\u00ee bi tena ser\u00ea xwe sembol in ango wek\u00ee t\u00eep\u00ean alfabeya Kurd\u00ee ya bi ...","og_url":"https:\/\/shanabooks.de\/product\/alfabeya-kurdi-bi-tipen-erebi-amed-ceko-jiyan\/","og_site_name":"www.shanabooks.de","article_modified_time":"2026-01-01T16:52:06+00:00","og_image":[{"width":321,"height":477,"url":"https:\/\/shanabooks.de\/wp-content\/uploads\/2024\/03\/Alfabeya-Kurdi-bi-tipen-erebi.png","type":"image\/png"}],"twitter_card":"summary_large_image","twitter_misc":{"Est. reading time":"2 minutes"},"schema":{"@context":"https:\/\/schema.org","@graph":[{"@type":"WebPage","@id":"https:\/\/shanabooks.de\/product\/alfabeya-kurdi-bi-tipen-erebi-amed-ceko-jiyan\/","url":"https:\/\/shanabooks.de\/product\/alfabeya-kurdi-bi-tipen-erebi-amed-ceko-jiyan\/","name":"Alfabeya kurd\u00ee bi t\u00eep\u00ean Ereb\u00ee - Amed \u00c7eko Jiyan - www.shanabooks.de","isPartOf":{"@id":"https:\/\/shanabooks.de\/#website"},"primaryImageOfPage":{"@id":"https:\/\/shanabooks.de\/product\/alfabeya-kurdi-bi-tipen-erebi-amed-ceko-jiyan\/#primaryimage"},"image":{"@id":"https:\/\/shanabooks.de\/product\/alfabeya-kurdi-bi-tipen-erebi-amed-ceko-jiyan\/#primaryimage"},"thumbnailUrl":"https:\/\/shanabooks.de\/wp-content\/uploads\/2024\/03\/Alfabeya-Kurdi-bi-tipen-erebi.png","datePublished":"2024-03-03T19:40:02+00:00","dateModified":"2026-01-01T16:52:06+00:00","description":"Alfabeya kurd\u00ee bi t\u00eep\u00ean Ereb\u00ee - Amed \u00c7eko Jiyan T\u00eep\u00ean alfabeya Kurd\u00ee ya bi t\u00eep\u00ean Ereb\u00ee bi tena ser\u00ea xwe sembol in ango wek\u00ee t\u00eep\u00ean alfabeya Kurd\u00ee ya bi ...","breadcrumb":{"@id":"https:\/\/shanabooks.de\/product\/alfabeya-kurdi-bi-tipen-erebi-amed-ceko-jiyan\/#breadcrumb"},"inLanguage":"kur","potentialAction":[{"@type":"ReadAction","target":["https:\/\/shanabooks.de\/product\/alfabeya-kurdi-bi-tipen-erebi-amed-ceko-jiyan\/"]}]},{"@type":"ImageObject","inLanguage":"kur","@id":"https:\/\/shanabooks.de\/product\/alfabeya-kurdi-bi-tipen-erebi-amed-ceko-jiyan\/#primaryimage","url":"https:\/\/shanabooks.de\/wp-content\/uploads\/2024\/03\/Alfabeya-Kurdi-bi-tipen-erebi.png","contentUrl":"https:\/\/shanabooks.de\/wp-content\/uploads\/2024\/03\/Alfabeya-Kurdi-bi-tipen-erebi.png","width":321,"height":477,"caption":"Alfabeya kurd\u00ee bi t\u00eep\u00ean Ereb\u00ee - Amed \u00c7eko Jiyan - pirt\u00fbk\u00ean kurd\u00ee - f\u00earb\u00fbn"},{"@type":"BreadcrumbList","@id":"https:\/\/shanabooks.de\/product\/alfabeya-kurdi-bi-tipen-erebi-amed-ceko-jiyan\/#breadcrumb","itemListElement":[{"@type":"ListItem","position":1,"name":"\u0627\u0644\u0631\u0626\u064a\u0633\u064a\u0629","item":"https:\/\/shanabooks.de\/kur\/"},{"@type":"ListItem","position":2,"name":"\u0627\u0644\u0645\u0646\u062a\u062c\u0627\u062a","item":"https:\/\/shanabooks.de\/shop\/"},{"@type":"ListItem","position":3,"name":"Alfabeya kurd\u00ee bi t\u00eep\u00ean Ereb\u00ee"}]},{"@type":"WebSite","@id":"https:\/\/shanabooks.de\/#website","url":"https:\/\/shanabooks.de\/","name":"www.shanbooks.de","description":"C\u00eehana Pirt\u00fbk\u00ean Kurd\u00ee \u0645\u0643\u062a\u0628\u0629 \u0634\u0627\u0646\u0627 \u0641\u064a \u0627\u0644\u0645\u0627\u0646\u064a\u0627 \u0648\u0623\u0648\u0631\u0628\u0627","publisher":{"@id":"https:\/\/shanabooks.de\/#organization"},"potentialAction":[{"@type":"SearchAction","target":{"@type":"EntryPoint","urlTemplate":"https:\/\/shanabooks.de\/?s={search_term_string}"},"query-input":{"@type":"PropertyValueSpecification","valueRequired":true,"valueName":"search_term_string"}}],"inLanguage":"kur"},{"@type":"Organization","@id":"https:\/\/shanabooks.de\/#organization","name":"www.shanbooks.de","url":"https:\/\/shanabooks.de\/","logo":{"@type":"ImageObject","inLanguage":"kur","@id":"https:\/\/shanabooks.de\/#\/schema\/logo\/image\/","url":"https:\/\/shanabooks.de\/wp-content\/uploads\/2024\/03\/SHANABOOKS__2_-removebg-preview.png","contentUrl":"https:\/\/shanabooks.de\/wp-content\/uploads\/2024\/03\/SHANABOOKS__2_-removebg-preview.png","width":700,"height":150,"caption":"www.shanbooks.de"},"image":{"@id":"https:\/\/shanabooks.de\/#\/schema\/logo\/image\/"}}]}},"jetpack_sharing_enabled":true,"_links":{"self":[{"href":"https:\/\/shanabooks.de\/kur\/wp-json\/wp\/v2\/product\/12017","targetHints":{"allow":["GET"]}}],"collection":[{"href":"https:\/\/shanabooks.de\/kur\/wp-json\/wp\/v2\/product"}],"about":[{"href":"https:\/\/shanabooks.de\/kur\/wp-json\/wp\/v2\/types\/product"}],"version-history":[{"count":3,"href":"https:\/\/shanabooks.de\/kur\/wp-json\/wp\/v2\/product\/12017\/revisions"}],"predecessor-version":[{"id":23190,"href":"https:\/\/shanabooks.de\/kur\/wp-json\/wp\/v2\/product\/12017\/revisions\/23190"}],"wp:featuredmedia":[{"embeddable":true,"href":"https:\/\/shanabooks.de\/kur\/wp-json\/wp\/v2\/media\/11682"}],"wp:attachment":[{"href":"https:\/\/shanabooks.de\/kur\/wp-json\/wp\/v2\/media?parent=12017"}],"wp:term":[{"taxonomy":"product_brand","embeddable":true,"href":"https:\/\/shanabooks.de\/kur\/wp-json\/wp\/v2\/product_brand?post=12017"},{"taxonomy":"product_cat","embeddable":true,"href":"https:\/\/shanabooks.de\/kur\/wp-json\/wp\/v2\/product_cat?post=12017"},{"taxonomy":"product_tag","embeddable":true,"href":"https:\/\/shanabooks.de\/kur\/wp-json\/wp\/v2\/product_tag?post=12017"}],"curies":[{"name":"wp","href":"https:\/\/api.w.org\/{rel}","templated":true}]}}