{"id":12022,"date":"2024-03-03T19:40:03","date_gmt":"2024-03-03T19:40:03","guid":{"rendered":"https:\/\/shanabooks.de\/?post_type=product&#038;p=12022"},"modified":"2024-04-04T20:31:00","modified_gmt":"2024-04-04T20:31:00","slug":"amidabad-fawaz-husen","status":"publish","type":"product","link":"https:\/\/shanabooks.de\/kur\/product\/amidabad-fawaz-husen\/","title":{"rendered":"Am\u00eedabad"},"content":{"rendered":"<p dir=\"ltr\"><strong>Am\u00eedabad &#8211;\u00a0Fawaz Hus\u00ean<\/strong><\/p>\n<p dir=\"ltr\">Bel\u00ea, di wan sal\u00ean daw\u00een de, nav\u00e7eya Am\u00eedabad\u00ea vala dib\u00fb. Li ser axeke agir\u00ee, di bin azmanek\u00ee mis\u00een\u00ee de, me dest bi Ko\u00e7a Mezin kirib\u00fb. Di gund\u00ean weranb\u00fby\u00ee de, bi ten\u00ea k\u00fb\u00e7ik\u00ean b\u00eaxwed\u00eemay\u00ee di dir\u00eajahiya \u015fevan de direyan, giliy\u00ean xwe bi heyva sar dikirin. Di Am\u00eedabad\u00ea de bi ten\u00ea \u00e7emek heb\u00fb \u00fb ew j\u00ee ji m\u00eaj ve mirib\u00fb \u00fb zik\u00ea w\u00ee b\u00fbb\u00fb sergoy\u00ea gi\u015ft\u00ee. Goristan herroj firehtir \u00fb pirtir dib\u00fbn. Herroj em b\u00eatir winda dib\u00fbn. Me kinc\u00ean biyaniyan li xwe dikirin, em bi ziman\u00ean wan diaxiv\u00een \u00fb me ji mhej ve dest p\u00ea kirib\u00fb me ser\u00ea xwe bi xerafat \u00fb xuy\u00ean wan bilind dikir.<br \/>\nKo\u00e7a Mezin dab\u00fb ser r\u00eaya nebed\u00eeb\u00fbn\u00ea. Em bi milyonan b\u00fbn, me dikar\u00eeb\u00fb \u00e7iyay\u00ean bilind bihejandana, me dikar\u00eeb\u00fb bi m\u00eeza xwe leh\u00ee rakira, l\u00ea, em b\u00ea hi\u015f b\u00fbn, me xwe li tix\u00fbb\u00ean nenas, li \u00e7areserkirin\u00ean erzan girtib\u00fb.&#8221;<\/p>\n<p dir=\"ltr\">Am\u00eedabad ya Fawaz Hus\u00ean ji we\u015fan\u00ean Avestay\u00ea ye.<\/p>\n<p dir=\"ltr\"><em><strong>\u00a0<\/strong><\/em><\/p>\n","protected":false},"excerpt":{"rendered":"<p dir=\"ltr\" style=\"text-align: center\"><strong>Pirt\u00fbk: Am\u00eedabad<br \/>\nNiv\u00eeskar: Fawaz Hus\u00ean<br \/>\nCure: Roman<\/strong><\/p>\n","protected":false},"featured_media":12064,"template":"","meta":{"site-sidebar-layout":"default","site-content-layout":"","ast-site-content-layout":"default","site-content-style":"default","site-sidebar-style":"default","ast-global-header-display":"","ast-banner-title-visibility":"","ast-main-header-display":"","ast-hfb-above-header-display":"","ast-hfb-below-header-display":"","ast-hfb-mobile-header-display":"","site-post-title":"","ast-breadcrumbs-content":"","ast-featured-img":"","footer-sml-layout":"","ast-disable-related-posts":"","theme-transparent-header-meta":"default","adv-header-id-meta":"","stick-header-meta":"","header-above-stick-meta":"","header-main-stick-meta":"","header-below-stick-meta":"","astra-migrate-meta-layouts":"set","ast-page-background-enabled":"default","ast-page-background-meta":{"desktop":{"background-color":"","background-image":"","background-repeat":"repeat","background-position":"center center","background-size":"auto","background-attachment":"scroll","background-type":"","background-media":"","overlay-type":"","overlay-color":"","overlay-opacity":"","overlay-gradient":""},"tablet":{"background-color":"","background-image":"","background-repeat":"repeat","background-position":"center center","background-size":"auto","background-attachment":"scroll","background-type":"","background-media":"","overlay-type":"","overlay-color":"","overlay-opacity":"","overlay-gradient":""},"mobile":{"background-color":"","background-image":"","background-repeat":"repeat","background-position":"center center","background-size":"auto","background-attachment":"scroll","background-type":"","background-media":"","overlay-type":"","overlay-color":"","overlay-opacity":"","overlay-gradient":""}},"ast-content-background-meta":{"desktop":{"background-color":"var(--ast-global-color-5)","background-image":"","background-repeat":"repeat","background-position":"center center","background-size":"auto","background-attachment":"scroll","background-type":"","background-media":"","overlay-type":"","overlay-color":"","overlay-opacity":"","overlay-gradient":""},"tablet":{"background-color":"var(--ast-global-color-5)","background-image":"","background-repeat":"repeat","background-position":"center center","background-size":"auto","background-attachment":"scroll","background-type":"","background-media":"","overlay-type":"","overlay-color":"","overlay-opacity":"","overlay-gradient":""},"mobile":{"background-color":"var(--ast-global-color-5)","background-image":"","background-repeat":"repeat","background-position":"center center","background-size":"auto","background-attachment":"scroll","background-type":"","background-media":"","overlay-type":"","overlay-color":"","overlay-opacity":"","overlay-gradient":""}}},"product_brand":[],"product_cat":[182,193],"product_tag":[],"class_list":{"0":"post-12022","1":"product","2":"type-product","3":"status-publish","4":"has-post-thumbnail","6":"product_cat-_","7":"product_cat--_","8":"pa_-roman","9":"pa_-fawaz-husen","10":"pa_-kurmanci","11":"pa_--avesta-yayinlari","12":"desktop-align-left","13":"tablet-align-left","14":"mobile-align-left","16":"first","17":"instock","18":"shipping-taxable","19":"purchasable","20":"product-type-simple"},"yoast_head":"<!-- This site is optimized with the Yoast SEO plugin v27.4 - https:\/\/yoast.com\/product\/yoast-seo-wordpress\/ -->\n<title>Am\u00eedabad -\u00a0Fawaz Hus\u00ean - www.shanabooks.de<\/title>\n<meta name=\"description\" content=\"Am\u00eedabad -\u00a0Fawaz Hus\u00ean Bel\u00ea, di wan sal\u00ean daw\u00een de, nav\u00e7eya Am\u00eedabad\u00ea vala dib\u00fb. Li ser axeke agir\u00ee, di bin azmanek\u00ee mis\u00een\u00ee de, me dest bi Ko\u00e7a Mezin ...\" \/>\n<meta name=\"robots\" content=\"index, follow, max-snippet:-1, max-image-preview:large, max-video-preview:-1\" \/>\n<link rel=\"canonical\" href=\"https:\/\/shanabooks.de\/product\/amidabad-fawaz-husen\/\" \/>\n<meta property=\"og:locale\" content=\"en_US\" \/>\n<meta property=\"og:type\" content=\"article\" \/>\n<meta property=\"og:title\" content=\"Am\u00eedabad -\u00a0Fawaz Hus\u00ean - www.shanabooks.de\" \/>\n<meta property=\"og:description\" content=\"Am\u00eedabad -\u00a0Fawaz Hus\u00ean Bel\u00ea, di wan sal\u00ean daw\u00een de, nav\u00e7eya Am\u00eedabad\u00ea vala dib\u00fb. Li ser axeke agir\u00ee, di bin azmanek\u00ee mis\u00een\u00ee de, me dest bi Ko\u00e7a Mezin ...\" \/>\n<meta property=\"og:url\" content=\"https:\/\/shanabooks.de\/product\/amidabad-fawaz-husen\/\" \/>\n<meta property=\"og:site_name\" content=\"www.shanabooks.de\" \/>\n<meta property=\"article:modified_time\" content=\"2024-04-04T20:31:00+00:00\" \/>\n<meta property=\"og:image\" content=\"https:\/\/shanabooks.de\/wp-content\/uploads\/2024\/03\/Amidabad.jpg\" \/>\n\t<meta property=\"og:image:width\" content=\"589\" \/>\n\t<meta property=\"og:image:height\" content=\"900\" \/>\n\t<meta property=\"og:image:type\" content=\"image\/jpeg\" \/>\n<meta name=\"twitter:card\" content=\"summary_large_image\" \/>\n<meta name=\"twitter:label1\" content=\"Est. reading time\" \/>\n\t<meta name=\"twitter:data1\" content=\"2 minutes\" \/>\n<script type=\"application\/ld+json\" class=\"yoast-schema-graph\">{\"@context\":\"https:\\\/\\\/schema.org\",\"@graph\":[{\"@type\":\"WebPage\",\"@id\":\"https:\\\/\\\/shanabooks.de\\\/product\\\/amidabad-fawaz-husen\\\/\",\"url\":\"https:\\\/\\\/shanabooks.de\\\/product\\\/amidabad-fawaz-husen\\\/\",\"name\":\"Am\u00eedabad -\u00a0Fawaz Hus\u00ean - www.shanabooks.de\",\"isPartOf\":{\"@id\":\"https:\\\/\\\/shanabooks.de\\\/#website\"},\"primaryImageOfPage\":{\"@id\":\"https:\\\/\\\/shanabooks.de\\\/product\\\/amidabad-fawaz-husen\\\/#primaryimage\"},\"image\":{\"@id\":\"https:\\\/\\\/shanabooks.de\\\/product\\\/amidabad-fawaz-husen\\\/#primaryimage\"},\"thumbnailUrl\":\"https:\\\/\\\/shanabooks.de\\\/wp-content\\\/uploads\\\/2024\\\/03\\\/Amidabad.jpg\",\"datePublished\":\"2024-03-03T19:40:03+00:00\",\"dateModified\":\"2024-04-04T20:31:00+00:00\",\"description\":\"Am\u00eedabad -\u00a0Fawaz Hus\u00ean Bel\u00ea, di wan sal\u00ean daw\u00een de, nav\u00e7eya Am\u00eedabad\u00ea vala dib\u00fb. Li ser axeke agir\u00ee, di bin azmanek\u00ee mis\u00een\u00ee de, me dest bi Ko\u00e7a Mezin ...\",\"breadcrumb\":{\"@id\":\"https:\\\/\\\/shanabooks.de\\\/product\\\/amidabad-fawaz-husen\\\/#breadcrumb\"},\"inLanguage\":\"kur\",\"potentialAction\":[{\"@type\":\"ReadAction\",\"target\":[\"https:\\\/\\\/shanabooks.de\\\/product\\\/amidabad-fawaz-husen\\\/\"]}]},{\"@type\":\"ImageObject\",\"inLanguage\":\"kur\",\"@id\":\"https:\\\/\\\/shanabooks.de\\\/product\\\/amidabad-fawaz-husen\\\/#primaryimage\",\"url\":\"https:\\\/\\\/shanabooks.de\\\/wp-content\\\/uploads\\\/2024\\\/03\\\/Amidabad.jpg\",\"contentUrl\":\"https:\\\/\\\/shanabooks.de\\\/wp-content\\\/uploads\\\/2024\\\/03\\\/Amidabad.jpg\",\"width\":589,\"height\":900,\"caption\":\"Am\u00eedabad -\u00a0Fawaz Hus\u00ean - pirt\u00fbk\u00ean kurd\u00ee - roman\"},{\"@type\":\"BreadcrumbList\",\"@id\":\"https:\\\/\\\/shanabooks.de\\\/product\\\/amidabad-fawaz-husen\\\/#breadcrumb\",\"itemListElement\":[{\"@type\":\"ListItem\",\"position\":1,\"name\":\"\u0627\u0644\u0631\u0626\u064a\u0633\u064a\u0629\",\"item\":\"https:\\\/\\\/shanabooks.de\\\/kur\\\/\"},{\"@type\":\"ListItem\",\"position\":2,\"name\":\"\u0627\u0644\u0645\u0646\u062a\u062c\u0627\u062a\",\"item\":\"https:\\\/\\\/shanabooks.de\\\/shop\\\/\"},{\"@type\":\"ListItem\",\"position\":3,\"name\":\"Am\u00eedabad\"}]},{\"@type\":\"WebSite\",\"@id\":\"https:\\\/\\\/shanabooks.de\\\/#website\",\"url\":\"https:\\\/\\\/shanabooks.de\\\/\",\"name\":\"www.shanbooks.de\",\"description\":\"C\u00eehana Pirt\u00fbk\u00ean Kurd\u00ee \u0645\u0643\u062a\u0628\u0629 \u0634\u0627\u0646\u0627 \u0641\u064a \u0627\u0644\u0645\u0627\u0646\u064a\u0627 \u0648\u0623\u0648\u0631\u0628\u0627\",\"publisher\":{\"@id\":\"https:\\\/\\\/shanabooks.de\\\/#organization\"},\"potentialAction\":[{\"@type\":\"SearchAction\",\"target\":{\"@type\":\"EntryPoint\",\"urlTemplate\":\"https:\\\/\\\/shanabooks.de\\\/?s={search_term_string}\"},\"query-input\":{\"@type\":\"PropertyValueSpecification\",\"valueRequired\":true,\"valueName\":\"search_term_string\"}}],\"inLanguage\":\"kur\"},{\"@type\":\"Organization\",\"@id\":\"https:\\\/\\\/shanabooks.de\\\/#organization\",\"name\":\"www.shanbooks.de\",\"url\":\"https:\\\/\\\/shanabooks.de\\\/\",\"logo\":{\"@type\":\"ImageObject\",\"inLanguage\":\"kur\",\"@id\":\"https:\\\/\\\/shanabooks.de\\\/#\\\/schema\\\/logo\\\/image\\\/\",\"url\":\"https:\\\/\\\/shanabooks.de\\\/wp-content\\\/uploads\\\/2024\\\/03\\\/SHANABOOKS__2_-removebg-preview.png\",\"contentUrl\":\"https:\\\/\\\/shanabooks.de\\\/wp-content\\\/uploads\\\/2024\\\/03\\\/SHANABOOKS__2_-removebg-preview.png\",\"width\":700,\"height\":150,\"caption\":\"www.shanbooks.de\"},\"image\":{\"@id\":\"https:\\\/\\\/shanabooks.de\\\/#\\\/schema\\\/logo\\\/image\\\/\"}}]}<\/script>\n<!-- \/ Yoast SEO plugin. -->","yoast_head_json":{"title":"Am\u00eedabad -\u00a0Fawaz Hus\u00ean - www.shanabooks.de","description":"Am\u00eedabad -\u00a0Fawaz Hus\u00ean Bel\u00ea, di wan sal\u00ean daw\u00een de, nav\u00e7eya Am\u00eedabad\u00ea vala dib\u00fb. Li ser axeke agir\u00ee, di bin azmanek\u00ee mis\u00een\u00ee de, me dest bi Ko\u00e7a Mezin ...","robots":{"index":"index","follow":"follow","max-snippet":"max-snippet:-1","max-image-preview":"max-image-preview:large","max-video-preview":"max-video-preview:-1"},"canonical":"https:\/\/shanabooks.de\/product\/amidabad-fawaz-husen\/","og_locale":"en_US","og_type":"article","og_title":"Am\u00eedabad -\u00a0Fawaz Hus\u00ean - www.shanabooks.de","og_description":"Am\u00eedabad -\u00a0Fawaz Hus\u00ean Bel\u00ea, di wan sal\u00ean daw\u00een de, nav\u00e7eya Am\u00eedabad\u00ea vala dib\u00fb. Li ser axeke agir\u00ee, di bin azmanek\u00ee mis\u00een\u00ee de, me dest bi Ko\u00e7a Mezin ...","og_url":"https:\/\/shanabooks.de\/product\/amidabad-fawaz-husen\/","og_site_name":"www.shanabooks.de","article_modified_time":"2024-04-04T20:31:00+00:00","og_image":[{"width":589,"height":900,"url":"https:\/\/shanabooks.de\/wp-content\/uploads\/2024\/03\/Amidabad.jpg","type":"image\/jpeg"}],"twitter_card":"summary_large_image","twitter_misc":{"Est. reading time":"2 minutes"},"schema":{"@context":"https:\/\/schema.org","@graph":[{"@type":"WebPage","@id":"https:\/\/shanabooks.de\/product\/amidabad-fawaz-husen\/","url":"https:\/\/shanabooks.de\/product\/amidabad-fawaz-husen\/","name":"Am\u00eedabad -\u00a0Fawaz Hus\u00ean - www.shanabooks.de","isPartOf":{"@id":"https:\/\/shanabooks.de\/#website"},"primaryImageOfPage":{"@id":"https:\/\/shanabooks.de\/product\/amidabad-fawaz-husen\/#primaryimage"},"image":{"@id":"https:\/\/shanabooks.de\/product\/amidabad-fawaz-husen\/#primaryimage"},"thumbnailUrl":"https:\/\/shanabooks.de\/wp-content\/uploads\/2024\/03\/Amidabad.jpg","datePublished":"2024-03-03T19:40:03+00:00","dateModified":"2024-04-04T20:31:00+00:00","description":"Am\u00eedabad -\u00a0Fawaz Hus\u00ean Bel\u00ea, di wan sal\u00ean daw\u00een de, nav\u00e7eya Am\u00eedabad\u00ea vala dib\u00fb. Li ser axeke agir\u00ee, di bin azmanek\u00ee mis\u00een\u00ee de, me dest bi Ko\u00e7a Mezin ...","breadcrumb":{"@id":"https:\/\/shanabooks.de\/product\/amidabad-fawaz-husen\/#breadcrumb"},"inLanguage":"kur","potentialAction":[{"@type":"ReadAction","target":["https:\/\/shanabooks.de\/product\/amidabad-fawaz-husen\/"]}]},{"@type":"ImageObject","inLanguage":"kur","@id":"https:\/\/shanabooks.de\/product\/amidabad-fawaz-husen\/#primaryimage","url":"https:\/\/shanabooks.de\/wp-content\/uploads\/2024\/03\/Amidabad.jpg","contentUrl":"https:\/\/shanabooks.de\/wp-content\/uploads\/2024\/03\/Amidabad.jpg","width":589,"height":900,"caption":"Am\u00eedabad -\u00a0Fawaz Hus\u00ean - pirt\u00fbk\u00ean kurd\u00ee - roman"},{"@type":"BreadcrumbList","@id":"https:\/\/shanabooks.de\/product\/amidabad-fawaz-husen\/#breadcrumb","itemListElement":[{"@type":"ListItem","position":1,"name":"\u0627\u0644\u0631\u0626\u064a\u0633\u064a\u0629","item":"https:\/\/shanabooks.de\/kur\/"},{"@type":"ListItem","position":2,"name":"\u0627\u0644\u0645\u0646\u062a\u062c\u0627\u062a","item":"https:\/\/shanabooks.de\/shop\/"},{"@type":"ListItem","position":3,"name":"Am\u00eedabad"}]},{"@type":"WebSite","@id":"https:\/\/shanabooks.de\/#website","url":"https:\/\/shanabooks.de\/","name":"www.shanbooks.de","description":"C\u00eehana Pirt\u00fbk\u00ean Kurd\u00ee \u0645\u0643\u062a\u0628\u0629 \u0634\u0627\u0646\u0627 \u0641\u064a \u0627\u0644\u0645\u0627\u0646\u064a\u0627 \u0648\u0623\u0648\u0631\u0628\u0627","publisher":{"@id":"https:\/\/shanabooks.de\/#organization"},"potentialAction":[{"@type":"SearchAction","target":{"@type":"EntryPoint","urlTemplate":"https:\/\/shanabooks.de\/?s={search_term_string}"},"query-input":{"@type":"PropertyValueSpecification","valueRequired":true,"valueName":"search_term_string"}}],"inLanguage":"kur"},{"@type":"Organization","@id":"https:\/\/shanabooks.de\/#organization","name":"www.shanbooks.de","url":"https:\/\/shanabooks.de\/","logo":{"@type":"ImageObject","inLanguage":"kur","@id":"https:\/\/shanabooks.de\/#\/schema\/logo\/image\/","url":"https:\/\/shanabooks.de\/wp-content\/uploads\/2024\/03\/SHANABOOKS__2_-removebg-preview.png","contentUrl":"https:\/\/shanabooks.de\/wp-content\/uploads\/2024\/03\/SHANABOOKS__2_-removebg-preview.png","width":700,"height":150,"caption":"www.shanbooks.de"},"image":{"@id":"https:\/\/shanabooks.de\/#\/schema\/logo\/image\/"}}]}},"jetpack_sharing_enabled":true,"_links":{"self":[{"href":"https:\/\/shanabooks.de\/kur\/wp-json\/wp\/v2\/product\/12022","targetHints":{"allow":["GET"]}}],"collection":[{"href":"https:\/\/shanabooks.de\/kur\/wp-json\/wp\/v2\/product"}],"about":[{"href":"https:\/\/shanabooks.de\/kur\/wp-json\/wp\/v2\/types\/product"}],"version-history":[{"count":3,"href":"https:\/\/shanabooks.de\/kur\/wp-json\/wp\/v2\/product\/12022\/revisions"}],"predecessor-version":[{"id":22926,"href":"https:\/\/shanabooks.de\/kur\/wp-json\/wp\/v2\/product\/12022\/revisions\/22926"}],"wp:featuredmedia":[{"embeddable":true,"href":"https:\/\/shanabooks.de\/kur\/wp-json\/wp\/v2\/media\/12064"}],"wp:attachment":[{"href":"https:\/\/shanabooks.de\/kur\/wp-json\/wp\/v2\/media?parent=12022"}],"wp:term":[{"taxonomy":"product_brand","embeddable":true,"href":"https:\/\/shanabooks.de\/kur\/wp-json\/wp\/v2\/product_brand?post=12022"},{"taxonomy":"product_cat","embeddable":true,"href":"https:\/\/shanabooks.de\/kur\/wp-json\/wp\/v2\/product_cat?post=12022"},{"taxonomy":"product_tag","embeddable":true,"href":"https:\/\/shanabooks.de\/kur\/wp-json\/wp\/v2\/product_tag?post=12022"}],"curies":[{"name":"wp","href":"https:\/\/api.w.org\/{rel}","templated":true}]}}