{"id":12071,"date":"2024-03-03T19:40:27","date_gmt":"2024-03-03T19:40:27","guid":{"rendered":"https:\/\/shanabooks.de\/?post_type=product&#038;p=12071"},"modified":"2026-01-02T19:13:51","modified_gmt":"2026-01-02T19:13:51","slug":"kene-miriyan-gunhen-guran-mem-med","status":"publish","type":"product","link":"https:\/\/shanabooks.de\/kur\/product\/kene-miriyan-gunhen-guran-mem-med\/","title":{"rendered":"Ken\u00ea Miriyan Gunh\u00ean Guran"},"content":{"rendered":"<p dir=\"ltr\"><strong>Ken\u00ea Miriyan Gunh\u00ean Guran &#8211; Mem Med<\/strong><\/p>\n<p dir=\"ltr\">Ji bo herkes li ber min rabe \u00fb b\u00eaje kerem bike, li helbest\u00ean min bin\u00earin \u00fb b\u00eajin, weeeeyyy! ya tu heya niha li k\u00eejan qul\u00ea de may\u00ee, em li esmanan li te digeriyan, l\u00ea me tu li ser r\u00fby\u00ea erd\u00ea d\u00eet\u00ee, te \u00e7awa ev \u015fahesera niv\u00eesiye, l\u00ea li bin ax\u00ea de ve\u015fartiye \u00fb ez j\u00ee bi bi\u015f\u00ear\u00ee di bin simb\u00ealan de \u201cna lo h\u00fbn abartm\u00ee\u015f dikin\u201d b\u00eajim, min helbest\u00ean xwe dan ber hev \u00fb we\u015fanxane \u00fb we\u015fanxane geriyam. Ez b\u00eajim deh tu b\u00eaje b\u00eest, ez b\u00eajim b\u00eest \u00fb tu b\u00eaje \u00e7il.<\/p>\n<p dir=\"ltr\">Gava min digot, dosyayeke min heye ji bo \u00e7ap\u00ea, ji min dipirs\u00een:<br \/>\n\u201cCurey\u00ea w\u00ea \u00e7i ye?\u201d<br \/>\n-Helbest e.<br \/>\n-Na.<br \/>\n(kul \u00fb ta)<br \/>\n&#8230;&#8230;<br \/>\n-Pol\u00eet\u00eeka me ya we\u015fandina pirt\u00fbk\u00ean helbestan tuneye.<br \/>\n(Ez bim\u00eezim pol\u00eet\u00eekaya we). Min ev di dil\u00ea xwe de got.<br \/>\n(Tan\u0131t\u0131m B\u00fclteninden)<\/p>\n<p dir=\"ltr\">Pirt\u00fbka \u00e7\u00eerokan ya Mem Med ya bi nav\u00ea Ken\u00ea Miriyan Gunh\u00ean Guran ji we\u015fan\u00ean N\u00fbbihar\u00ea derketiye.<\/p>\n","protected":false},"excerpt":{"rendered":"<p dir=\"ltr\" style=\"text-align: center;\"><strong>Pirt\u00fbk: Ken\u00ea Miriyan Guneh\u00ea Guran<\/strong><br \/>\n<strong>Niv\u00eeskar: Mem Med<br \/>\nCure: \u00c7\u00eerok<\/strong><\/p>\n","protected":false},"featured_media":12131,"template":"","meta":{"site-sidebar-layout":"default","site-content-layout":"","ast-site-content-layout":"default","site-content-style":"default","site-sidebar-style":"default","ast-global-header-display":"","ast-banner-title-visibility":"","ast-main-header-display":"","ast-hfb-above-header-display":"","ast-hfb-below-header-display":"","ast-hfb-mobile-header-display":"","site-post-title":"","ast-breadcrumbs-content":"","ast-featured-img":"","footer-sml-layout":"","ast-disable-related-posts":"","theme-transparent-header-meta":"default","adv-header-id-meta":"","stick-header-meta":"","header-above-stick-meta":"","header-main-stick-meta":"","header-below-stick-meta":"","astra-migrate-meta-layouts":"set","ast-page-background-enabled":"default","ast-page-background-meta":{"desktop":{"background-color":"","background-image":"","background-repeat":"repeat","background-position":"center center","background-size":"auto","background-attachment":"scroll","background-type":"","background-media":"","overlay-type":"","overlay-color":"","overlay-opacity":"","overlay-gradient":""},"tablet":{"background-color":"","background-image":"","background-repeat":"repeat","background-position":"center center","background-size":"auto","background-attachment":"scroll","background-type":"","background-media":"","overlay-type":"","overlay-color":"","overlay-opacity":"","overlay-gradient":""},"mobile":{"background-color":"","background-image":"","background-repeat":"repeat","background-position":"center center","background-size":"auto","background-attachment":"scroll","background-type":"","background-media":"","overlay-type":"","overlay-color":"","overlay-opacity":"","overlay-gradient":""}},"ast-content-background-meta":{"desktop":{"background-color":"var(--ast-global-color-5)","background-image":"","background-repeat":"repeat","background-position":"center center","background-size":"auto","background-attachment":"scroll","background-type":"","background-media":"","overlay-type":"","overlay-color":"","overlay-opacity":"","overlay-gradient":""},"tablet":{"background-color":"var(--ast-global-color-5)","background-image":"","background-repeat":"repeat","background-position":"center center","background-size":"auto","background-attachment":"scroll","background-type":"","background-media":"","overlay-type":"","overlay-color":"","overlay-opacity":"","overlay-gradient":""},"mobile":{"background-color":"var(--ast-global-color-5)","background-image":"","background-repeat":"repeat","background-position":"center center","background-size":"auto","background-attachment":"scroll","background-type":"","background-media":"","overlay-type":"","overlay-color":"","overlay-opacity":"","overlay-gradient":""}}},"product_brand":[],"product_cat":[182,193],"product_tag":[],"class_list":{"0":"post-12071","1":"product","2":"type-product","3":"status-publish","4":"has-post-thumbnail","6":"product_cat-_","7":"product_cat--_","8":"pa_-cirok","9":"pa_-mem-med","10":"pa_-kurmanci","11":"pa_--nubihar","12":"desktop-align-left","13":"tablet-align-left","14":"mobile-align-left","16":"first","17":"instock","18":"shipping-taxable","19":"purchasable","20":"product-type-simple"},"yoast_head":"<!-- This site is optimized with the Yoast SEO plugin v27.4 - https:\/\/yoast.com\/product\/yoast-seo-wordpress\/ -->\n<title>Ken\u00ea Miriyan Gunh\u00ean Guran - Mem Med - www.shanabooks.de<\/title>\n<meta name=\"description\" content=\"Ken\u00ea Miriyan Gunh\u00ean Guran - Mem Med Ji bo herkes li ber min rabe \u00fb b\u00eaje kerem bike, li helbest\u00ean min bin\u00earin \u00fb b\u00eajin, weeeeyyy! ya tu heya niha li k\u00eejan ...\" \/>\n<meta name=\"robots\" content=\"index, follow, max-snippet:-1, max-image-preview:large, max-video-preview:-1\" \/>\n<link rel=\"canonical\" href=\"https:\/\/shanabooks.de\/product\/kene-miriyan-gunhen-guran-mem-med\/\" \/>\n<meta property=\"og:locale\" content=\"en_US\" \/>\n<meta property=\"og:type\" content=\"article\" \/>\n<meta property=\"og:title\" content=\"Ken\u00ea Miriyan Gunh\u00ean Guran - Mem Med - www.shanabooks.de\" \/>\n<meta property=\"og:description\" content=\"Ken\u00ea Miriyan Gunh\u00ean Guran - Mem Med Ji bo herkes li ber min rabe \u00fb b\u00eaje kerem bike, li helbest\u00ean min bin\u00earin \u00fb b\u00eajin, weeeeyyy! ya tu heya niha li k\u00eejan ...\" \/>\n<meta property=\"og:url\" content=\"https:\/\/shanabooks.de\/product\/kene-miriyan-gunhen-guran-mem-med\/\" \/>\n<meta property=\"og:site_name\" content=\"www.shanabooks.de\" \/>\n<meta property=\"article:modified_time\" content=\"2026-01-02T19:13:51+00:00\" \/>\n<meta property=\"og:image\" content=\"https:\/\/shanabooks.de\/wp-content\/uploads\/2024\/03\/Kene-Miriyan-Gunehe-Guran.png\" \/>\n\t<meta property=\"og:image:width\" content=\"279\" \/>\n\t<meta property=\"og:image:height\" content=\"468\" \/>\n\t<meta property=\"og:image:type\" content=\"image\/png\" \/>\n<meta name=\"twitter:card\" content=\"summary_large_image\" \/>\n<meta name=\"twitter:label1\" content=\"Est. reading time\" \/>\n\t<meta name=\"twitter:data1\" content=\"2 minutes\" \/>\n<script type=\"application\/ld+json\" class=\"yoast-schema-graph\">{\"@context\":\"https:\\\/\\\/schema.org\",\"@graph\":[{\"@type\":\"WebPage\",\"@id\":\"https:\\\/\\\/shanabooks.de\\\/product\\\/kene-miriyan-gunhen-guran-mem-med\\\/\",\"url\":\"https:\\\/\\\/shanabooks.de\\\/product\\\/kene-miriyan-gunhen-guran-mem-med\\\/\",\"name\":\"Ken\u00ea Miriyan Gunh\u00ean Guran - Mem Med - www.shanabooks.de\",\"isPartOf\":{\"@id\":\"https:\\\/\\\/shanabooks.de\\\/#website\"},\"primaryImageOfPage\":{\"@id\":\"https:\\\/\\\/shanabooks.de\\\/product\\\/kene-miriyan-gunhen-guran-mem-med\\\/#primaryimage\"},\"image\":{\"@id\":\"https:\\\/\\\/shanabooks.de\\\/product\\\/kene-miriyan-gunhen-guran-mem-med\\\/#primaryimage\"},\"thumbnailUrl\":\"https:\\\/\\\/shanabooks.de\\\/wp-content\\\/uploads\\\/2024\\\/03\\\/Kene-Miriyan-Gunehe-Guran.png\",\"datePublished\":\"2024-03-03T19:40:27+00:00\",\"dateModified\":\"2026-01-02T19:13:51+00:00\",\"description\":\"Ken\u00ea Miriyan Gunh\u00ean Guran - Mem Med Ji bo herkes li ber min rabe \u00fb b\u00eaje kerem bike, li helbest\u00ean min bin\u00earin \u00fb b\u00eajin, weeeeyyy! ya tu heya niha li k\u00eejan ...\",\"breadcrumb\":{\"@id\":\"https:\\\/\\\/shanabooks.de\\\/product\\\/kene-miriyan-gunhen-guran-mem-med\\\/#breadcrumb\"},\"inLanguage\":\"kur\",\"potentialAction\":[{\"@type\":\"ReadAction\",\"target\":[\"https:\\\/\\\/shanabooks.de\\\/product\\\/kene-miriyan-gunhen-guran-mem-med\\\/\"]}]},{\"@type\":\"ImageObject\",\"inLanguage\":\"kur\",\"@id\":\"https:\\\/\\\/shanabooks.de\\\/product\\\/kene-miriyan-gunhen-guran-mem-med\\\/#primaryimage\",\"url\":\"https:\\\/\\\/shanabooks.de\\\/wp-content\\\/uploads\\\/2024\\\/03\\\/Kene-Miriyan-Gunehe-Guran.png\",\"contentUrl\":\"https:\\\/\\\/shanabooks.de\\\/wp-content\\\/uploads\\\/2024\\\/03\\\/Kene-Miriyan-Gunehe-Guran.png\",\"width\":279,\"height\":468,\"caption\":\"Ken\u00ea Miriyan Gunh\u00ean Guran - Mem Med - pirt\u00fbk\u00ean kurd\u00ee - roman\"},{\"@type\":\"BreadcrumbList\",\"@id\":\"https:\\\/\\\/shanabooks.de\\\/product\\\/kene-miriyan-gunhen-guran-mem-med\\\/#breadcrumb\",\"itemListElement\":[{\"@type\":\"ListItem\",\"position\":1,\"name\":\"\u0627\u0644\u0631\u0626\u064a\u0633\u064a\u0629\",\"item\":\"https:\\\/\\\/shanabooks.de\\\/kur\\\/\"},{\"@type\":\"ListItem\",\"position\":2,\"name\":\"\u0627\u0644\u0645\u0646\u062a\u062c\u0627\u062a\",\"item\":\"https:\\\/\\\/shanabooks.de\\\/shop\\\/\"},{\"@type\":\"ListItem\",\"position\":3,\"name\":\"Ken\u00ea Miriyan Gunh\u00ean Guran\"}]},{\"@type\":\"WebSite\",\"@id\":\"https:\\\/\\\/shanabooks.de\\\/#website\",\"url\":\"https:\\\/\\\/shanabooks.de\\\/\",\"name\":\"www.shanbooks.de\",\"description\":\"C\u00eehana Pirt\u00fbk\u00ean Kurd\u00ee \u0645\u0643\u062a\u0628\u0629 \u0634\u0627\u0646\u0627 \u0641\u064a \u0627\u0644\u0645\u0627\u0646\u064a\u0627 \u0648\u0623\u0648\u0631\u0628\u0627\",\"publisher\":{\"@id\":\"https:\\\/\\\/shanabooks.de\\\/#organization\"},\"potentialAction\":[{\"@type\":\"SearchAction\",\"target\":{\"@type\":\"EntryPoint\",\"urlTemplate\":\"https:\\\/\\\/shanabooks.de\\\/?s={search_term_string}\"},\"query-input\":{\"@type\":\"PropertyValueSpecification\",\"valueRequired\":true,\"valueName\":\"search_term_string\"}}],\"inLanguage\":\"kur\"},{\"@type\":\"Organization\",\"@id\":\"https:\\\/\\\/shanabooks.de\\\/#organization\",\"name\":\"www.shanbooks.de\",\"url\":\"https:\\\/\\\/shanabooks.de\\\/\",\"logo\":{\"@type\":\"ImageObject\",\"inLanguage\":\"kur\",\"@id\":\"https:\\\/\\\/shanabooks.de\\\/#\\\/schema\\\/logo\\\/image\\\/\",\"url\":\"https:\\\/\\\/shanabooks.de\\\/wp-content\\\/uploads\\\/2024\\\/03\\\/SHANABOOKS__2_-removebg-preview.png\",\"contentUrl\":\"https:\\\/\\\/shanabooks.de\\\/wp-content\\\/uploads\\\/2024\\\/03\\\/SHANABOOKS__2_-removebg-preview.png\",\"width\":700,\"height\":150,\"caption\":\"www.shanbooks.de\"},\"image\":{\"@id\":\"https:\\\/\\\/shanabooks.de\\\/#\\\/schema\\\/logo\\\/image\\\/\"}}]}<\/script>\n<!-- \/ Yoast SEO plugin. -->","yoast_head_json":{"title":"Ken\u00ea Miriyan Gunh\u00ean Guran - Mem Med - www.shanabooks.de","description":"Ken\u00ea Miriyan Gunh\u00ean Guran - Mem Med Ji bo herkes li ber min rabe \u00fb b\u00eaje kerem bike, li helbest\u00ean min bin\u00earin \u00fb b\u00eajin, weeeeyyy! ya tu heya niha li k\u00eejan ...","robots":{"index":"index","follow":"follow","max-snippet":"max-snippet:-1","max-image-preview":"max-image-preview:large","max-video-preview":"max-video-preview:-1"},"canonical":"https:\/\/shanabooks.de\/product\/kene-miriyan-gunhen-guran-mem-med\/","og_locale":"en_US","og_type":"article","og_title":"Ken\u00ea Miriyan Gunh\u00ean Guran - Mem Med - www.shanabooks.de","og_description":"Ken\u00ea Miriyan Gunh\u00ean Guran - Mem Med Ji bo herkes li ber min rabe \u00fb b\u00eaje kerem bike, li helbest\u00ean min bin\u00earin \u00fb b\u00eajin, weeeeyyy! ya tu heya niha li k\u00eejan ...","og_url":"https:\/\/shanabooks.de\/product\/kene-miriyan-gunhen-guran-mem-med\/","og_site_name":"www.shanabooks.de","article_modified_time":"2026-01-02T19:13:51+00:00","og_image":[{"width":279,"height":468,"url":"https:\/\/shanabooks.de\/wp-content\/uploads\/2024\/03\/Kene-Miriyan-Gunehe-Guran.png","type":"image\/png"}],"twitter_card":"summary_large_image","twitter_misc":{"Est. reading time":"2 minutes"},"schema":{"@context":"https:\/\/schema.org","@graph":[{"@type":"WebPage","@id":"https:\/\/shanabooks.de\/product\/kene-miriyan-gunhen-guran-mem-med\/","url":"https:\/\/shanabooks.de\/product\/kene-miriyan-gunhen-guran-mem-med\/","name":"Ken\u00ea Miriyan Gunh\u00ean Guran - Mem Med - www.shanabooks.de","isPartOf":{"@id":"https:\/\/shanabooks.de\/#website"},"primaryImageOfPage":{"@id":"https:\/\/shanabooks.de\/product\/kene-miriyan-gunhen-guran-mem-med\/#primaryimage"},"image":{"@id":"https:\/\/shanabooks.de\/product\/kene-miriyan-gunhen-guran-mem-med\/#primaryimage"},"thumbnailUrl":"https:\/\/shanabooks.de\/wp-content\/uploads\/2024\/03\/Kene-Miriyan-Gunehe-Guran.png","datePublished":"2024-03-03T19:40:27+00:00","dateModified":"2026-01-02T19:13:51+00:00","description":"Ken\u00ea Miriyan Gunh\u00ean Guran - Mem Med Ji bo herkes li ber min rabe \u00fb b\u00eaje kerem bike, li helbest\u00ean min bin\u00earin \u00fb b\u00eajin, weeeeyyy! ya tu heya niha li k\u00eejan ...","breadcrumb":{"@id":"https:\/\/shanabooks.de\/product\/kene-miriyan-gunhen-guran-mem-med\/#breadcrumb"},"inLanguage":"kur","potentialAction":[{"@type":"ReadAction","target":["https:\/\/shanabooks.de\/product\/kene-miriyan-gunhen-guran-mem-med\/"]}]},{"@type":"ImageObject","inLanguage":"kur","@id":"https:\/\/shanabooks.de\/product\/kene-miriyan-gunhen-guran-mem-med\/#primaryimage","url":"https:\/\/shanabooks.de\/wp-content\/uploads\/2024\/03\/Kene-Miriyan-Gunehe-Guran.png","contentUrl":"https:\/\/shanabooks.de\/wp-content\/uploads\/2024\/03\/Kene-Miriyan-Gunehe-Guran.png","width":279,"height":468,"caption":"Ken\u00ea Miriyan Gunh\u00ean Guran - Mem Med - pirt\u00fbk\u00ean kurd\u00ee - roman"},{"@type":"BreadcrumbList","@id":"https:\/\/shanabooks.de\/product\/kene-miriyan-gunhen-guran-mem-med\/#breadcrumb","itemListElement":[{"@type":"ListItem","position":1,"name":"\u0627\u0644\u0631\u0626\u064a\u0633\u064a\u0629","item":"https:\/\/shanabooks.de\/kur\/"},{"@type":"ListItem","position":2,"name":"\u0627\u0644\u0645\u0646\u062a\u062c\u0627\u062a","item":"https:\/\/shanabooks.de\/shop\/"},{"@type":"ListItem","position":3,"name":"Ken\u00ea Miriyan Gunh\u00ean Guran"}]},{"@type":"WebSite","@id":"https:\/\/shanabooks.de\/#website","url":"https:\/\/shanabooks.de\/","name":"www.shanbooks.de","description":"C\u00eehana Pirt\u00fbk\u00ean Kurd\u00ee \u0645\u0643\u062a\u0628\u0629 \u0634\u0627\u0646\u0627 \u0641\u064a \u0627\u0644\u0645\u0627\u0646\u064a\u0627 \u0648\u0623\u0648\u0631\u0628\u0627","publisher":{"@id":"https:\/\/shanabooks.de\/#organization"},"potentialAction":[{"@type":"SearchAction","target":{"@type":"EntryPoint","urlTemplate":"https:\/\/shanabooks.de\/?s={search_term_string}"},"query-input":{"@type":"PropertyValueSpecification","valueRequired":true,"valueName":"search_term_string"}}],"inLanguage":"kur"},{"@type":"Organization","@id":"https:\/\/shanabooks.de\/#organization","name":"www.shanbooks.de","url":"https:\/\/shanabooks.de\/","logo":{"@type":"ImageObject","inLanguage":"kur","@id":"https:\/\/shanabooks.de\/#\/schema\/logo\/image\/","url":"https:\/\/shanabooks.de\/wp-content\/uploads\/2024\/03\/SHANABOOKS__2_-removebg-preview.png","contentUrl":"https:\/\/shanabooks.de\/wp-content\/uploads\/2024\/03\/SHANABOOKS__2_-removebg-preview.png","width":700,"height":150,"caption":"www.shanbooks.de"},"image":{"@id":"https:\/\/shanabooks.de\/#\/schema\/logo\/image\/"}}]}},"jetpack_sharing_enabled":true,"_links":{"self":[{"href":"https:\/\/shanabooks.de\/kur\/wp-json\/wp\/v2\/product\/12071","targetHints":{"allow":["GET"]}}],"collection":[{"href":"https:\/\/shanabooks.de\/kur\/wp-json\/wp\/v2\/product"}],"about":[{"href":"https:\/\/shanabooks.de\/kur\/wp-json\/wp\/v2\/types\/product"}],"version-history":[{"count":3,"href":"https:\/\/shanabooks.de\/kur\/wp-json\/wp\/v2\/product\/12071\/revisions"}],"predecessor-version":[{"id":23160,"href":"https:\/\/shanabooks.de\/kur\/wp-json\/wp\/v2\/product\/12071\/revisions\/23160"}],"wp:featuredmedia":[{"embeddable":true,"href":"https:\/\/shanabooks.de\/kur\/wp-json\/wp\/v2\/media\/12131"}],"wp:attachment":[{"href":"https:\/\/shanabooks.de\/kur\/wp-json\/wp\/v2\/media?parent=12071"}],"wp:term":[{"taxonomy":"product_brand","embeddable":true,"href":"https:\/\/shanabooks.de\/kur\/wp-json\/wp\/v2\/product_brand?post=12071"},{"taxonomy":"product_cat","embeddable":true,"href":"https:\/\/shanabooks.de\/kur\/wp-json\/wp\/v2\/product_cat?post=12071"},{"taxonomy":"product_tag","embeddable":true,"href":"https:\/\/shanabooks.de\/kur\/wp-json\/wp\/v2\/product_tag?post=12071"}],"curies":[{"name":"wp","href":"https:\/\/api.w.org\/{rel}","templated":true}]}}