{"id":12072,"date":"2024-03-03T19:40:27","date_gmt":"2024-03-03T19:40:27","guid":{"rendered":"https:\/\/shanabooks.de\/?post_type=product&#038;p=12072"},"modified":"2024-04-07T09:44:51","modified_gmt":"2024-04-07T09:44:51","slug":"reis-remezan-ferhad-pirbal","status":"publish","type":"product","link":"https:\/\/shanabooks.de\/kur\/product\/reis-remezan-ferhad-pirbal\/","title":{"rendered":"Re\u00ees Remezan (ekan)"},"content":{"rendered":"<p dir=\"ltr\"><strong>Re\u00ees Remezan &#8211; Ferhad P\u00eerbal<\/strong><\/p>\n<p dir=\"ltr\">Ji soran\u00ee bo kurmanc\u00ee:\u00a0Eyup Suba\u015f\u0131 \/ \u00c7etoy\u00ea Z\u00eado<b><br \/>\n<\/b>Le gerek\u00ee Teyrawe, beramber mizgewt\u00ee Hac\u00ee Ebdella, le kolanekey ten\u00ee\u015ft Hemam\u00ee Muxtar, piyaw\u00eak\u00ee zigurt\u00ee dejiya. Temen\u00ee penca sal\u00eak; le pol\u00eesxanekey pi\u015ft gaz\u00eenoy kurd \u00fb ereb muaw\u00een\u00ee pol\u00ees b\u00fb. P\u00eayan degot: Re\u00ees Remezan\u2026 Xwa behrey ewey p\u00ea bex\u015f\u00eeb\u00fb bitwan\u00ea xoy bikate d\u00fb-s\u00ea kes\u00ee d\u00eeke; wate tiwanay ewey heb\u00fb le yek kat da \u00e7end kes\u00eak\u00ee d\u00eekey wek xoy; le xoy da dirust bikat \u00fb berhelday dinyayan bikat.<br \/>\nLi taxa Teyrawey\u00ea, beramber\u00ee mizgefta Hac\u00ee Ebdella, li kolana teni\u015fta Hemama Muxtar, zilamek\u00ee zigurt dijiya. Temen\u00ea w\u00ee p\u00eanc\u00ee sal b\u00fb; li pol\u00eesxaneya pi\u015ft gazinoya kurd \u00fb ereban, muaw\u00een\u00ea pol\u00ees b\u00fb. Digotine w\u00ee: Re\u00ees Remezan\u2026 Xwed\u00ea behreya w\u00ea yek\u00ea bex\u015f\u00eeb\u00fb w\u00ee, ku bikare xwe bike du-s\u00ea kes\u00ean din; ango h\u00eaza w\u00ea yek\u00ea di w\u00ee de heb\u00fb, ku di heman dem\u00ea de \u00e7end kes\u00ean wek xwe; ji xwe dirust bike \u00fb wan berde dinyay\u00ea.<\/p>\n<p dir=\"ltr\" style=\"font-weight: 400;\">*\u00a0Ev ten\u00ea destp\u00eaka \u00e7\u00eerok\u00ea ye, ed\u00ee bala we ki\u015fandibe ez dib\u00eam h\u00fbn\u00ea bi xwendina w\u00ea hinek\u00ee din poet\u00eeka Ferhad P\u00eerbal binasin&#8230; Di kit\u00eab\u00ea de w\u00eaney\u00ean \u00e7\u00eerok\u00ea j\u00ee hene, \u00eeca y\u00ean ku h\u00ea nexwendibin mabin, ew bi q\u00eema xwe ne..<\/p>\n<p dir=\"ltr\">\u00c7\u00eeroka bi nav\u00ea Re\u00ees Remezan ya Ferhad P\u00eerbal ji we\u015fan\u00ean Avetsay\u00ea ye.<\/p>\n","protected":false},"excerpt":{"rendered":"<p dir=\"ltr\" style=\"text-align: center;\"><strong>Pirt\u00fbk: Re\u00ees Remezan (ekan)<br \/>\nNiv\u00eeskar: Ferhad P\u00eerbal<\/strong><br \/>\n<strong>Cure: \u00c7\u00eerok<\/strong><\/p>\n","protected":false},"featured_media":12133,"template":"","meta":{"site-sidebar-layout":"default","site-content-layout":"","ast-site-content-layout":"default","site-content-style":"default","site-sidebar-style":"default","ast-global-header-display":"","ast-banner-title-visibility":"","ast-main-header-display":"","ast-hfb-above-header-display":"","ast-hfb-below-header-display":"","ast-hfb-mobile-header-display":"","site-post-title":"","ast-breadcrumbs-content":"","ast-featured-img":"","footer-sml-layout":"","ast-disable-related-posts":"","theme-transparent-header-meta":"default","adv-header-id-meta":"","stick-header-meta":"","header-above-stick-meta":"","header-main-stick-meta":"","header-below-stick-meta":"","astra-migrate-meta-layouts":"set","ast-page-background-enabled":"default","ast-page-background-meta":{"desktop":{"background-color":"","background-image":"","background-repeat":"repeat","background-position":"center center","background-size":"auto","background-attachment":"scroll","background-type":"","background-media":"","overlay-type":"","overlay-color":"","overlay-opacity":"","overlay-gradient":""},"tablet":{"background-color":"","background-image":"","background-repeat":"repeat","background-position":"center center","background-size":"auto","background-attachment":"scroll","background-type":"","background-media":"","overlay-type":"","overlay-color":"","overlay-opacity":"","overlay-gradient":""},"mobile":{"background-color":"","background-image":"","background-repeat":"repeat","background-position":"center center","background-size":"auto","background-attachment":"scroll","background-type":"","background-media":"","overlay-type":"","overlay-color":"","overlay-opacity":"","overlay-gradient":""}},"ast-content-background-meta":{"desktop":{"background-color":"var(--ast-global-color-5)","background-image":"","background-repeat":"repeat","background-position":"center center","background-size":"auto","background-attachment":"scroll","background-type":"","background-media":"","overlay-type":"","overlay-color":"","overlay-opacity":"","overlay-gradient":""},"tablet":{"background-color":"var(--ast-global-color-5)","background-image":"","background-repeat":"repeat","background-position":"center center","background-size":"auto","background-attachment":"scroll","background-type":"","background-media":"","overlay-type":"","overlay-color":"","overlay-opacity":"","overlay-gradient":""},"mobile":{"background-color":"var(--ast-global-color-5)","background-image":"","background-repeat":"repeat","background-position":"center center","background-size":"auto","background-attachment":"scroll","background-type":"","background-media":"","overlay-type":"","overlay-color":"","overlay-opacity":"","overlay-gradient":""}}},"product_brand":[],"product_cat":[183,193],"product_tag":[],"class_list":{"0":"post-12072","1":"product","2":"type-product","3":"status-publish","4":"has-post-thumbnail","6":"product_cat-_","7":"product_cat--_","8":"pa_-cirok","9":"pa_-ferhad-pirbal","10":"pa_-kurmanci","11":"pa_--avesta-yayinlari","12":"desktop-align-left","13":"tablet-align-left","14":"mobile-align-left","16":"first","17":"instock","18":"shipping-taxable","19":"purchasable","20":"product-type-simple"},"yoast_head":"<!-- This site is optimized with the Yoast SEO plugin v27.4 - https:\/\/yoast.com\/product\/yoast-seo-wordpress\/ -->\n<title>Re\u00ees Remezan - Ferhad P\u00eerbal - www.shanabooks.de<\/title>\n<meta name=\"description\" content=\"Re\u00ees Remezan - Ferhad P\u00eerbal gerek\u00ee Teyrawe, beramber mizgewt\u00ee Hac\u00ee Ebdella, le kolanekey ten\u00ee\u015ft Hemam\u00ee Muxtar, piyaw\u00eak\u00ee zigurt\u00ee dejiya. Temen\u00ee ...\" \/>\n<meta name=\"robots\" content=\"index, follow, max-snippet:-1, max-image-preview:large, max-video-preview:-1\" \/>\n<link rel=\"canonical\" href=\"https:\/\/shanabooks.de\/product\/reis-remezan-ferhad-pirbal\/\" \/>\n<meta property=\"og:locale\" content=\"en_US\" \/>\n<meta property=\"og:type\" content=\"article\" \/>\n<meta property=\"og:title\" content=\"Re\u00ees Remezan - Ferhad P\u00eerbal - www.shanabooks.de\" \/>\n<meta property=\"og:description\" content=\"Re\u00ees Remezan - Ferhad P\u00eerbal gerek\u00ee Teyrawe, beramber mizgewt\u00ee Hac\u00ee Ebdella, le kolanekey ten\u00ee\u015ft Hemam\u00ee Muxtar, piyaw\u00eak\u00ee zigurt\u00ee dejiya. Temen\u00ee ...\" \/>\n<meta property=\"og:url\" content=\"https:\/\/shanabooks.de\/product\/reis-remezan-ferhad-pirbal\/\" \/>\n<meta property=\"og:site_name\" content=\"www.shanabooks.de\" \/>\n<meta property=\"article:modified_time\" content=\"2024-04-07T09:44:51+00:00\" \/>\n<meta property=\"og:image\" content=\"https:\/\/shanabooks.de\/wp-content\/uploads\/2024\/03\/Reis-Remezan.jpg\" \/>\n\t<meta property=\"og:image:width\" content=\"599\" \/>\n\t<meta property=\"og:image:height\" content=\"900\" \/>\n\t<meta property=\"og:image:type\" content=\"image\/jpeg\" \/>\n<meta name=\"twitter:card\" content=\"summary_large_image\" \/>\n<meta name=\"twitter:label1\" content=\"Est. reading time\" \/>\n\t<meta name=\"twitter:data1\" content=\"2 minutes\" \/>\n<script type=\"application\/ld+json\" class=\"yoast-schema-graph\">{\"@context\":\"https:\\\/\\\/schema.org\",\"@graph\":[{\"@type\":\"WebPage\",\"@id\":\"https:\\\/\\\/shanabooks.de\\\/product\\\/reis-remezan-ferhad-pirbal\\\/\",\"url\":\"https:\\\/\\\/shanabooks.de\\\/product\\\/reis-remezan-ferhad-pirbal\\\/\",\"name\":\"Re\u00ees Remezan - Ferhad P\u00eerbal - www.shanabooks.de\",\"isPartOf\":{\"@id\":\"https:\\\/\\\/shanabooks.de\\\/#website\"},\"primaryImageOfPage\":{\"@id\":\"https:\\\/\\\/shanabooks.de\\\/product\\\/reis-remezan-ferhad-pirbal\\\/#primaryimage\"},\"image\":{\"@id\":\"https:\\\/\\\/shanabooks.de\\\/product\\\/reis-remezan-ferhad-pirbal\\\/#primaryimage\"},\"thumbnailUrl\":\"https:\\\/\\\/shanabooks.de\\\/wp-content\\\/uploads\\\/2024\\\/03\\\/Reis-Remezan.jpg\",\"datePublished\":\"2024-03-03T19:40:27+00:00\",\"dateModified\":\"2024-04-07T09:44:51+00:00\",\"description\":\"Re\u00ees Remezan - Ferhad P\u00eerbal gerek\u00ee Teyrawe, beramber mizgewt\u00ee Hac\u00ee Ebdella, le kolanekey ten\u00ee\u015ft Hemam\u00ee Muxtar, piyaw\u00eak\u00ee zigurt\u00ee dejiya. Temen\u00ee ...\",\"breadcrumb\":{\"@id\":\"https:\\\/\\\/shanabooks.de\\\/product\\\/reis-remezan-ferhad-pirbal\\\/#breadcrumb\"},\"inLanguage\":\"kur\",\"potentialAction\":[{\"@type\":\"ReadAction\",\"target\":[\"https:\\\/\\\/shanabooks.de\\\/product\\\/reis-remezan-ferhad-pirbal\\\/\"]}]},{\"@type\":\"ImageObject\",\"inLanguage\":\"kur\",\"@id\":\"https:\\\/\\\/shanabooks.de\\\/product\\\/reis-remezan-ferhad-pirbal\\\/#primaryimage\",\"url\":\"https:\\\/\\\/shanabooks.de\\\/wp-content\\\/uploads\\\/2024\\\/03\\\/Reis-Remezan.jpg\",\"contentUrl\":\"https:\\\/\\\/shanabooks.de\\\/wp-content\\\/uploads\\\/2024\\\/03\\\/Reis-Remezan.jpg\",\"width\":599,\"height\":900,\"caption\":\"Re\u00ees Remezan (ekan) -Ferhad P\u00eerbal - pirt\u00fb\u00ean kurd\u00ee - \u00e7\u00eerok\"},{\"@type\":\"BreadcrumbList\",\"@id\":\"https:\\\/\\\/shanabooks.de\\\/product\\\/reis-remezan-ferhad-pirbal\\\/#breadcrumb\",\"itemListElement\":[{\"@type\":\"ListItem\",\"position\":1,\"name\":\"\u0627\u0644\u0631\u0626\u064a\u0633\u064a\u0629\",\"item\":\"https:\\\/\\\/shanabooks.de\\\/kur\\\/\"},{\"@type\":\"ListItem\",\"position\":2,\"name\":\"\u0627\u0644\u0645\u0646\u062a\u062c\u0627\u062a\",\"item\":\"https:\\\/\\\/shanabooks.de\\\/shop\\\/\"},{\"@type\":\"ListItem\",\"position\":3,\"name\":\"Re\u00ees Remezan (ekan)\"}]},{\"@type\":\"WebSite\",\"@id\":\"https:\\\/\\\/shanabooks.de\\\/#website\",\"url\":\"https:\\\/\\\/shanabooks.de\\\/\",\"name\":\"www.shanbooks.de\",\"description\":\"C\u00eehana Pirt\u00fbk\u00ean Kurd\u00ee \u0645\u0643\u062a\u0628\u0629 \u0634\u0627\u0646\u0627 \u0641\u064a \u0627\u0644\u0645\u0627\u0646\u064a\u0627 \u0648\u0623\u0648\u0631\u0628\u0627\",\"publisher\":{\"@id\":\"https:\\\/\\\/shanabooks.de\\\/#organization\"},\"potentialAction\":[{\"@type\":\"SearchAction\",\"target\":{\"@type\":\"EntryPoint\",\"urlTemplate\":\"https:\\\/\\\/shanabooks.de\\\/?s={search_term_string}\"},\"query-input\":{\"@type\":\"PropertyValueSpecification\",\"valueRequired\":true,\"valueName\":\"search_term_string\"}}],\"inLanguage\":\"kur\"},{\"@type\":\"Organization\",\"@id\":\"https:\\\/\\\/shanabooks.de\\\/#organization\",\"name\":\"www.shanbooks.de\",\"url\":\"https:\\\/\\\/shanabooks.de\\\/\",\"logo\":{\"@type\":\"ImageObject\",\"inLanguage\":\"kur\",\"@id\":\"https:\\\/\\\/shanabooks.de\\\/#\\\/schema\\\/logo\\\/image\\\/\",\"url\":\"https:\\\/\\\/shanabooks.de\\\/wp-content\\\/uploads\\\/2024\\\/03\\\/SHANABOOKS__2_-removebg-preview.png\",\"contentUrl\":\"https:\\\/\\\/shanabooks.de\\\/wp-content\\\/uploads\\\/2024\\\/03\\\/SHANABOOKS__2_-removebg-preview.png\",\"width\":700,\"height\":150,\"caption\":\"www.shanbooks.de\"},\"image\":{\"@id\":\"https:\\\/\\\/shanabooks.de\\\/#\\\/schema\\\/logo\\\/image\\\/\"}}]}<\/script>\n<!-- \/ Yoast SEO plugin. -->","yoast_head_json":{"title":"Re\u00ees Remezan - Ferhad P\u00eerbal - www.shanabooks.de","description":"Re\u00ees Remezan - Ferhad P\u00eerbal gerek\u00ee Teyrawe, beramber mizgewt\u00ee Hac\u00ee Ebdella, le kolanekey ten\u00ee\u015ft Hemam\u00ee Muxtar, piyaw\u00eak\u00ee zigurt\u00ee dejiya. Temen\u00ee ...","robots":{"index":"index","follow":"follow","max-snippet":"max-snippet:-1","max-image-preview":"max-image-preview:large","max-video-preview":"max-video-preview:-1"},"canonical":"https:\/\/shanabooks.de\/product\/reis-remezan-ferhad-pirbal\/","og_locale":"en_US","og_type":"article","og_title":"Re\u00ees Remezan - Ferhad P\u00eerbal - www.shanabooks.de","og_description":"Re\u00ees Remezan - Ferhad P\u00eerbal gerek\u00ee Teyrawe, beramber mizgewt\u00ee Hac\u00ee Ebdella, le kolanekey ten\u00ee\u015ft Hemam\u00ee Muxtar, piyaw\u00eak\u00ee zigurt\u00ee dejiya. Temen\u00ee ...","og_url":"https:\/\/shanabooks.de\/product\/reis-remezan-ferhad-pirbal\/","og_site_name":"www.shanabooks.de","article_modified_time":"2024-04-07T09:44:51+00:00","og_image":[{"width":599,"height":900,"url":"https:\/\/shanabooks.de\/wp-content\/uploads\/2024\/03\/Reis-Remezan.jpg","type":"image\/jpeg"}],"twitter_card":"summary_large_image","twitter_misc":{"Est. reading time":"2 minutes"},"schema":{"@context":"https:\/\/schema.org","@graph":[{"@type":"WebPage","@id":"https:\/\/shanabooks.de\/product\/reis-remezan-ferhad-pirbal\/","url":"https:\/\/shanabooks.de\/product\/reis-remezan-ferhad-pirbal\/","name":"Re\u00ees Remezan - Ferhad P\u00eerbal - www.shanabooks.de","isPartOf":{"@id":"https:\/\/shanabooks.de\/#website"},"primaryImageOfPage":{"@id":"https:\/\/shanabooks.de\/product\/reis-remezan-ferhad-pirbal\/#primaryimage"},"image":{"@id":"https:\/\/shanabooks.de\/product\/reis-remezan-ferhad-pirbal\/#primaryimage"},"thumbnailUrl":"https:\/\/shanabooks.de\/wp-content\/uploads\/2024\/03\/Reis-Remezan.jpg","datePublished":"2024-03-03T19:40:27+00:00","dateModified":"2024-04-07T09:44:51+00:00","description":"Re\u00ees Remezan - Ferhad P\u00eerbal gerek\u00ee Teyrawe, beramber mizgewt\u00ee Hac\u00ee Ebdella, le kolanekey ten\u00ee\u015ft Hemam\u00ee Muxtar, piyaw\u00eak\u00ee zigurt\u00ee dejiya. Temen\u00ee ...","breadcrumb":{"@id":"https:\/\/shanabooks.de\/product\/reis-remezan-ferhad-pirbal\/#breadcrumb"},"inLanguage":"kur","potentialAction":[{"@type":"ReadAction","target":["https:\/\/shanabooks.de\/product\/reis-remezan-ferhad-pirbal\/"]}]},{"@type":"ImageObject","inLanguage":"kur","@id":"https:\/\/shanabooks.de\/product\/reis-remezan-ferhad-pirbal\/#primaryimage","url":"https:\/\/shanabooks.de\/wp-content\/uploads\/2024\/03\/Reis-Remezan.jpg","contentUrl":"https:\/\/shanabooks.de\/wp-content\/uploads\/2024\/03\/Reis-Remezan.jpg","width":599,"height":900,"caption":"Re\u00ees Remezan (ekan) -Ferhad P\u00eerbal - pirt\u00fb\u00ean kurd\u00ee - \u00e7\u00eerok"},{"@type":"BreadcrumbList","@id":"https:\/\/shanabooks.de\/product\/reis-remezan-ferhad-pirbal\/#breadcrumb","itemListElement":[{"@type":"ListItem","position":1,"name":"\u0627\u0644\u0631\u0626\u064a\u0633\u064a\u0629","item":"https:\/\/shanabooks.de\/kur\/"},{"@type":"ListItem","position":2,"name":"\u0627\u0644\u0645\u0646\u062a\u062c\u0627\u062a","item":"https:\/\/shanabooks.de\/shop\/"},{"@type":"ListItem","position":3,"name":"Re\u00ees Remezan (ekan)"}]},{"@type":"WebSite","@id":"https:\/\/shanabooks.de\/#website","url":"https:\/\/shanabooks.de\/","name":"www.shanbooks.de","description":"C\u00eehana Pirt\u00fbk\u00ean Kurd\u00ee \u0645\u0643\u062a\u0628\u0629 \u0634\u0627\u0646\u0627 \u0641\u064a \u0627\u0644\u0645\u0627\u0646\u064a\u0627 \u0648\u0623\u0648\u0631\u0628\u0627","publisher":{"@id":"https:\/\/shanabooks.de\/#organization"},"potentialAction":[{"@type":"SearchAction","target":{"@type":"EntryPoint","urlTemplate":"https:\/\/shanabooks.de\/?s={search_term_string}"},"query-input":{"@type":"PropertyValueSpecification","valueRequired":true,"valueName":"search_term_string"}}],"inLanguage":"kur"},{"@type":"Organization","@id":"https:\/\/shanabooks.de\/#organization","name":"www.shanbooks.de","url":"https:\/\/shanabooks.de\/","logo":{"@type":"ImageObject","inLanguage":"kur","@id":"https:\/\/shanabooks.de\/#\/schema\/logo\/image\/","url":"https:\/\/shanabooks.de\/wp-content\/uploads\/2024\/03\/SHANABOOKS__2_-removebg-preview.png","contentUrl":"https:\/\/shanabooks.de\/wp-content\/uploads\/2024\/03\/SHANABOOKS__2_-removebg-preview.png","width":700,"height":150,"caption":"www.shanbooks.de"},"image":{"@id":"https:\/\/shanabooks.de\/#\/schema\/logo\/image\/"}}]}},"jetpack_sharing_enabled":true,"_links":{"self":[{"href":"https:\/\/shanabooks.de\/kur\/wp-json\/wp\/v2\/product\/12072","targetHints":{"allow":["GET"]}}],"collection":[{"href":"https:\/\/shanabooks.de\/kur\/wp-json\/wp\/v2\/product"}],"about":[{"href":"https:\/\/shanabooks.de\/kur\/wp-json\/wp\/v2\/types\/product"}],"version-history":[{"count":3,"href":"https:\/\/shanabooks.de\/kur\/wp-json\/wp\/v2\/product\/12072\/revisions"}],"predecessor-version":[{"id":23067,"href":"https:\/\/shanabooks.de\/kur\/wp-json\/wp\/v2\/product\/12072\/revisions\/23067"}],"wp:featuredmedia":[{"embeddable":true,"href":"https:\/\/shanabooks.de\/kur\/wp-json\/wp\/v2\/media\/12133"}],"wp:attachment":[{"href":"https:\/\/shanabooks.de\/kur\/wp-json\/wp\/v2\/media?parent=12072"}],"wp:term":[{"taxonomy":"product_brand","embeddable":true,"href":"https:\/\/shanabooks.de\/kur\/wp-json\/wp\/v2\/product_brand?post=12072"},{"taxonomy":"product_cat","embeddable":true,"href":"https:\/\/shanabooks.de\/kur\/wp-json\/wp\/v2\/product_cat?post=12072"},{"taxonomy":"product_tag","embeddable":true,"href":"https:\/\/shanabooks.de\/kur\/wp-json\/wp\/v2\/product_tag?post=12072"}],"curies":[{"name":"wp","href":"https:\/\/api.w.org\/{rel}","templated":true}]}}