{"id":12074,"date":"2024-03-03T19:40:27","date_gmt":"2024-03-03T19:40:27","guid":{"rendered":"https:\/\/shanabooks.de\/?post_type=product&#038;p=12074"},"modified":"2024-04-06T10:29:02","modified_gmt":"2024-04-06T10:29:02","slug":"bist-sal-u-evarek-sebri-silevani","status":"publish","type":"product","link":"https:\/\/shanabooks.de\/kur\/product\/bist-sal-u-evarek-sebri-silevani\/","title":{"rendered":"B\u00eest Sal \u00fb \u00cavarek"},"content":{"rendered":"<p dir=\"ltr\"><strong>B\u00eest sal \u00fb \u00eavarek &#8211; Sebr\u00ee Sil\u00eavan\u00ee<\/strong><\/p>\n<p dir=\"ltr\">Romana B\u00eest Sal \u00fb \u00cavarek ya Sebr\u00ee Sil\u00eavan\u00ee. Sebr\u00ee Sil\u00eavan\u00ee\u00a0niv\u00eeskar \u00fb romanniv\u00ees e ji\u00a0ba\u015f\u00fbr\u00ea Kurdistan\u00ea. Li sala 1972\u2019an hatiye v\u00ea dunyay\u00ea. Li sala 1987\u2019an dest bi niv\u00ees\u00ea kiriye, yekem\u00een berhem li sala 1992\u2019an belave kiriye.<br \/>\nLi sala 1992\u2019an tev li xebata siyas\u00ee b\u00fb, bel\u00ea ji ber rew\u015fa awarte a ba\u015f\u00fbr\u00ea welat \u00fb hindek sedem\u00ean siyas\u00ee, ne\u00e7ar b\u00fb ku ko\u00e7ber\u00ee Awrupa bibe. Heya sala 2006\u2019an li welat\u00ea\u00a0Holenda\u00a0maye, evcar vegerya Ba\u015f\u00fbr \u00fb aniha li devera\u00a0S\u00eam\u00eal\u00ea\u00a0ser bi\u00a0par\u00eazgeha Duhok\u00ea\u00a0ve, akinc\u00ee ye.<\/p>\n<p dir=\"ltr\">\n","protected":false},"excerpt":{"rendered":"<p dir=\"ltr\" style=\"text-align: center;\"><strong>Pirt\u00fbk: B\u00eest Sal \u00fb \u00cavarek<br \/>\nNiv\u00eeskar: Sebr\u00ee Sil\u00eavan\u00ee<\/strong><br \/>\n<strong>Cure: Roman<\/strong><\/p>\n","protected":false},"featured_media":12137,"template":"","meta":{"site-sidebar-layout":"default","site-content-layout":"","ast-site-content-layout":"default","site-content-style":"default","site-sidebar-style":"default","ast-global-header-display":"","ast-banner-title-visibility":"","ast-main-header-display":"","ast-hfb-above-header-display":"","ast-hfb-below-header-display":"","ast-hfb-mobile-header-display":"","site-post-title":"","ast-breadcrumbs-content":"","ast-featured-img":"","footer-sml-layout":"","ast-disable-related-posts":"","theme-transparent-header-meta":"default","adv-header-id-meta":"","stick-header-meta":"","header-above-stick-meta":"","header-main-stick-meta":"","header-below-stick-meta":"","astra-migrate-meta-layouts":"set","ast-page-background-enabled":"default","ast-page-background-meta":{"desktop":{"background-color":"","background-image":"","background-repeat":"repeat","background-position":"center center","background-size":"auto","background-attachment":"scroll","background-type":"","background-media":"","overlay-type":"","overlay-color":"","overlay-opacity":"","overlay-gradient":""},"tablet":{"background-color":"","background-image":"","background-repeat":"repeat","background-position":"center center","background-size":"auto","background-attachment":"scroll","background-type":"","background-media":"","overlay-type":"","overlay-color":"","overlay-opacity":"","overlay-gradient":""},"mobile":{"background-color":"","background-image":"","background-repeat":"repeat","background-position":"center center","background-size":"auto","background-attachment":"scroll","background-type":"","background-media":"","overlay-type":"","overlay-color":"","overlay-opacity":"","overlay-gradient":""}},"ast-content-background-meta":{"desktop":{"background-color":"var(--ast-global-color-5)","background-image":"","background-repeat":"repeat","background-position":"center center","background-size":"auto","background-attachment":"scroll","background-type":"","background-media":"","overlay-type":"","overlay-color":"","overlay-opacity":"","overlay-gradient":""},"tablet":{"background-color":"var(--ast-global-color-5)","background-image":"","background-repeat":"repeat","background-position":"center center","background-size":"auto","background-attachment":"scroll","background-type":"","background-media":"","overlay-type":"","overlay-color":"","overlay-opacity":"","overlay-gradient":""},"mobile":{"background-color":"var(--ast-global-color-5)","background-image":"","background-repeat":"repeat","background-position":"center center","background-size":"auto","background-attachment":"scroll","background-type":"","background-media":"","overlay-type":"","overlay-color":"","overlay-opacity":"","overlay-gradient":""}}},"product_brand":[],"product_cat":[182,193],"product_tag":[],"class_list":{"0":"post-12074","1":"product","2":"type-product","3":"status-publish","4":"has-post-thumbnail","6":"product_cat-_","7":"product_cat--_","8":"pa_-roman","9":"pa_-sebri-silevani","10":"pa_-kurmanci","11":"pa_--ronahi-yayinlari","12":"desktop-align-left","13":"tablet-align-left","14":"mobile-align-left","16":"first","17":"instock","18":"shipping-taxable","19":"purchasable","20":"product-type-simple"},"yoast_head":"<!-- This site is optimized with the Yoast SEO plugin v27.4 - https:\/\/yoast.com\/product\/yoast-seo-wordpress\/ -->\n<title>B\u00eest sal \u00fb \u00eavarek - Sebr\u00ee Sil\u00eavan\u00ee - www.shanabooks.de<\/title>\n<meta name=\"description\" content=\"B\u00eest sal \u00fb \u00eavarek - Sebr\u00ee Sil\u00eavan\u00ee Romana B\u00eest Sal \u00fb \u00cavarek ya Sebr\u00ee Sil\u00eavan\u00ee. Sebr\u00ee Sil\u00eavan\u00ee\u00a0niv\u00eeskar \u00fb romanniv\u00ees e ji\u00a0ba\u015f\u00fbr\u00ea Kurdistan\u00ea. Li sala 1972...\" \/>\n<meta name=\"robots\" content=\"index, follow, max-snippet:-1, max-image-preview:large, max-video-preview:-1\" \/>\n<link rel=\"canonical\" href=\"https:\/\/shanabooks.de\/product\/bist-sal-u-evarek-sebri-silevani\/\" \/>\n<meta property=\"og:locale\" content=\"en_US\" \/>\n<meta property=\"og:type\" content=\"article\" \/>\n<meta property=\"og:title\" content=\"B\u00eest sal \u00fb \u00eavarek - Sebr\u00ee Sil\u00eavan\u00ee - www.shanabooks.de\" \/>\n<meta property=\"og:description\" content=\"B\u00eest sal \u00fb \u00eavarek - Sebr\u00ee Sil\u00eavan\u00ee Romana B\u00eest Sal \u00fb \u00cavarek ya Sebr\u00ee Sil\u00eavan\u00ee. Sebr\u00ee Sil\u00eavan\u00ee\u00a0niv\u00eeskar \u00fb romanniv\u00ees e ji\u00a0ba\u015f\u00fbr\u00ea Kurdistan\u00ea. Li sala 1972...\" \/>\n<meta property=\"og:url\" content=\"https:\/\/shanabooks.de\/product\/bist-sal-u-evarek-sebri-silevani\/\" \/>\n<meta property=\"og:site_name\" content=\"www.shanabooks.de\" \/>\n<meta property=\"article:modified_time\" content=\"2024-04-06T10:29:02+00:00\" \/>\n<meta property=\"og:image\" content=\"https:\/\/shanabooks.de\/wp-content\/uploads\/2024\/03\/sidt-sal-u-evaarek.jpg\" \/>\n\t<meta property=\"og:image:width\" content=\"664\" \/>\n\t<meta property=\"og:image:height\" content=\"955\" \/>\n\t<meta property=\"og:image:type\" content=\"image\/jpeg\" \/>\n<meta name=\"twitter:card\" content=\"summary_large_image\" \/>\n<meta name=\"twitter:label1\" content=\"Est. reading time\" \/>\n\t<meta name=\"twitter:data1\" content=\"1 minute\" \/>\n<script type=\"application\/ld+json\" class=\"yoast-schema-graph\">{\"@context\":\"https:\\\/\\\/schema.org\",\"@graph\":[{\"@type\":\"WebPage\",\"@id\":\"https:\\\/\\\/shanabooks.de\\\/product\\\/bist-sal-u-evarek-sebri-silevani\\\/\",\"url\":\"https:\\\/\\\/shanabooks.de\\\/product\\\/bist-sal-u-evarek-sebri-silevani\\\/\",\"name\":\"B\u00eest sal \u00fb \u00eavarek - Sebr\u00ee Sil\u00eavan\u00ee - www.shanabooks.de\",\"isPartOf\":{\"@id\":\"https:\\\/\\\/shanabooks.de\\\/#website\"},\"primaryImageOfPage\":{\"@id\":\"https:\\\/\\\/shanabooks.de\\\/product\\\/bist-sal-u-evarek-sebri-silevani\\\/#primaryimage\"},\"image\":{\"@id\":\"https:\\\/\\\/shanabooks.de\\\/product\\\/bist-sal-u-evarek-sebri-silevani\\\/#primaryimage\"},\"thumbnailUrl\":\"https:\\\/\\\/shanabooks.de\\\/wp-content\\\/uploads\\\/2024\\\/03\\\/sidt-sal-u-evaarek.jpg\",\"datePublished\":\"2024-03-03T19:40:27+00:00\",\"dateModified\":\"2024-04-06T10:29:02+00:00\",\"description\":\"B\u00eest sal \u00fb \u00eavarek - Sebr\u00ee Sil\u00eavan\u00ee Romana B\u00eest Sal \u00fb \u00cavarek ya Sebr\u00ee Sil\u00eavan\u00ee. Sebr\u00ee Sil\u00eavan\u00ee\u00a0niv\u00eeskar \u00fb romanniv\u00ees e ji\u00a0ba\u015f\u00fbr\u00ea Kurdistan\u00ea. Li sala 1972...\",\"breadcrumb\":{\"@id\":\"https:\\\/\\\/shanabooks.de\\\/product\\\/bist-sal-u-evarek-sebri-silevani\\\/#breadcrumb\"},\"inLanguage\":\"kur\",\"potentialAction\":[{\"@type\":\"ReadAction\",\"target\":[\"https:\\\/\\\/shanabooks.de\\\/product\\\/bist-sal-u-evarek-sebri-silevani\\\/\"]}]},{\"@type\":\"ImageObject\",\"inLanguage\":\"kur\",\"@id\":\"https:\\\/\\\/shanabooks.de\\\/product\\\/bist-sal-u-evarek-sebri-silevani\\\/#primaryimage\",\"url\":\"https:\\\/\\\/shanabooks.de\\\/wp-content\\\/uploads\\\/2024\\\/03\\\/sidt-sal-u-evaarek.jpg\",\"contentUrl\":\"https:\\\/\\\/shanabooks.de\\\/wp-content\\\/uploads\\\/2024\\\/03\\\/sidt-sal-u-evaarek.jpg\",\"width\":664,\"height\":955,\"caption\":\"B\u00eest sal \u00fb \u00eavarek - Sebr\u00ee Sil\u00eavan\u00ee - pirt\u00fbk\u00ean kurd\u00ee - roman\"},{\"@type\":\"BreadcrumbList\",\"@id\":\"https:\\\/\\\/shanabooks.de\\\/product\\\/bist-sal-u-evarek-sebri-silevani\\\/#breadcrumb\",\"itemListElement\":[{\"@type\":\"ListItem\",\"position\":1,\"name\":\"\u0627\u0644\u0631\u0626\u064a\u0633\u064a\u0629\",\"item\":\"https:\\\/\\\/shanabooks.de\\\/kur\\\/\"},{\"@type\":\"ListItem\",\"position\":2,\"name\":\"\u0627\u0644\u0645\u0646\u062a\u062c\u0627\u062a\",\"item\":\"https:\\\/\\\/shanabooks.de\\\/shop\\\/\"},{\"@type\":\"ListItem\",\"position\":3,\"name\":\"B\u00eest Sal \u00fb \u00cavarek\"}]},{\"@type\":\"WebSite\",\"@id\":\"https:\\\/\\\/shanabooks.de\\\/#website\",\"url\":\"https:\\\/\\\/shanabooks.de\\\/\",\"name\":\"www.shanbooks.de\",\"description\":\"C\u00eehana Pirt\u00fbk\u00ean Kurd\u00ee \u0645\u0643\u062a\u0628\u0629 \u0634\u0627\u0646\u0627 \u0641\u064a \u0627\u0644\u0645\u0627\u0646\u064a\u0627 \u0648\u0623\u0648\u0631\u0628\u0627\",\"publisher\":{\"@id\":\"https:\\\/\\\/shanabooks.de\\\/#organization\"},\"potentialAction\":[{\"@type\":\"SearchAction\",\"target\":{\"@type\":\"EntryPoint\",\"urlTemplate\":\"https:\\\/\\\/shanabooks.de\\\/?s={search_term_string}\"},\"query-input\":{\"@type\":\"PropertyValueSpecification\",\"valueRequired\":true,\"valueName\":\"search_term_string\"}}],\"inLanguage\":\"kur\"},{\"@type\":\"Organization\",\"@id\":\"https:\\\/\\\/shanabooks.de\\\/#organization\",\"name\":\"www.shanbooks.de\",\"url\":\"https:\\\/\\\/shanabooks.de\\\/\",\"logo\":{\"@type\":\"ImageObject\",\"inLanguage\":\"kur\",\"@id\":\"https:\\\/\\\/shanabooks.de\\\/#\\\/schema\\\/logo\\\/image\\\/\",\"url\":\"https:\\\/\\\/shanabooks.de\\\/wp-content\\\/uploads\\\/2024\\\/03\\\/SHANABOOKS__2_-removebg-preview.png\",\"contentUrl\":\"https:\\\/\\\/shanabooks.de\\\/wp-content\\\/uploads\\\/2024\\\/03\\\/SHANABOOKS__2_-removebg-preview.png\",\"width\":700,\"height\":150,\"caption\":\"www.shanbooks.de\"},\"image\":{\"@id\":\"https:\\\/\\\/shanabooks.de\\\/#\\\/schema\\\/logo\\\/image\\\/\"}}]}<\/script>\n<!-- \/ Yoast SEO plugin. -->","yoast_head_json":{"title":"B\u00eest sal \u00fb \u00eavarek - Sebr\u00ee Sil\u00eavan\u00ee - www.shanabooks.de","description":"B\u00eest sal \u00fb \u00eavarek - Sebr\u00ee Sil\u00eavan\u00ee Romana B\u00eest Sal \u00fb \u00cavarek ya Sebr\u00ee Sil\u00eavan\u00ee. Sebr\u00ee Sil\u00eavan\u00ee\u00a0niv\u00eeskar \u00fb romanniv\u00ees e ji\u00a0ba\u015f\u00fbr\u00ea Kurdistan\u00ea. Li sala 1972...","robots":{"index":"index","follow":"follow","max-snippet":"max-snippet:-1","max-image-preview":"max-image-preview:large","max-video-preview":"max-video-preview:-1"},"canonical":"https:\/\/shanabooks.de\/product\/bist-sal-u-evarek-sebri-silevani\/","og_locale":"en_US","og_type":"article","og_title":"B\u00eest sal \u00fb \u00eavarek - Sebr\u00ee Sil\u00eavan\u00ee - www.shanabooks.de","og_description":"B\u00eest sal \u00fb \u00eavarek - Sebr\u00ee Sil\u00eavan\u00ee Romana B\u00eest Sal \u00fb \u00cavarek ya Sebr\u00ee Sil\u00eavan\u00ee. Sebr\u00ee Sil\u00eavan\u00ee\u00a0niv\u00eeskar \u00fb romanniv\u00ees e ji\u00a0ba\u015f\u00fbr\u00ea Kurdistan\u00ea. Li sala 1972...","og_url":"https:\/\/shanabooks.de\/product\/bist-sal-u-evarek-sebri-silevani\/","og_site_name":"www.shanabooks.de","article_modified_time":"2024-04-06T10:29:02+00:00","og_image":[{"width":664,"height":955,"url":"https:\/\/shanabooks.de\/wp-content\/uploads\/2024\/03\/sidt-sal-u-evaarek.jpg","type":"image\/jpeg"}],"twitter_card":"summary_large_image","twitter_misc":{"Est. reading time":"1 minute"},"schema":{"@context":"https:\/\/schema.org","@graph":[{"@type":"WebPage","@id":"https:\/\/shanabooks.de\/product\/bist-sal-u-evarek-sebri-silevani\/","url":"https:\/\/shanabooks.de\/product\/bist-sal-u-evarek-sebri-silevani\/","name":"B\u00eest sal \u00fb \u00eavarek - Sebr\u00ee Sil\u00eavan\u00ee - www.shanabooks.de","isPartOf":{"@id":"https:\/\/shanabooks.de\/#website"},"primaryImageOfPage":{"@id":"https:\/\/shanabooks.de\/product\/bist-sal-u-evarek-sebri-silevani\/#primaryimage"},"image":{"@id":"https:\/\/shanabooks.de\/product\/bist-sal-u-evarek-sebri-silevani\/#primaryimage"},"thumbnailUrl":"https:\/\/shanabooks.de\/wp-content\/uploads\/2024\/03\/sidt-sal-u-evaarek.jpg","datePublished":"2024-03-03T19:40:27+00:00","dateModified":"2024-04-06T10:29:02+00:00","description":"B\u00eest sal \u00fb \u00eavarek - Sebr\u00ee Sil\u00eavan\u00ee Romana B\u00eest Sal \u00fb \u00cavarek ya Sebr\u00ee Sil\u00eavan\u00ee. Sebr\u00ee Sil\u00eavan\u00ee\u00a0niv\u00eeskar \u00fb romanniv\u00ees e ji\u00a0ba\u015f\u00fbr\u00ea Kurdistan\u00ea. Li sala 1972...","breadcrumb":{"@id":"https:\/\/shanabooks.de\/product\/bist-sal-u-evarek-sebri-silevani\/#breadcrumb"},"inLanguage":"kur","potentialAction":[{"@type":"ReadAction","target":["https:\/\/shanabooks.de\/product\/bist-sal-u-evarek-sebri-silevani\/"]}]},{"@type":"ImageObject","inLanguage":"kur","@id":"https:\/\/shanabooks.de\/product\/bist-sal-u-evarek-sebri-silevani\/#primaryimage","url":"https:\/\/shanabooks.de\/wp-content\/uploads\/2024\/03\/sidt-sal-u-evaarek.jpg","contentUrl":"https:\/\/shanabooks.de\/wp-content\/uploads\/2024\/03\/sidt-sal-u-evaarek.jpg","width":664,"height":955,"caption":"B\u00eest sal \u00fb \u00eavarek - Sebr\u00ee Sil\u00eavan\u00ee - pirt\u00fbk\u00ean kurd\u00ee - roman"},{"@type":"BreadcrumbList","@id":"https:\/\/shanabooks.de\/product\/bist-sal-u-evarek-sebri-silevani\/#breadcrumb","itemListElement":[{"@type":"ListItem","position":1,"name":"\u0627\u0644\u0631\u0626\u064a\u0633\u064a\u0629","item":"https:\/\/shanabooks.de\/kur\/"},{"@type":"ListItem","position":2,"name":"\u0627\u0644\u0645\u0646\u062a\u062c\u0627\u062a","item":"https:\/\/shanabooks.de\/shop\/"},{"@type":"ListItem","position":3,"name":"B\u00eest Sal \u00fb \u00cavarek"}]},{"@type":"WebSite","@id":"https:\/\/shanabooks.de\/#website","url":"https:\/\/shanabooks.de\/","name":"www.shanbooks.de","description":"C\u00eehana Pirt\u00fbk\u00ean Kurd\u00ee \u0645\u0643\u062a\u0628\u0629 \u0634\u0627\u0646\u0627 \u0641\u064a \u0627\u0644\u0645\u0627\u0646\u064a\u0627 \u0648\u0623\u0648\u0631\u0628\u0627","publisher":{"@id":"https:\/\/shanabooks.de\/#organization"},"potentialAction":[{"@type":"SearchAction","target":{"@type":"EntryPoint","urlTemplate":"https:\/\/shanabooks.de\/?s={search_term_string}"},"query-input":{"@type":"PropertyValueSpecification","valueRequired":true,"valueName":"search_term_string"}}],"inLanguage":"kur"},{"@type":"Organization","@id":"https:\/\/shanabooks.de\/#organization","name":"www.shanbooks.de","url":"https:\/\/shanabooks.de\/","logo":{"@type":"ImageObject","inLanguage":"kur","@id":"https:\/\/shanabooks.de\/#\/schema\/logo\/image\/","url":"https:\/\/shanabooks.de\/wp-content\/uploads\/2024\/03\/SHANABOOKS__2_-removebg-preview.png","contentUrl":"https:\/\/shanabooks.de\/wp-content\/uploads\/2024\/03\/SHANABOOKS__2_-removebg-preview.png","width":700,"height":150,"caption":"www.shanbooks.de"},"image":{"@id":"https:\/\/shanabooks.de\/#\/schema\/logo\/image\/"}}]}},"jetpack_sharing_enabled":true,"_links":{"self":[{"href":"https:\/\/shanabooks.de\/kur\/wp-json\/wp\/v2\/product\/12074","targetHints":{"allow":["GET"]}}],"collection":[{"href":"https:\/\/shanabooks.de\/kur\/wp-json\/wp\/v2\/product"}],"about":[{"href":"https:\/\/shanabooks.de\/kur\/wp-json\/wp\/v2\/types\/product"}],"version-history":[{"count":2,"href":"https:\/\/shanabooks.de\/kur\/wp-json\/wp\/v2\/product\/12074\/revisions"}],"predecessor-version":[{"id":22984,"href":"https:\/\/shanabooks.de\/kur\/wp-json\/wp\/v2\/product\/12074\/revisions\/22984"}],"wp:featuredmedia":[{"embeddable":true,"href":"https:\/\/shanabooks.de\/kur\/wp-json\/wp\/v2\/media\/12137"}],"wp:attachment":[{"href":"https:\/\/shanabooks.de\/kur\/wp-json\/wp\/v2\/media?parent=12074"}],"wp:term":[{"taxonomy":"product_brand","embeddable":true,"href":"https:\/\/shanabooks.de\/kur\/wp-json\/wp\/v2\/product_brand?post=12074"},{"taxonomy":"product_cat","embeddable":true,"href":"https:\/\/shanabooks.de\/kur\/wp-json\/wp\/v2\/product_cat?post=12074"},{"taxonomy":"product_tag","embeddable":true,"href":"https:\/\/shanabooks.de\/kur\/wp-json\/wp\/v2\/product_tag?post=12074"}],"curies":[{"name":"wp","href":"https:\/\/api.w.org\/{rel}","templated":true}]}}