{"id":12078,"date":"2024-03-03T19:40:27","date_gmt":"2024-03-03T19:40:27","guid":{"rendered":"https:\/\/shanabooks.de\/?post_type=product&#038;p=12078"},"modified":"2024-04-03T22:02:43","modified_gmt":"2024-04-03T22:02:43","slug":"mirina-besi-dilawer-zeraq","status":"publish","type":"product","link":"https:\/\/shanabooks.de\/kur\/product\/mirina-besi-dilawer-zeraq\/","title":{"rendered":"Mirina B\u00eas\u00ee"},"content":{"rendered":"<p dir=\"ltr\"><strong>Mirina B\u00eas\u00ee &#8211; Dilawer Zeraq<\/strong><\/p>\n<p dir=\"ltr\">Romana Mirina B\u00eas\u00ee, pirt\u00fbka duyem a S\u00eay\u00eeneya Winda a \u00e7\u00eerokn\u00fbs \u00fb romann\u00fbs Dilawer Zeraq, ji aliy\u00ea We\u015fanxaneya L\u00ees\u00ea ve hate we\u015fandin.<br \/>\nNiv\u00eeskar Zeraq, \u00e7awa ku di pirt\u00fbka yekem a s\u00eay\u00eeney\u00ea, \u015eev\u00ean Winda, W\u00eaney\u00ean Me\u00e7h\u00fbl (2005, L\u00ees) de, bala xw\u00eeneran birib\u00fb ser windayan, w\u00ea sercema b\u00fbyer \u00fb qewam\u00ean xedar \u00ean ku bir\u00een\u00ean k\u00fbr di gewdey\u00ea civak\u00ea de vekirib\u00fbn, bi romana xwe ya Mirina B\u00eas\u00ee ya ku d\u00fbmah\u00eeka w\u00ea heyama bir\u00eendar e, bi pergaleke bi r\u00eak \u00fb p\u00eak \u00fb bi danandina li ser zem\u00eenek\u00ee geometr\u00eek, di \u015fexs\u00ea leheng\u00ea roman\u00ea Hogir de, xwe digih\u00eene kuj \u00fb qorziy\u00ean tar\u00ee y\u00ean demeke ku h\u00ea j\u00ee li h\u00eaviy\u00ea ye ji bin\u00ee ve b\u00ea ron\u00eekirin.<br \/>\nZeraq, di honaka romana Mirina B\u00eas\u00ee de, tev\u00ee zimanek\u00ee bi teql \u00fb ahengdar, r\u00eabaz\u00ean huner\u00ean d\u00eetbar\u00ee \u00fb \u015f\u00eawekariy\u00ea bi kar t\u00eene \u00fb delivey\u00ean n\u00fb y\u00ean xwendina roman\u00ea derp\u00ea\u015f\u00ee me dike.<\/p>\n<p>&nbsp;<\/p>\n<p dir=\"ltr\">\n","protected":false},"excerpt":{"rendered":"<p dir=\"ltr\" style=\"text-align: center\"><strong>Pirt\u00fbk: Mirina B\u00eas\u00ee<br \/>\nNiv\u00eeskar: Dilawer Zeraq<\/strong><br \/>\n<strong>Cure: Roman<\/strong><\/p>\n","protected":false},"featured_media":12146,"template":"","meta":{"site-sidebar-layout":"default","site-content-layout":"","ast-site-content-layout":"default","site-content-style":"default","site-sidebar-style":"default","ast-global-header-display":"","ast-banner-title-visibility":"","ast-main-header-display":"","ast-hfb-above-header-display":"","ast-hfb-below-header-display":"","ast-hfb-mobile-header-display":"","site-post-title":"","ast-breadcrumbs-content":"","ast-featured-img":"","footer-sml-layout":"","ast-disable-related-posts":"","theme-transparent-header-meta":"default","adv-header-id-meta":"","stick-header-meta":"","header-above-stick-meta":"","header-main-stick-meta":"","header-below-stick-meta":"","astra-migrate-meta-layouts":"set","ast-page-background-enabled":"default","ast-page-background-meta":{"desktop":{"background-color":"","background-image":"","background-repeat":"repeat","background-position":"center center","background-size":"auto","background-attachment":"scroll","background-type":"","background-media":"","overlay-type":"","overlay-color":"","overlay-opacity":"","overlay-gradient":""},"tablet":{"background-color":"","background-image":"","background-repeat":"repeat","background-position":"center center","background-size":"auto","background-attachment":"scroll","background-type":"","background-media":"","overlay-type":"","overlay-color":"","overlay-opacity":"","overlay-gradient":""},"mobile":{"background-color":"","background-image":"","background-repeat":"repeat","background-position":"center center","background-size":"auto","background-attachment":"scroll","background-type":"","background-media":"","overlay-type":"","overlay-color":"","overlay-opacity":"","overlay-gradient":""}},"ast-content-background-meta":{"desktop":{"background-color":"var(--ast-global-color-5)","background-image":"","background-repeat":"repeat","background-position":"center center","background-size":"auto","background-attachment":"scroll","background-type":"","background-media":"","overlay-type":"","overlay-color":"","overlay-opacity":"","overlay-gradient":""},"tablet":{"background-color":"var(--ast-global-color-5)","background-image":"","background-repeat":"repeat","background-position":"center center","background-size":"auto","background-attachment":"scroll","background-type":"","background-media":"","overlay-type":"","overlay-color":"","overlay-opacity":"","overlay-gradient":""},"mobile":{"background-color":"var(--ast-global-color-5)","background-image":"","background-repeat":"repeat","background-position":"center center","background-size":"auto","background-attachment":"scroll","background-type":"","background-media":"","overlay-type":"","overlay-color":"","overlay-opacity":"","overlay-gradient":""}}},"product_brand":[],"product_cat":[182,193],"product_tag":[],"class_list":{"0":"post-12078","1":"product","2":"type-product","3":"status-publish","4":"has-post-thumbnail","6":"product_cat-_","7":"product_cat--_","8":"pa_-roman","9":"pa_-dilawer-zeraq","10":"pa_-kurmanci","11":"pa_--lis-yayinevi","12":"desktop-align-left","13":"tablet-align-left","14":"mobile-align-left","16":"first","17":"instock","18":"shipping-taxable","19":"purchasable","20":"product-type-simple"},"yoast_head":"<!-- This site is optimized with the Yoast SEO plugin v27.4 - https:\/\/yoast.com\/product\/yoast-seo-wordpress\/ -->\n<title>Mirina B\u00eas\u00ee - Dilawer Zeraq - www.shanabooks.de<\/title>\n<meta name=\"description\" content=\"Mirina B\u00eas\u00ee - Dilawer Zeraq Romana Mirina B\u00eas\u00ee, pirt\u00fbka duyem a S\u00eay\u00eeneya Winda a \u00e7\u00eerokn\u00fbs \u00fb romann\u00fbs Dilawer Zeraq, ji aliy\u00ea We\u015fanxaneya L\u00ees\u00ea ve hate w...\" \/>\n<meta name=\"robots\" content=\"index, follow, max-snippet:-1, max-image-preview:large, max-video-preview:-1\" \/>\n<link rel=\"canonical\" href=\"https:\/\/shanabooks.de\/product\/mirina-besi-dilawer-zeraq\/\" \/>\n<meta property=\"og:locale\" content=\"en_US\" \/>\n<meta property=\"og:type\" content=\"article\" \/>\n<meta property=\"og:title\" content=\"Mirina B\u00eas\u00ee - Dilawer Zeraq - www.shanabooks.de\" \/>\n<meta property=\"og:description\" content=\"Mirina B\u00eas\u00ee - Dilawer Zeraq Romana Mirina B\u00eas\u00ee, pirt\u00fbka duyem a S\u00eay\u00eeneya Winda a \u00e7\u00eerokn\u00fbs \u00fb romann\u00fbs Dilawer Zeraq, ji aliy\u00ea We\u015fanxaneya L\u00ees\u00ea ve hate w...\" \/>\n<meta property=\"og:url\" content=\"https:\/\/shanabooks.de\/product\/mirina-besi-dilawer-zeraq\/\" \/>\n<meta property=\"og:site_name\" content=\"www.shanabooks.de\" \/>\n<meta property=\"article:modified_time\" content=\"2024-04-03T22:02:43+00:00\" \/>\n<meta property=\"og:image\" content=\"https:\/\/shanabooks.de\/wp-content\/uploads\/2024\/03\/mirina-besi-lis.png\" \/>\n\t<meta property=\"og:image:width\" content=\"468\" \/>\n\t<meta property=\"og:image:height\" content=\"708\" \/>\n\t<meta property=\"og:image:type\" content=\"image\/png\" \/>\n<meta name=\"twitter:card\" content=\"summary_large_image\" \/>\n<meta name=\"twitter:label1\" content=\"Est. reading time\" \/>\n\t<meta name=\"twitter:data1\" content=\"2 minutes\" \/>\n<script type=\"application\/ld+json\" class=\"yoast-schema-graph\">{\"@context\":\"https:\\\/\\\/schema.org\",\"@graph\":[{\"@type\":\"WebPage\",\"@id\":\"https:\\\/\\\/shanabooks.de\\\/product\\\/mirina-besi-dilawer-zeraq\\\/\",\"url\":\"https:\\\/\\\/shanabooks.de\\\/product\\\/mirina-besi-dilawer-zeraq\\\/\",\"name\":\"Mirina B\u00eas\u00ee - Dilawer Zeraq - www.shanabooks.de\",\"isPartOf\":{\"@id\":\"https:\\\/\\\/shanabooks.de\\\/#website\"},\"primaryImageOfPage\":{\"@id\":\"https:\\\/\\\/shanabooks.de\\\/product\\\/mirina-besi-dilawer-zeraq\\\/#primaryimage\"},\"image\":{\"@id\":\"https:\\\/\\\/shanabooks.de\\\/product\\\/mirina-besi-dilawer-zeraq\\\/#primaryimage\"},\"thumbnailUrl\":\"https:\\\/\\\/shanabooks.de\\\/wp-content\\\/uploads\\\/2024\\\/03\\\/mirina-besi-lis.png\",\"datePublished\":\"2024-03-03T19:40:27+00:00\",\"dateModified\":\"2024-04-03T22:02:43+00:00\",\"description\":\"Mirina B\u00eas\u00ee - Dilawer Zeraq Romana Mirina B\u00eas\u00ee, pirt\u00fbka duyem a S\u00eay\u00eeneya Winda a \u00e7\u00eerokn\u00fbs \u00fb romann\u00fbs Dilawer Zeraq, ji aliy\u00ea We\u015fanxaneya L\u00ees\u00ea ve hate w...\",\"breadcrumb\":{\"@id\":\"https:\\\/\\\/shanabooks.de\\\/product\\\/mirina-besi-dilawer-zeraq\\\/#breadcrumb\"},\"inLanguage\":\"kur\",\"potentialAction\":[{\"@type\":\"ReadAction\",\"target\":[\"https:\\\/\\\/shanabooks.de\\\/product\\\/mirina-besi-dilawer-zeraq\\\/\"]}]},{\"@type\":\"ImageObject\",\"inLanguage\":\"kur\",\"@id\":\"https:\\\/\\\/shanabooks.de\\\/product\\\/mirina-besi-dilawer-zeraq\\\/#primaryimage\",\"url\":\"https:\\\/\\\/shanabooks.de\\\/wp-content\\\/uploads\\\/2024\\\/03\\\/mirina-besi-lis.png\",\"contentUrl\":\"https:\\\/\\\/shanabooks.de\\\/wp-content\\\/uploads\\\/2024\\\/03\\\/mirina-besi-lis.png\",\"width\":468,\"height\":708,\"caption\":\"Mirina B\u00eas\u00ee - Dilawer Zeraq - pirt\u00fbk\u00ean kurd\u00ee - roman\"},{\"@type\":\"BreadcrumbList\",\"@id\":\"https:\\\/\\\/shanabooks.de\\\/product\\\/mirina-besi-dilawer-zeraq\\\/#breadcrumb\",\"itemListElement\":[{\"@type\":\"ListItem\",\"position\":1,\"name\":\"\u0627\u0644\u0631\u0626\u064a\u0633\u064a\u0629\",\"item\":\"https:\\\/\\\/shanabooks.de\\\/kur\\\/\"},{\"@type\":\"ListItem\",\"position\":2,\"name\":\"\u0627\u0644\u0645\u0646\u062a\u062c\u0627\u062a\",\"item\":\"https:\\\/\\\/shanabooks.de\\\/shop\\\/\"},{\"@type\":\"ListItem\",\"position\":3,\"name\":\"Mirina B\u00eas\u00ee\"}]},{\"@type\":\"WebSite\",\"@id\":\"https:\\\/\\\/shanabooks.de\\\/#website\",\"url\":\"https:\\\/\\\/shanabooks.de\\\/\",\"name\":\"www.shanbooks.de\",\"description\":\"C\u00eehana Pirt\u00fbk\u00ean Kurd\u00ee \u0645\u0643\u062a\u0628\u0629 \u0634\u0627\u0646\u0627 \u0641\u064a \u0627\u0644\u0645\u0627\u0646\u064a\u0627 \u0648\u0623\u0648\u0631\u0628\u0627\",\"publisher\":{\"@id\":\"https:\\\/\\\/shanabooks.de\\\/#organization\"},\"potentialAction\":[{\"@type\":\"SearchAction\",\"target\":{\"@type\":\"EntryPoint\",\"urlTemplate\":\"https:\\\/\\\/shanabooks.de\\\/?s={search_term_string}\"},\"query-input\":{\"@type\":\"PropertyValueSpecification\",\"valueRequired\":true,\"valueName\":\"search_term_string\"}}],\"inLanguage\":\"kur\"},{\"@type\":\"Organization\",\"@id\":\"https:\\\/\\\/shanabooks.de\\\/#organization\",\"name\":\"www.shanbooks.de\",\"url\":\"https:\\\/\\\/shanabooks.de\\\/\",\"logo\":{\"@type\":\"ImageObject\",\"inLanguage\":\"kur\",\"@id\":\"https:\\\/\\\/shanabooks.de\\\/#\\\/schema\\\/logo\\\/image\\\/\",\"url\":\"https:\\\/\\\/shanabooks.de\\\/wp-content\\\/uploads\\\/2024\\\/03\\\/SHANABOOKS__2_-removebg-preview.png\",\"contentUrl\":\"https:\\\/\\\/shanabooks.de\\\/wp-content\\\/uploads\\\/2024\\\/03\\\/SHANABOOKS__2_-removebg-preview.png\",\"width\":700,\"height\":150,\"caption\":\"www.shanbooks.de\"},\"image\":{\"@id\":\"https:\\\/\\\/shanabooks.de\\\/#\\\/schema\\\/logo\\\/image\\\/\"}}]}<\/script>\n<!-- \/ Yoast SEO plugin. -->","yoast_head_json":{"title":"Mirina B\u00eas\u00ee - Dilawer Zeraq - www.shanabooks.de","description":"Mirina B\u00eas\u00ee - Dilawer Zeraq Romana Mirina B\u00eas\u00ee, pirt\u00fbka duyem a S\u00eay\u00eeneya Winda a \u00e7\u00eerokn\u00fbs \u00fb romann\u00fbs Dilawer Zeraq, ji aliy\u00ea We\u015fanxaneya L\u00ees\u00ea ve hate w...","robots":{"index":"index","follow":"follow","max-snippet":"max-snippet:-1","max-image-preview":"max-image-preview:large","max-video-preview":"max-video-preview:-1"},"canonical":"https:\/\/shanabooks.de\/product\/mirina-besi-dilawer-zeraq\/","og_locale":"en_US","og_type":"article","og_title":"Mirina B\u00eas\u00ee - Dilawer Zeraq - www.shanabooks.de","og_description":"Mirina B\u00eas\u00ee - Dilawer Zeraq Romana Mirina B\u00eas\u00ee, pirt\u00fbka duyem a S\u00eay\u00eeneya Winda a \u00e7\u00eerokn\u00fbs \u00fb romann\u00fbs Dilawer Zeraq, ji aliy\u00ea We\u015fanxaneya L\u00ees\u00ea ve hate w...","og_url":"https:\/\/shanabooks.de\/product\/mirina-besi-dilawer-zeraq\/","og_site_name":"www.shanabooks.de","article_modified_time":"2024-04-03T22:02:43+00:00","og_image":[{"width":468,"height":708,"url":"https:\/\/shanabooks.de\/wp-content\/uploads\/2024\/03\/mirina-besi-lis.png","type":"image\/png"}],"twitter_card":"summary_large_image","twitter_misc":{"Est. reading time":"2 minutes"},"schema":{"@context":"https:\/\/schema.org","@graph":[{"@type":"WebPage","@id":"https:\/\/shanabooks.de\/product\/mirina-besi-dilawer-zeraq\/","url":"https:\/\/shanabooks.de\/product\/mirina-besi-dilawer-zeraq\/","name":"Mirina B\u00eas\u00ee - Dilawer Zeraq - www.shanabooks.de","isPartOf":{"@id":"https:\/\/shanabooks.de\/#website"},"primaryImageOfPage":{"@id":"https:\/\/shanabooks.de\/product\/mirina-besi-dilawer-zeraq\/#primaryimage"},"image":{"@id":"https:\/\/shanabooks.de\/product\/mirina-besi-dilawer-zeraq\/#primaryimage"},"thumbnailUrl":"https:\/\/shanabooks.de\/wp-content\/uploads\/2024\/03\/mirina-besi-lis.png","datePublished":"2024-03-03T19:40:27+00:00","dateModified":"2024-04-03T22:02:43+00:00","description":"Mirina B\u00eas\u00ee - Dilawer Zeraq Romana Mirina B\u00eas\u00ee, pirt\u00fbka duyem a S\u00eay\u00eeneya Winda a \u00e7\u00eerokn\u00fbs \u00fb romann\u00fbs Dilawer Zeraq, ji aliy\u00ea We\u015fanxaneya L\u00ees\u00ea ve hate w...","breadcrumb":{"@id":"https:\/\/shanabooks.de\/product\/mirina-besi-dilawer-zeraq\/#breadcrumb"},"inLanguage":"kur","potentialAction":[{"@type":"ReadAction","target":["https:\/\/shanabooks.de\/product\/mirina-besi-dilawer-zeraq\/"]}]},{"@type":"ImageObject","inLanguage":"kur","@id":"https:\/\/shanabooks.de\/product\/mirina-besi-dilawer-zeraq\/#primaryimage","url":"https:\/\/shanabooks.de\/wp-content\/uploads\/2024\/03\/mirina-besi-lis.png","contentUrl":"https:\/\/shanabooks.de\/wp-content\/uploads\/2024\/03\/mirina-besi-lis.png","width":468,"height":708,"caption":"Mirina B\u00eas\u00ee - Dilawer Zeraq - pirt\u00fbk\u00ean kurd\u00ee - roman"},{"@type":"BreadcrumbList","@id":"https:\/\/shanabooks.de\/product\/mirina-besi-dilawer-zeraq\/#breadcrumb","itemListElement":[{"@type":"ListItem","position":1,"name":"\u0627\u0644\u0631\u0626\u064a\u0633\u064a\u0629","item":"https:\/\/shanabooks.de\/kur\/"},{"@type":"ListItem","position":2,"name":"\u0627\u0644\u0645\u0646\u062a\u062c\u0627\u062a","item":"https:\/\/shanabooks.de\/shop\/"},{"@type":"ListItem","position":3,"name":"Mirina B\u00eas\u00ee"}]},{"@type":"WebSite","@id":"https:\/\/shanabooks.de\/#website","url":"https:\/\/shanabooks.de\/","name":"www.shanbooks.de","description":"C\u00eehana Pirt\u00fbk\u00ean Kurd\u00ee \u0645\u0643\u062a\u0628\u0629 \u0634\u0627\u0646\u0627 \u0641\u064a \u0627\u0644\u0645\u0627\u0646\u064a\u0627 \u0648\u0623\u0648\u0631\u0628\u0627","publisher":{"@id":"https:\/\/shanabooks.de\/#organization"},"potentialAction":[{"@type":"SearchAction","target":{"@type":"EntryPoint","urlTemplate":"https:\/\/shanabooks.de\/?s={search_term_string}"},"query-input":{"@type":"PropertyValueSpecification","valueRequired":true,"valueName":"search_term_string"}}],"inLanguage":"kur"},{"@type":"Organization","@id":"https:\/\/shanabooks.de\/#organization","name":"www.shanbooks.de","url":"https:\/\/shanabooks.de\/","logo":{"@type":"ImageObject","inLanguage":"kur","@id":"https:\/\/shanabooks.de\/#\/schema\/logo\/image\/","url":"https:\/\/shanabooks.de\/wp-content\/uploads\/2024\/03\/SHANABOOKS__2_-removebg-preview.png","contentUrl":"https:\/\/shanabooks.de\/wp-content\/uploads\/2024\/03\/SHANABOOKS__2_-removebg-preview.png","width":700,"height":150,"caption":"www.shanbooks.de"},"image":{"@id":"https:\/\/shanabooks.de\/#\/schema\/logo\/image\/"}}]}},"jetpack_sharing_enabled":true,"_links":{"self":[{"href":"https:\/\/shanabooks.de\/kur\/wp-json\/wp\/v2\/product\/12078","targetHints":{"allow":["GET"]}}],"collection":[{"href":"https:\/\/shanabooks.de\/kur\/wp-json\/wp\/v2\/product"}],"about":[{"href":"https:\/\/shanabooks.de\/kur\/wp-json\/wp\/v2\/types\/product"}],"version-history":[{"count":2,"href":"https:\/\/shanabooks.de\/kur\/wp-json\/wp\/v2\/product\/12078\/revisions"}],"predecessor-version":[{"id":22842,"href":"https:\/\/shanabooks.de\/kur\/wp-json\/wp\/v2\/product\/12078\/revisions\/22842"}],"wp:featuredmedia":[{"embeddable":true,"href":"https:\/\/shanabooks.de\/kur\/wp-json\/wp\/v2\/media\/12146"}],"wp:attachment":[{"href":"https:\/\/shanabooks.de\/kur\/wp-json\/wp\/v2\/media?parent=12078"}],"wp:term":[{"taxonomy":"product_brand","embeddable":true,"href":"https:\/\/shanabooks.de\/kur\/wp-json\/wp\/v2\/product_brand?post=12078"},{"taxonomy":"product_cat","embeddable":true,"href":"https:\/\/shanabooks.de\/kur\/wp-json\/wp\/v2\/product_cat?post=12078"},{"taxonomy":"product_tag","embeddable":true,"href":"https:\/\/shanabooks.de\/kur\/wp-json\/wp\/v2\/product_tag?post=12078"}],"curies":[{"name":"wp","href":"https:\/\/api.w.org\/{rel}","templated":true}]}}