{"id":12388,"date":"2024-03-03T19:43:35","date_gmt":"2024-03-03T19:43:35","guid":{"rendered":"https:\/\/shanabooks.de\/?post_type=product&#038;p=12388"},"modified":"2026-01-02T18:58:12","modified_gmt":"2026-01-02T18:58:12","slug":"hewari-heciye-cindi","status":"publish","type":"product","link":"https:\/\/shanabooks.de\/kur\/product\/hewari-heciye-cindi\/","title":{"rendered":"Hewar\u00ee"},"content":{"rendered":"<p dir=\"ltr\"><strong>Hewar\u00ee &#8211; Hec\u00eey\u00ea Cind\u00ee<\/strong><\/p>\n<p dir=\"ltr\">Hewar\u00ee j\u00eenen\u00eegar\u00ee an j\u00ee bi gotineke din otob\u00eeyograf\u00eeya Hec\u00eey\u00ea Cind\u00ee ye. Niv\u00eeskar di berhem\u00ea de p\u00eene bi p\u00eene bahsa sep\u00eahat\u00eey\u00ean li gor\u00ee w\u00ee gir\u00eeng kiriye \u00fb peyv bi peyv ferhenga kelepora Kurd\u00ee p\u00ea\u015fk\u00ea\u015f\u00ee me kiriye. Ti\u015ft\u00ea balk\u00ea\u015f ew e ku niv\u00eeskar xwendevanan j\u00ee bi xwe re dibe S\u00eeb\u00eer\u00ea \u00fb wan dike \u00e7avd\u00ear\u00ean j\u00eeyana xwe a li w\u00ea d<span class=\"text_exposed_show\">er\u00ea. L\u00ea div\u00ea xwendekar zanibin ku ji ber hin sedeman niv\u00eeskar bahsa gelek ti\u015ft\u00ean ku li S\u00eeb\u00eer\u00ea jiyaye j\u00ee nekiriye.\u00a0<\/span><\/p>\n","protected":false},"excerpt":{"rendered":"<p dir=\"ltr\" style=\"text-align: center\"><strong>Pirt\u00fbk: Hewar\u00ee<br \/>\nNiv\u00eeskar: Hec\u00eey\u00ea Cind\u00ee<\/strong><br \/>\n<strong>Cure: Roman<\/strong><\/p>\n","protected":false},"featured_media":12450,"template":"","meta":{"site-sidebar-layout":"default","site-content-layout":"","ast-site-content-layout":"default","site-content-style":"default","site-sidebar-style":"default","ast-global-header-display":"","ast-banner-title-visibility":"","ast-main-header-display":"","ast-hfb-above-header-display":"","ast-hfb-below-header-display":"","ast-hfb-mobile-header-display":"","site-post-title":"","ast-breadcrumbs-content":"","ast-featured-img":"","footer-sml-layout":"","ast-disable-related-posts":"","theme-transparent-header-meta":"default","adv-header-id-meta":"","stick-header-meta":"","header-above-stick-meta":"","header-main-stick-meta":"","header-below-stick-meta":"","astra-migrate-meta-layouts":"set","ast-page-background-enabled":"default","ast-page-background-meta":{"desktop":{"background-color":"","background-image":"","background-repeat":"repeat","background-position":"center center","background-size":"auto","background-attachment":"scroll","background-type":"","background-media":"","overlay-type":"","overlay-color":"","overlay-opacity":"","overlay-gradient":""},"tablet":{"background-color":"","background-image":"","background-repeat":"repeat","background-position":"center center","background-size":"auto","background-attachment":"scroll","background-type":"","background-media":"","overlay-type":"","overlay-color":"","overlay-opacity":"","overlay-gradient":""},"mobile":{"background-color":"","background-image":"","background-repeat":"repeat","background-position":"center center","background-size":"auto","background-attachment":"scroll","background-type":"","background-media":"","overlay-type":"","overlay-color":"","overlay-opacity":"","overlay-gradient":""}},"ast-content-background-meta":{"desktop":{"background-color":"var(--ast-global-color-5)","background-image":"","background-repeat":"repeat","background-position":"center center","background-size":"auto","background-attachment":"scroll","background-type":"","background-media":"","overlay-type":"","overlay-color":"","overlay-opacity":"","overlay-gradient":""},"tablet":{"background-color":"var(--ast-global-color-5)","background-image":"","background-repeat":"repeat","background-position":"center center","background-size":"auto","background-attachment":"scroll","background-type":"","background-media":"","overlay-type":"","overlay-color":"","overlay-opacity":"","overlay-gradient":""},"mobile":{"background-color":"var(--ast-global-color-5)","background-image":"","background-repeat":"repeat","background-position":"center center","background-size":"auto","background-attachment":"scroll","background-type":"","background-media":"","overlay-type":"","overlay-color":"","overlay-opacity":"","overlay-gradient":""}}},"product_brand":[],"product_cat":[182,193],"product_tag":[],"class_list":{"0":"post-12388","1":"product","2":"type-product","3":"status-publish","4":"has-post-thumbnail","6":"product_cat-_","7":"product_cat--_","8":"pa_-roman","9":"pa_-heciye-cindi","10":"pa_-kurmanci","11":"pa_--lis-yayinevi","12":"desktop-align-left","13":"tablet-align-left","14":"mobile-align-left","16":"first","17":"instock","18":"shipping-taxable","19":"purchasable","20":"product-type-simple"},"yoast_head":"<!-- This site is optimized with the Yoast SEO plugin v27.4 - https:\/\/yoast.com\/product\/yoast-seo-wordpress\/ -->\n<title>Hewar\u00ee - Hec\u00eey\u00ea Cind\u00ee - www.shanabooks.de<\/title>\n<meta name=\"description\" content=\"Hewar\u00ee - Hec\u00eey\u00ea Cind\u00ee Hewar\u00ee j\u00eenen\u00eegar\u00ee an j\u00ee bi gotineke din otob\u00eeyograf\u00eeya Hec\u00eey\u00ea Cind\u00ee ye. Niv\u00eeskar di berhem\u00ea de p\u00eene bi p\u00eene bahsa sep\u00eahat\u00eey\u00ean li go...\" \/>\n<meta name=\"robots\" content=\"index, follow, max-snippet:-1, max-image-preview:large, max-video-preview:-1\" \/>\n<link rel=\"canonical\" href=\"https:\/\/shanabooks.de\/product\/hewari-heciye-cindi\/\" \/>\n<meta property=\"og:locale\" content=\"en_US\" \/>\n<meta property=\"og:type\" content=\"article\" \/>\n<meta property=\"og:title\" content=\"Hewar\u00ee - Hec\u00eey\u00ea Cind\u00ee - www.shanabooks.de\" \/>\n<meta property=\"og:description\" content=\"Hewar\u00ee - Hec\u00eey\u00ea Cind\u00ee Hewar\u00ee j\u00eenen\u00eegar\u00ee an j\u00ee bi gotineke din otob\u00eeyograf\u00eeya Hec\u00eey\u00ea Cind\u00ee ye. Niv\u00eeskar di berhem\u00ea de p\u00eene bi p\u00eene bahsa sep\u00eahat\u00eey\u00ean li go...\" \/>\n<meta property=\"og:url\" content=\"https:\/\/shanabooks.de\/product\/hewari-heciye-cindi\/\" \/>\n<meta property=\"og:site_name\" content=\"www.shanabooks.de\" \/>\n<meta property=\"article:modified_time\" content=\"2026-01-02T18:58:12+00:00\" \/>\n<meta property=\"og:image\" content=\"https:\/\/shanabooks.de\/wp-content\/uploads\/2024\/03\/Hewari-Lis.png\" \/>\n\t<meta property=\"og:image:width\" content=\"599\" \/>\n\t<meta property=\"og:image:height\" content=\"900\" \/>\n\t<meta property=\"og:image:type\" content=\"image\/png\" \/>\n<meta name=\"twitter:card\" content=\"summary_large_image\" \/>\n<meta name=\"twitter:label1\" content=\"Est. reading time\" \/>\n\t<meta name=\"twitter:data1\" content=\"1 minute\" \/>\n<script type=\"application\/ld+json\" class=\"yoast-schema-graph\">{\"@context\":\"https:\\\/\\\/schema.org\",\"@graph\":[{\"@type\":\"WebPage\",\"@id\":\"https:\\\/\\\/shanabooks.de\\\/product\\\/hewari-heciye-cindi\\\/\",\"url\":\"https:\\\/\\\/shanabooks.de\\\/product\\\/hewari-heciye-cindi\\\/\",\"name\":\"Hewar\u00ee - Hec\u00eey\u00ea Cind\u00ee - www.shanabooks.de\",\"isPartOf\":{\"@id\":\"https:\\\/\\\/shanabooks.de\\\/#website\"},\"primaryImageOfPage\":{\"@id\":\"https:\\\/\\\/shanabooks.de\\\/product\\\/hewari-heciye-cindi\\\/#primaryimage\"},\"image\":{\"@id\":\"https:\\\/\\\/shanabooks.de\\\/product\\\/hewari-heciye-cindi\\\/#primaryimage\"},\"thumbnailUrl\":\"https:\\\/\\\/shanabooks.de\\\/wp-content\\\/uploads\\\/2024\\\/03\\\/Hewari-Lis.png\",\"datePublished\":\"2024-03-03T19:43:35+00:00\",\"dateModified\":\"2026-01-02T18:58:12+00:00\",\"description\":\"Hewar\u00ee - Hec\u00eey\u00ea Cind\u00ee Hewar\u00ee j\u00eenen\u00eegar\u00ee an j\u00ee bi gotineke din otob\u00eeyograf\u00eeya Hec\u00eey\u00ea Cind\u00ee ye. Niv\u00eeskar di berhem\u00ea de p\u00eene bi p\u00eene bahsa sep\u00eahat\u00eey\u00ean li go...\",\"breadcrumb\":{\"@id\":\"https:\\\/\\\/shanabooks.de\\\/product\\\/hewari-heciye-cindi\\\/#breadcrumb\"},\"inLanguage\":\"kur\",\"potentialAction\":[{\"@type\":\"ReadAction\",\"target\":[\"https:\\\/\\\/shanabooks.de\\\/product\\\/hewari-heciye-cindi\\\/\"]}]},{\"@type\":\"ImageObject\",\"inLanguage\":\"kur\",\"@id\":\"https:\\\/\\\/shanabooks.de\\\/product\\\/hewari-heciye-cindi\\\/#primaryimage\",\"url\":\"https:\\\/\\\/shanabooks.de\\\/wp-content\\\/uploads\\\/2024\\\/03\\\/Hewari-Lis.png\",\"contentUrl\":\"https:\\\/\\\/shanabooks.de\\\/wp-content\\\/uploads\\\/2024\\\/03\\\/Hewari-Lis.png\",\"width\":599,\"height\":900,\"caption\":\"Hewar\u00ee - Hec\u00eey\u00ea Cind\u00ee - pirt\u00fbk\u00ean kurd\u00ee - roman\"},{\"@type\":\"BreadcrumbList\",\"@id\":\"https:\\\/\\\/shanabooks.de\\\/product\\\/hewari-heciye-cindi\\\/#breadcrumb\",\"itemListElement\":[{\"@type\":\"ListItem\",\"position\":1,\"name\":\"\u0627\u0644\u0631\u0626\u064a\u0633\u064a\u0629\",\"item\":\"https:\\\/\\\/shanabooks.de\\\/kur\\\/\"},{\"@type\":\"ListItem\",\"position\":2,\"name\":\"\u0627\u0644\u0645\u0646\u062a\u062c\u0627\u062a\",\"item\":\"https:\\\/\\\/shanabooks.de\\\/shop\\\/\"},{\"@type\":\"ListItem\",\"position\":3,\"name\":\"Hewar\u00ee\"}]},{\"@type\":\"WebSite\",\"@id\":\"https:\\\/\\\/shanabooks.de\\\/#website\",\"url\":\"https:\\\/\\\/shanabooks.de\\\/\",\"name\":\"www.shanbooks.de\",\"description\":\"C\u00eehana Pirt\u00fbk\u00ean Kurd\u00ee \u0645\u0643\u062a\u0628\u0629 \u0634\u0627\u0646\u0627 \u0641\u064a \u0627\u0644\u0645\u0627\u0646\u064a\u0627 \u0648\u0623\u0648\u0631\u0628\u0627\",\"publisher\":{\"@id\":\"https:\\\/\\\/shanabooks.de\\\/#organization\"},\"potentialAction\":[{\"@type\":\"SearchAction\",\"target\":{\"@type\":\"EntryPoint\",\"urlTemplate\":\"https:\\\/\\\/shanabooks.de\\\/?s={search_term_string}\"},\"query-input\":{\"@type\":\"PropertyValueSpecification\",\"valueRequired\":true,\"valueName\":\"search_term_string\"}}],\"inLanguage\":\"kur\"},{\"@type\":\"Organization\",\"@id\":\"https:\\\/\\\/shanabooks.de\\\/#organization\",\"name\":\"www.shanbooks.de\",\"url\":\"https:\\\/\\\/shanabooks.de\\\/\",\"logo\":{\"@type\":\"ImageObject\",\"inLanguage\":\"kur\",\"@id\":\"https:\\\/\\\/shanabooks.de\\\/#\\\/schema\\\/logo\\\/image\\\/\",\"url\":\"https:\\\/\\\/shanabooks.de\\\/wp-content\\\/uploads\\\/2024\\\/03\\\/SHANABOOKS__2_-removebg-preview.png\",\"contentUrl\":\"https:\\\/\\\/shanabooks.de\\\/wp-content\\\/uploads\\\/2024\\\/03\\\/SHANABOOKS__2_-removebg-preview.png\",\"width\":700,\"height\":150,\"caption\":\"www.shanbooks.de\"},\"image\":{\"@id\":\"https:\\\/\\\/shanabooks.de\\\/#\\\/schema\\\/logo\\\/image\\\/\"}}]}<\/script>\n<!-- \/ Yoast SEO plugin. -->","yoast_head_json":{"title":"Hewar\u00ee - Hec\u00eey\u00ea Cind\u00ee - www.shanabooks.de","description":"Hewar\u00ee - Hec\u00eey\u00ea Cind\u00ee Hewar\u00ee j\u00eenen\u00eegar\u00ee an j\u00ee bi gotineke din otob\u00eeyograf\u00eeya Hec\u00eey\u00ea Cind\u00ee ye. Niv\u00eeskar di berhem\u00ea de p\u00eene bi p\u00eene bahsa sep\u00eahat\u00eey\u00ean li go...","robots":{"index":"index","follow":"follow","max-snippet":"max-snippet:-1","max-image-preview":"max-image-preview:large","max-video-preview":"max-video-preview:-1"},"canonical":"https:\/\/shanabooks.de\/product\/hewari-heciye-cindi\/","og_locale":"en_US","og_type":"article","og_title":"Hewar\u00ee - Hec\u00eey\u00ea Cind\u00ee - www.shanabooks.de","og_description":"Hewar\u00ee - Hec\u00eey\u00ea Cind\u00ee Hewar\u00ee j\u00eenen\u00eegar\u00ee an j\u00ee bi gotineke din otob\u00eeyograf\u00eeya Hec\u00eey\u00ea Cind\u00ee ye. Niv\u00eeskar di berhem\u00ea de p\u00eene bi p\u00eene bahsa sep\u00eahat\u00eey\u00ean li go...","og_url":"https:\/\/shanabooks.de\/product\/hewari-heciye-cindi\/","og_site_name":"www.shanabooks.de","article_modified_time":"2026-01-02T18:58:12+00:00","og_image":[{"width":599,"height":900,"url":"https:\/\/shanabooks.de\/wp-content\/uploads\/2024\/03\/Hewari-Lis.png","type":"image\/png"}],"twitter_card":"summary_large_image","twitter_misc":{"Est. reading time":"1 minute"},"schema":{"@context":"https:\/\/schema.org","@graph":[{"@type":"WebPage","@id":"https:\/\/shanabooks.de\/product\/hewari-heciye-cindi\/","url":"https:\/\/shanabooks.de\/product\/hewari-heciye-cindi\/","name":"Hewar\u00ee - Hec\u00eey\u00ea Cind\u00ee - www.shanabooks.de","isPartOf":{"@id":"https:\/\/shanabooks.de\/#website"},"primaryImageOfPage":{"@id":"https:\/\/shanabooks.de\/product\/hewari-heciye-cindi\/#primaryimage"},"image":{"@id":"https:\/\/shanabooks.de\/product\/hewari-heciye-cindi\/#primaryimage"},"thumbnailUrl":"https:\/\/shanabooks.de\/wp-content\/uploads\/2024\/03\/Hewari-Lis.png","datePublished":"2024-03-03T19:43:35+00:00","dateModified":"2026-01-02T18:58:12+00:00","description":"Hewar\u00ee - Hec\u00eey\u00ea Cind\u00ee Hewar\u00ee j\u00eenen\u00eegar\u00ee an j\u00ee bi gotineke din otob\u00eeyograf\u00eeya Hec\u00eey\u00ea Cind\u00ee ye. Niv\u00eeskar di berhem\u00ea de p\u00eene bi p\u00eene bahsa sep\u00eahat\u00eey\u00ean li go...","breadcrumb":{"@id":"https:\/\/shanabooks.de\/product\/hewari-heciye-cindi\/#breadcrumb"},"inLanguage":"kur","potentialAction":[{"@type":"ReadAction","target":["https:\/\/shanabooks.de\/product\/hewari-heciye-cindi\/"]}]},{"@type":"ImageObject","inLanguage":"kur","@id":"https:\/\/shanabooks.de\/product\/hewari-heciye-cindi\/#primaryimage","url":"https:\/\/shanabooks.de\/wp-content\/uploads\/2024\/03\/Hewari-Lis.png","contentUrl":"https:\/\/shanabooks.de\/wp-content\/uploads\/2024\/03\/Hewari-Lis.png","width":599,"height":900,"caption":"Hewar\u00ee - Hec\u00eey\u00ea Cind\u00ee - pirt\u00fbk\u00ean kurd\u00ee - roman"},{"@type":"BreadcrumbList","@id":"https:\/\/shanabooks.de\/product\/hewari-heciye-cindi\/#breadcrumb","itemListElement":[{"@type":"ListItem","position":1,"name":"\u0627\u0644\u0631\u0626\u064a\u0633\u064a\u0629","item":"https:\/\/shanabooks.de\/kur\/"},{"@type":"ListItem","position":2,"name":"\u0627\u0644\u0645\u0646\u062a\u062c\u0627\u062a","item":"https:\/\/shanabooks.de\/shop\/"},{"@type":"ListItem","position":3,"name":"Hewar\u00ee"}]},{"@type":"WebSite","@id":"https:\/\/shanabooks.de\/#website","url":"https:\/\/shanabooks.de\/","name":"www.shanbooks.de","description":"C\u00eehana Pirt\u00fbk\u00ean Kurd\u00ee \u0645\u0643\u062a\u0628\u0629 \u0634\u0627\u0646\u0627 \u0641\u064a \u0627\u0644\u0645\u0627\u0646\u064a\u0627 \u0648\u0623\u0648\u0631\u0628\u0627","publisher":{"@id":"https:\/\/shanabooks.de\/#organization"},"potentialAction":[{"@type":"SearchAction","target":{"@type":"EntryPoint","urlTemplate":"https:\/\/shanabooks.de\/?s={search_term_string}"},"query-input":{"@type":"PropertyValueSpecification","valueRequired":true,"valueName":"search_term_string"}}],"inLanguage":"kur"},{"@type":"Organization","@id":"https:\/\/shanabooks.de\/#organization","name":"www.shanbooks.de","url":"https:\/\/shanabooks.de\/","logo":{"@type":"ImageObject","inLanguage":"kur","@id":"https:\/\/shanabooks.de\/#\/schema\/logo\/image\/","url":"https:\/\/shanabooks.de\/wp-content\/uploads\/2024\/03\/SHANABOOKS__2_-removebg-preview.png","contentUrl":"https:\/\/shanabooks.de\/wp-content\/uploads\/2024\/03\/SHANABOOKS__2_-removebg-preview.png","width":700,"height":150,"caption":"www.shanbooks.de"},"image":{"@id":"https:\/\/shanabooks.de\/#\/schema\/logo\/image\/"}}]}},"jetpack_sharing_enabled":true,"_links":{"self":[{"href":"https:\/\/shanabooks.de\/kur\/wp-json\/wp\/v2\/product\/12388","targetHints":{"allow":["GET"]}}],"collection":[{"href":"https:\/\/shanabooks.de\/kur\/wp-json\/wp\/v2\/product"}],"about":[{"href":"https:\/\/shanabooks.de\/kur\/wp-json\/wp\/v2\/types\/product"}],"version-history":[{"count":2,"href":"https:\/\/shanabooks.de\/kur\/wp-json\/wp\/v2\/product\/12388\/revisions"}],"predecessor-version":[{"id":22862,"href":"https:\/\/shanabooks.de\/kur\/wp-json\/wp\/v2\/product\/12388\/revisions\/22862"}],"wp:featuredmedia":[{"embeddable":true,"href":"https:\/\/shanabooks.de\/kur\/wp-json\/wp\/v2\/media\/12450"}],"wp:attachment":[{"href":"https:\/\/shanabooks.de\/kur\/wp-json\/wp\/v2\/media?parent=12388"}],"wp:term":[{"taxonomy":"product_brand","embeddable":true,"href":"https:\/\/shanabooks.de\/kur\/wp-json\/wp\/v2\/product_brand?post=12388"},{"taxonomy":"product_cat","embeddable":true,"href":"https:\/\/shanabooks.de\/kur\/wp-json\/wp\/v2\/product_cat?post=12388"},{"taxonomy":"product_tag","embeddable":true,"href":"https:\/\/shanabooks.de\/kur\/wp-json\/wp\/v2\/product_tag?post=12388"}],"curies":[{"name":"wp","href":"https:\/\/api.w.org\/{rel}","templated":true}]}}