{"id":12395,"date":"2024-03-03T19:43:36","date_gmt":"2024-03-03T19:43:36","guid":{"rendered":"https:\/\/shanabooks.de\/?post_type=product&#038;p=12395"},"modified":"2024-03-16T11:53:27","modified_gmt":"2024-03-16T11:53:27","slug":"hesar-u-kuciken-bave-min-serzad-hesen","status":"publish","type":"product","link":"https:\/\/shanabooks.de\/kur\/product\/hesar-u-kuciken-bave-min-serzad-hesen\/","title":{"rendered":"Hesar \u00fb k\u00fb\u00e7ik\u00ean bav\u00ea min"},"content":{"rendered":"<p dir=\"ltr\"><strong>Hesar \u00fb k\u00fb\u00e7ik\u00ean bav\u00ea min &#8211; \u015e\u00earzad Hesen<\/strong><\/p>\n<p dir=\"ltr\"><span style=\"font-family: Verdana\">B\u00eayom b\u00fbn xwi\u015fk\u00ean min. Heta w\u00ea \u015fev\u00ea h\u00eala din a s\u00fbr\u00ean bilind \u00ean hesar\u00ea ned\u00eetib\u00fbn. B\u00eazar\u00ee \u00fb aciz\u00eeya wan wisa kir ku ez w\u00ee bikujim. Min dizan\u00ee her \u015fev bahol, box\u00e7e \u00fb sindoq\u00ean xwe vedikin ji derz\u00ee \u00fb sincax \u00fb gerdenbenda biqerenf\u00eel, binkiras heta \u00ealek \u00fb p\u00ealav\u00ean xwe y\u00ean \u00eamen\u00ee y\u00ean b\u00fbkan\u00eeya xwe derdixin \u00fb ji hev re n\u00ee\u015fan didin. Pi\u015ft\u00ee ku wan ti\u015ft\u00ean h\u00fbrik b\u00eahn dikin dest bi gir\u00een\u00ea dikin \u00fb ji Xwed\u00ea re dia dikin ku r\u00eaya m\u00earek\u00ee ji e\u015f\u00eer \u00fb hesareke din \u015fa\u015f bike \u00fb li deriy\u00ea bilind \u00ea keleha qeyrexwi\u015fk\u00ean min bide. Hesara bav\u00ea min, ango zindana kur \u00fb ke\u00e7\u00ean w\u00ee, tewleya hesp \u00fb h\u00eastir\u00ean w\u00ee, qefesa bilbil\u00ean w\u00ee, p\u00een \u00fb kolika k\u00fb\u00e7ik, pis\u00eek, k\u00eevro\u015fk \u00fb kevok\u00ean w\u00ee\u2026 Menz\u00eelgeha yekem \u00fb daw\u00ee ya jin\u00ean w\u00ee\u2026\u00a0<\/span><\/p>\n<p dir=\"ltr\">(ji roman\u00ea)<\/p>\n<p dir=\"ltr\">Hesar \u00fb k\u00fb\u00e7ik\u00ean bav\u00ea min ya \u015e\u00earzad Hesen ji we\u015fan\u00ean Dara ye.<\/p>\n","protected":false},"excerpt":{"rendered":"<p dir=\"ltr\" style=\"text-align: center\"><strong>Pirt\u00fbk: Hesar \u00fb k\u00fb\u00e7ik\u00ean bav\u00ea min<br \/>\nNiv\u00eeskar: \u015e\u00earzad Hesen<\/strong><br \/>\n<strong>Cure: Roman\u00a0<\/strong><\/p>\n","protected":false},"featured_media":12461,"template":"","meta":{"site-sidebar-layout":"default","site-content-layout":"","ast-site-content-layout":"default","site-content-style":"default","site-sidebar-style":"default","ast-global-header-display":"","ast-banner-title-visibility":"","ast-main-header-display":"","ast-hfb-above-header-display":"","ast-hfb-below-header-display":"","ast-hfb-mobile-header-display":"","site-post-title":"","ast-breadcrumbs-content":"","ast-featured-img":"","footer-sml-layout":"","ast-disable-related-posts":"","theme-transparent-header-meta":"default","adv-header-id-meta":"","stick-header-meta":"","header-above-stick-meta":"","header-main-stick-meta":"","header-below-stick-meta":"","astra-migrate-meta-layouts":"set","ast-page-background-enabled":"default","ast-page-background-meta":{"desktop":{"background-color":"","background-image":"","background-repeat":"repeat","background-position":"center center","background-size":"auto","background-attachment":"scroll","background-type":"","background-media":"","overlay-type":"","overlay-color":"","overlay-opacity":"","overlay-gradient":""},"tablet":{"background-color":"","background-image":"","background-repeat":"repeat","background-position":"center center","background-size":"auto","background-attachment":"scroll","background-type":"","background-media":"","overlay-type":"","overlay-color":"","overlay-opacity":"","overlay-gradient":""},"mobile":{"background-color":"","background-image":"","background-repeat":"repeat","background-position":"center center","background-size":"auto","background-attachment":"scroll","background-type":"","background-media":"","overlay-type":"","overlay-color":"","overlay-opacity":"","overlay-gradient":""}},"ast-content-background-meta":{"desktop":{"background-color":"var(--ast-global-color-5)","background-image":"","background-repeat":"repeat","background-position":"center center","background-size":"auto","background-attachment":"scroll","background-type":"","background-media":"","overlay-type":"","overlay-color":"","overlay-opacity":"","overlay-gradient":""},"tablet":{"background-color":"var(--ast-global-color-5)","background-image":"","background-repeat":"repeat","background-position":"center center","background-size":"auto","background-attachment":"scroll","background-type":"","background-media":"","overlay-type":"","overlay-color":"","overlay-opacity":"","overlay-gradient":""},"mobile":{"background-color":"var(--ast-global-color-5)","background-image":"","background-repeat":"repeat","background-position":"center center","background-size":"auto","background-attachment":"scroll","background-type":"","background-media":"","overlay-type":"","overlay-color":"","overlay-opacity":"","overlay-gradient":""}}},"product_brand":[],"product_cat":[182,193],"product_tag":[],"class_list":{"0":"post-12395","1":"product","2":"type-product","3":"status-publish","4":"has-post-thumbnail","6":"product_cat-_","7":"product_cat--_","8":"pa_-roman","9":"pa_-serzad-hesen","10":"pa_-kurmanci","11":"pa_--dara-yayinlari","12":"desktop-align-left","13":"tablet-align-left","14":"mobile-align-left","16":"first","17":"instock","18":"shipping-taxable","19":"purchasable","20":"product-type-simple"},"yoast_head":"<!-- This site is optimized with the Yoast SEO plugin v27.4 - https:\/\/yoast.com\/product\/yoast-seo-wordpress\/ -->\n<title>Hesar \u00fb k\u00fb\u00e7ik\u00ean bav\u00ea min - \u015e\u00earzad Hesen - www.shanabooks.de<\/title>\n<meta name=\"description\" content=\"Hesar \u00fb k\u00fb\u00e7ik\u00ean bav\u00ea min - \u015e\u00earzad Hesen B\u00eayom b\u00fbn xwi\u015fk\u00ean min. Heta w\u00ea \u015fev\u00ea h\u00eala din a s\u00fbr\u00ean bilind \u00ean hesar\u00ea ned\u00eetib\u00fbn. B\u00eazar\u00ee \u00fb aciz\u00eeya wan wisa kir ku...\" \/>\n<meta name=\"robots\" content=\"index, follow, max-snippet:-1, max-image-preview:large, max-video-preview:-1\" \/>\n<link rel=\"canonical\" href=\"https:\/\/shanabooks.de\/product\/hesar-u-kuciken-bave-min-serzad-hesen\/\" \/>\n<meta property=\"og:locale\" content=\"en_US\" \/>\n<meta property=\"og:type\" content=\"article\" \/>\n<meta property=\"og:title\" content=\"Hesar \u00fb k\u00fb\u00e7ik\u00ean bav\u00ea min - \u015e\u00earzad Hesen - www.shanabooks.de\" \/>\n<meta property=\"og:description\" content=\"Hesar \u00fb k\u00fb\u00e7ik\u00ean bav\u00ea min - \u015e\u00earzad Hesen B\u00eayom b\u00fbn xwi\u015fk\u00ean min. Heta w\u00ea \u015fev\u00ea h\u00eala din a s\u00fbr\u00ean bilind \u00ean hesar\u00ea ned\u00eetib\u00fbn. B\u00eazar\u00ee \u00fb aciz\u00eeya wan wisa kir ku...\" \/>\n<meta property=\"og:url\" content=\"https:\/\/shanabooks.de\/product\/hesar-u-kuciken-bave-min-serzad-hesen\/\" \/>\n<meta property=\"og:site_name\" content=\"www.shanabooks.de\" \/>\n<meta property=\"article:modified_time\" content=\"2024-03-16T11:53:27+00:00\" \/>\n<meta property=\"og:image\" content=\"https:\/\/shanabooks.de\/wp-content\/uploads\/2024\/03\/Hesar-u-kuciken-bave-min.png\" \/>\n\t<meta property=\"og:image:width\" content=\"261\" \/>\n\t<meta property=\"og:image:height\" content=\"471\" \/>\n\t<meta property=\"og:image:type\" content=\"image\/png\" \/>\n<meta name=\"twitter:card\" content=\"summary_large_image\" \/>\n<meta name=\"twitter:label1\" content=\"Est. reading time\" \/>\n\t<meta name=\"twitter:data1\" content=\"2 minutes\" \/>\n<script type=\"application\/ld+json\" class=\"yoast-schema-graph\">{\"@context\":\"https:\\\/\\\/schema.org\",\"@graph\":[{\"@type\":\"WebPage\",\"@id\":\"https:\\\/\\\/shanabooks.de\\\/product\\\/hesar-u-kuciken-bave-min-serzad-hesen\\\/\",\"url\":\"https:\\\/\\\/shanabooks.de\\\/product\\\/hesar-u-kuciken-bave-min-serzad-hesen\\\/\",\"name\":\"Hesar \u00fb k\u00fb\u00e7ik\u00ean bav\u00ea min - \u015e\u00earzad Hesen - www.shanabooks.de\",\"isPartOf\":{\"@id\":\"https:\\\/\\\/shanabooks.de\\\/#website\"},\"primaryImageOfPage\":{\"@id\":\"https:\\\/\\\/shanabooks.de\\\/product\\\/hesar-u-kuciken-bave-min-serzad-hesen\\\/#primaryimage\"},\"image\":{\"@id\":\"https:\\\/\\\/shanabooks.de\\\/product\\\/hesar-u-kuciken-bave-min-serzad-hesen\\\/#primaryimage\"},\"thumbnailUrl\":\"https:\\\/\\\/shanabooks.de\\\/wp-content\\\/uploads\\\/2024\\\/03\\\/Hesar-u-kuciken-bave-min.png\",\"datePublished\":\"2024-03-03T19:43:36+00:00\",\"dateModified\":\"2024-03-16T11:53:27+00:00\",\"description\":\"Hesar \u00fb k\u00fb\u00e7ik\u00ean bav\u00ea min - \u015e\u00earzad Hesen B\u00eayom b\u00fbn xwi\u015fk\u00ean min. Heta w\u00ea \u015fev\u00ea h\u00eala din a s\u00fbr\u00ean bilind \u00ean hesar\u00ea ned\u00eetib\u00fbn. B\u00eazar\u00ee \u00fb aciz\u00eeya wan wisa kir ku...\",\"breadcrumb\":{\"@id\":\"https:\\\/\\\/shanabooks.de\\\/product\\\/hesar-u-kuciken-bave-min-serzad-hesen\\\/#breadcrumb\"},\"inLanguage\":\"kur\",\"potentialAction\":[{\"@type\":\"ReadAction\",\"target\":[\"https:\\\/\\\/shanabooks.de\\\/product\\\/hesar-u-kuciken-bave-min-serzad-hesen\\\/\"]}]},{\"@type\":\"ImageObject\",\"inLanguage\":\"kur\",\"@id\":\"https:\\\/\\\/shanabooks.de\\\/product\\\/hesar-u-kuciken-bave-min-serzad-hesen\\\/#primaryimage\",\"url\":\"https:\\\/\\\/shanabooks.de\\\/wp-content\\\/uploads\\\/2024\\\/03\\\/Hesar-u-kuciken-bave-min.png\",\"contentUrl\":\"https:\\\/\\\/shanabooks.de\\\/wp-content\\\/uploads\\\/2024\\\/03\\\/Hesar-u-kuciken-bave-min.png\",\"width\":261,\"height\":471,\"caption\":\"Hesar \u00fb k\u00fb\u00e7ik\u00ean bav\u00ea min - \u015e\u00earzad Hesen - pirt\u00fbk\u00ean kurd\u00ee\"},{\"@type\":\"BreadcrumbList\",\"@id\":\"https:\\\/\\\/shanabooks.de\\\/product\\\/hesar-u-kuciken-bave-min-serzad-hesen\\\/#breadcrumb\",\"itemListElement\":[{\"@type\":\"ListItem\",\"position\":1,\"name\":\"\u0627\u0644\u0631\u0626\u064a\u0633\u064a\u0629\",\"item\":\"https:\\\/\\\/shanabooks.de\\\/kur\\\/\"},{\"@type\":\"ListItem\",\"position\":2,\"name\":\"\u0627\u0644\u0645\u0646\u062a\u062c\u0627\u062a\",\"item\":\"https:\\\/\\\/shanabooks.de\\\/shop\\\/\"},{\"@type\":\"ListItem\",\"position\":3,\"name\":\"Hesar \u00fb k\u00fb\u00e7ik\u00ean bav\u00ea min\"}]},{\"@type\":\"WebSite\",\"@id\":\"https:\\\/\\\/shanabooks.de\\\/#website\",\"url\":\"https:\\\/\\\/shanabooks.de\\\/\",\"name\":\"www.shanbooks.de\",\"description\":\"C\u00eehana Pirt\u00fbk\u00ean Kurd\u00ee \u0645\u0643\u062a\u0628\u0629 \u0634\u0627\u0646\u0627 \u0641\u064a \u0627\u0644\u0645\u0627\u0646\u064a\u0627 \u0648\u0623\u0648\u0631\u0628\u0627\",\"publisher\":{\"@id\":\"https:\\\/\\\/shanabooks.de\\\/#organization\"},\"potentialAction\":[{\"@type\":\"SearchAction\",\"target\":{\"@type\":\"EntryPoint\",\"urlTemplate\":\"https:\\\/\\\/shanabooks.de\\\/?s={search_term_string}\"},\"query-input\":{\"@type\":\"PropertyValueSpecification\",\"valueRequired\":true,\"valueName\":\"search_term_string\"}}],\"inLanguage\":\"kur\"},{\"@type\":\"Organization\",\"@id\":\"https:\\\/\\\/shanabooks.de\\\/#organization\",\"name\":\"www.shanbooks.de\",\"url\":\"https:\\\/\\\/shanabooks.de\\\/\",\"logo\":{\"@type\":\"ImageObject\",\"inLanguage\":\"kur\",\"@id\":\"https:\\\/\\\/shanabooks.de\\\/#\\\/schema\\\/logo\\\/image\\\/\",\"url\":\"https:\\\/\\\/shanabooks.de\\\/wp-content\\\/uploads\\\/2024\\\/03\\\/SHANABOOKS__2_-removebg-preview.png\",\"contentUrl\":\"https:\\\/\\\/shanabooks.de\\\/wp-content\\\/uploads\\\/2024\\\/03\\\/SHANABOOKS__2_-removebg-preview.png\",\"width\":700,\"height\":150,\"caption\":\"www.shanbooks.de\"},\"image\":{\"@id\":\"https:\\\/\\\/shanabooks.de\\\/#\\\/schema\\\/logo\\\/image\\\/\"}}]}<\/script>\n<!-- \/ Yoast SEO plugin. -->","yoast_head_json":{"title":"Hesar \u00fb k\u00fb\u00e7ik\u00ean bav\u00ea min - \u015e\u00earzad Hesen - www.shanabooks.de","description":"Hesar \u00fb k\u00fb\u00e7ik\u00ean bav\u00ea min - \u015e\u00earzad Hesen B\u00eayom b\u00fbn xwi\u015fk\u00ean min. Heta w\u00ea \u015fev\u00ea h\u00eala din a s\u00fbr\u00ean bilind \u00ean hesar\u00ea ned\u00eetib\u00fbn. B\u00eazar\u00ee \u00fb aciz\u00eeya wan wisa kir ku...","robots":{"index":"index","follow":"follow","max-snippet":"max-snippet:-1","max-image-preview":"max-image-preview:large","max-video-preview":"max-video-preview:-1"},"canonical":"https:\/\/shanabooks.de\/product\/hesar-u-kuciken-bave-min-serzad-hesen\/","og_locale":"en_US","og_type":"article","og_title":"Hesar \u00fb k\u00fb\u00e7ik\u00ean bav\u00ea min - \u015e\u00earzad Hesen - www.shanabooks.de","og_description":"Hesar \u00fb k\u00fb\u00e7ik\u00ean bav\u00ea min - \u015e\u00earzad Hesen B\u00eayom b\u00fbn xwi\u015fk\u00ean min. Heta w\u00ea \u015fev\u00ea h\u00eala din a s\u00fbr\u00ean bilind \u00ean hesar\u00ea ned\u00eetib\u00fbn. B\u00eazar\u00ee \u00fb aciz\u00eeya wan wisa kir ku...","og_url":"https:\/\/shanabooks.de\/product\/hesar-u-kuciken-bave-min-serzad-hesen\/","og_site_name":"www.shanabooks.de","article_modified_time":"2024-03-16T11:53:27+00:00","og_image":[{"width":261,"height":471,"url":"https:\/\/shanabooks.de\/wp-content\/uploads\/2024\/03\/Hesar-u-kuciken-bave-min.png","type":"image\/png"}],"twitter_card":"summary_large_image","twitter_misc":{"Est. reading time":"2 minutes"},"schema":{"@context":"https:\/\/schema.org","@graph":[{"@type":"WebPage","@id":"https:\/\/shanabooks.de\/product\/hesar-u-kuciken-bave-min-serzad-hesen\/","url":"https:\/\/shanabooks.de\/product\/hesar-u-kuciken-bave-min-serzad-hesen\/","name":"Hesar \u00fb k\u00fb\u00e7ik\u00ean bav\u00ea min - \u015e\u00earzad Hesen - www.shanabooks.de","isPartOf":{"@id":"https:\/\/shanabooks.de\/#website"},"primaryImageOfPage":{"@id":"https:\/\/shanabooks.de\/product\/hesar-u-kuciken-bave-min-serzad-hesen\/#primaryimage"},"image":{"@id":"https:\/\/shanabooks.de\/product\/hesar-u-kuciken-bave-min-serzad-hesen\/#primaryimage"},"thumbnailUrl":"https:\/\/shanabooks.de\/wp-content\/uploads\/2024\/03\/Hesar-u-kuciken-bave-min.png","datePublished":"2024-03-03T19:43:36+00:00","dateModified":"2024-03-16T11:53:27+00:00","description":"Hesar \u00fb k\u00fb\u00e7ik\u00ean bav\u00ea min - \u015e\u00earzad Hesen B\u00eayom b\u00fbn xwi\u015fk\u00ean min. Heta w\u00ea \u015fev\u00ea h\u00eala din a s\u00fbr\u00ean bilind \u00ean hesar\u00ea ned\u00eetib\u00fbn. B\u00eazar\u00ee \u00fb aciz\u00eeya wan wisa kir ku...","breadcrumb":{"@id":"https:\/\/shanabooks.de\/product\/hesar-u-kuciken-bave-min-serzad-hesen\/#breadcrumb"},"inLanguage":"kur","potentialAction":[{"@type":"ReadAction","target":["https:\/\/shanabooks.de\/product\/hesar-u-kuciken-bave-min-serzad-hesen\/"]}]},{"@type":"ImageObject","inLanguage":"kur","@id":"https:\/\/shanabooks.de\/product\/hesar-u-kuciken-bave-min-serzad-hesen\/#primaryimage","url":"https:\/\/shanabooks.de\/wp-content\/uploads\/2024\/03\/Hesar-u-kuciken-bave-min.png","contentUrl":"https:\/\/shanabooks.de\/wp-content\/uploads\/2024\/03\/Hesar-u-kuciken-bave-min.png","width":261,"height":471,"caption":"Hesar \u00fb k\u00fb\u00e7ik\u00ean bav\u00ea min - \u015e\u00earzad Hesen - pirt\u00fbk\u00ean kurd\u00ee"},{"@type":"BreadcrumbList","@id":"https:\/\/shanabooks.de\/product\/hesar-u-kuciken-bave-min-serzad-hesen\/#breadcrumb","itemListElement":[{"@type":"ListItem","position":1,"name":"\u0627\u0644\u0631\u0626\u064a\u0633\u064a\u0629","item":"https:\/\/shanabooks.de\/kur\/"},{"@type":"ListItem","position":2,"name":"\u0627\u0644\u0645\u0646\u062a\u062c\u0627\u062a","item":"https:\/\/shanabooks.de\/shop\/"},{"@type":"ListItem","position":3,"name":"Hesar \u00fb k\u00fb\u00e7ik\u00ean bav\u00ea min"}]},{"@type":"WebSite","@id":"https:\/\/shanabooks.de\/#website","url":"https:\/\/shanabooks.de\/","name":"www.shanbooks.de","description":"C\u00eehana Pirt\u00fbk\u00ean Kurd\u00ee \u0645\u0643\u062a\u0628\u0629 \u0634\u0627\u0646\u0627 \u0641\u064a \u0627\u0644\u0645\u0627\u0646\u064a\u0627 \u0648\u0623\u0648\u0631\u0628\u0627","publisher":{"@id":"https:\/\/shanabooks.de\/#organization"},"potentialAction":[{"@type":"SearchAction","target":{"@type":"EntryPoint","urlTemplate":"https:\/\/shanabooks.de\/?s={search_term_string}"},"query-input":{"@type":"PropertyValueSpecification","valueRequired":true,"valueName":"search_term_string"}}],"inLanguage":"kur"},{"@type":"Organization","@id":"https:\/\/shanabooks.de\/#organization","name":"www.shanbooks.de","url":"https:\/\/shanabooks.de\/","logo":{"@type":"ImageObject","inLanguage":"kur","@id":"https:\/\/shanabooks.de\/#\/schema\/logo\/image\/","url":"https:\/\/shanabooks.de\/wp-content\/uploads\/2024\/03\/SHANABOOKS__2_-removebg-preview.png","contentUrl":"https:\/\/shanabooks.de\/wp-content\/uploads\/2024\/03\/SHANABOOKS__2_-removebg-preview.png","width":700,"height":150,"caption":"www.shanbooks.de"},"image":{"@id":"https:\/\/shanabooks.de\/#\/schema\/logo\/image\/"}}]}},"jetpack_sharing_enabled":true,"_links":{"self":[{"href":"https:\/\/shanabooks.de\/kur\/wp-json\/wp\/v2\/product\/12395","targetHints":{"allow":["GET"]}}],"collection":[{"href":"https:\/\/shanabooks.de\/kur\/wp-json\/wp\/v2\/product"}],"about":[{"href":"https:\/\/shanabooks.de\/kur\/wp-json\/wp\/v2\/types\/product"}],"version-history":[{"count":3,"href":"https:\/\/shanabooks.de\/kur\/wp-json\/wp\/v2\/product\/12395\/revisions"}],"predecessor-version":[{"id":18872,"href":"https:\/\/shanabooks.de\/kur\/wp-json\/wp\/v2\/product\/12395\/revisions\/18872"}],"wp:featuredmedia":[{"embeddable":true,"href":"https:\/\/shanabooks.de\/kur\/wp-json\/wp\/v2\/media\/12461"}],"wp:attachment":[{"href":"https:\/\/shanabooks.de\/kur\/wp-json\/wp\/v2\/media?parent=12395"}],"wp:term":[{"taxonomy":"product_brand","embeddable":true,"href":"https:\/\/shanabooks.de\/kur\/wp-json\/wp\/v2\/product_brand?post=12395"},{"taxonomy":"product_cat","embeddable":true,"href":"https:\/\/shanabooks.de\/kur\/wp-json\/wp\/v2\/product_cat?post=12395"},{"taxonomy":"product_tag","embeddable":true,"href":"https:\/\/shanabooks.de\/kur\/wp-json\/wp\/v2\/product_tag?post=12395"}],"curies":[{"name":"wp","href":"https:\/\/api.w.org\/{rel}","templated":true}]}}