{"id":12426,"date":"2024-03-03T19:44:00","date_gmt":"2024-03-03T19:44:00","guid":{"rendered":"https:\/\/shanabooks.de\/?post_type=product&#038;p=12426"},"modified":"2026-01-02T18:53:22","modified_gmt":"2026-01-02T18:53:22","slug":"temenen-li-ber-bahoze-a-hekim-kozluk","status":"publish","type":"product","link":"https:\/\/shanabooks.de\/kur\/product\/temenen-li-ber-bahoze-a-hekim-kozluk\/","title":{"rendered":"Temen\u00ean li ber bahoz\u00ea"},"content":{"rendered":"<p dir=\"ltr\"><strong>Temen\u00ean li ber bahoz\u00ea &#8211; A.Hek\u00eem Kozluk<\/strong><\/p>\n<p class=\"p1\" dir=\"ltr\"><span style=\"font-family: Verdana\">V\u00ea bihar\u00ea, r\u00fby\u00ea Nis\u00eab\u00een\u00ea wek\u00ee heyveke z\u00eev\u00een e. Wek\u00ee heyveke z\u00eev\u00een e ku di pi\u015ft ewran de maye&#8230; <\/span><\/p>\n<p class=\"p1\" dir=\"ltr\"><span style=\"font-family: Verdana\">R\u00fby\u00ea Nis\u00eab\u00een\u00ea wek\u00ee deqandineke di dem\u00ea de w\u00eanand\u00ee t\u00ea \u00fb di min dibihure. L\u00ea em b\u00eaxatirxwestin in&#8230; Em gir\u00eaday\u00ee veqetandin\u00ean xwe ne hetan\u00ee bi mirin\u00ea. Firtoney\u00ean nava me ji w\u00ea ne heyran. Em \u00fb Nis\u00eab\u00een, em wek\u00ee du dergistiy\u00ean di navbera du k\u00earan de li civan\u00ean hev in. Bila zeman di ziman\u00ea fistoq\u00ee de zirtan bizmar ke. Ne xem e. Di heb\u00fbnweriy\u00ea de h\u00ea j\u00ee gerd\u00fbn bi \u015fik\u00fbdar\u00ee p\u00eal dide. \u00db w\u00ea Nis\u00eab\u00een bi b\u00eereweriya xwe hi\u015fmiraz biwelide. W\u00ea ji tariya xwe st\u00eark\u00ean xwe biwelid\u00eene&#8230;<\/span><\/p>\n<p class=\"p1\" dir=\"ltr\"><span style=\"font-family: Verdana\">H\u00fbn wilo nen\u00earin ku v\u00eaga xirbe \u00fb sikak\u00ean Nis\u00eab\u00een\u00ea wek\u00ee rahik\u00ean bedeneke z\u00eendewar di bin gurm\u00eena tank \u00fb topan de, di bin pijiqandina agir\u00ea bi berm\u00eel\u00ean firokan de digirnije&#8230; H\u00fbn wilo nen\u00earin ku wek\u00ee Stal\u00eengrad \u00fb Koban\u00ea d\u00fbxan \u00fb ewr\u00ean ji toz\u00ea digirin ser van xirbeyan. Wilo nen\u00earin ku v\u00eaga bombey\u00ean kesk mija mirin\u00ea li ser van xaniy\u00ean kavilkir\u00ee dinermij\u00eenin&#8230; Ev bajar w\u00ea ji tariya xwe st\u00eark\u00ean xwe biwelid\u00eene.<\/span><\/p>\n<p dir=\"ltr\">Romana Temen\u00ean li ber bahoz\u00ea ya A.Hek\u00eem Kozluk ji we\u015fan\u00ean Aryen derketiye<\/p>\n","protected":false},"excerpt":{"rendered":"<p dir=\"ltr\" style=\"text-align: center\"><strong>Pirt\u00fbk : Temen\u00ean li ber bahoz\u00ea<\/strong><br \/>\n<strong>Niv\u00eeskar : A.Hek\u00eem Kozluk<br \/>\nCure : Roman<\/strong><\/p>\n","protected":false},"featured_media":5154,"template":"","meta":{"site-sidebar-layout":"default","site-content-layout":"","ast-site-content-layout":"default","site-content-style":"default","site-sidebar-style":"default","ast-global-header-display":"","ast-banner-title-visibility":"","ast-main-header-display":"","ast-hfb-above-header-display":"","ast-hfb-below-header-display":"","ast-hfb-mobile-header-display":"","site-post-title":"","ast-breadcrumbs-content":"","ast-featured-img":"","footer-sml-layout":"","ast-disable-related-posts":"","theme-transparent-header-meta":"default","adv-header-id-meta":"","stick-header-meta":"","header-above-stick-meta":"","header-main-stick-meta":"","header-below-stick-meta":"","astra-migrate-meta-layouts":"set","ast-page-background-enabled":"default","ast-page-background-meta":{"desktop":{"background-color":"","background-image":"","background-repeat":"repeat","background-position":"center center","background-size":"auto","background-attachment":"scroll","background-type":"","background-media":"","overlay-type":"","overlay-color":"","overlay-opacity":"","overlay-gradient":""},"tablet":{"background-color":"","background-image":"","background-repeat":"repeat","background-position":"center center","background-size":"auto","background-attachment":"scroll","background-type":"","background-media":"","overlay-type":"","overlay-color":"","overlay-opacity":"","overlay-gradient":""},"mobile":{"background-color":"","background-image":"","background-repeat":"repeat","background-position":"center center","background-size":"auto","background-attachment":"scroll","background-type":"","background-media":"","overlay-type":"","overlay-color":"","overlay-opacity":"","overlay-gradient":""}},"ast-content-background-meta":{"desktop":{"background-color":"var(--ast-global-color-5)","background-image":"","background-repeat":"repeat","background-position":"center center","background-size":"auto","background-attachment":"scroll","background-type":"","background-media":"","overlay-type":"","overlay-color":"","overlay-opacity":"","overlay-gradient":""},"tablet":{"background-color":"var(--ast-global-color-5)","background-image":"","background-repeat":"repeat","background-position":"center center","background-size":"auto","background-attachment":"scroll","background-type":"","background-media":"","overlay-type":"","overlay-color":"","overlay-opacity":"","overlay-gradient":""},"mobile":{"background-color":"var(--ast-global-color-5)","background-image":"","background-repeat":"repeat","background-position":"center center","background-size":"auto","background-attachment":"scroll","background-type":"","background-media":"","overlay-type":"","overlay-color":"","overlay-opacity":"","overlay-gradient":""}}},"product_brand":[],"product_cat":[182,193],"product_tag":[],"class_list":{"0":"post-12426","1":"product","2":"type-product","3":"status-publish","4":"has-post-thumbnail","6":"product_cat-_","7":"product_cat--_","8":"pa_-roman","9":"pa_-a-hekim-kozluk","10":"pa_-kurmanci","11":"pa_--aryen","12":"desktop-align-left","13":"tablet-align-left","14":"mobile-align-left","16":"first","17":"instock","18":"shipping-taxable","19":"purchasable","20":"product-type-simple"},"yoast_head":"<!-- This site is optimized with the Yoast SEO plugin v27.4 - https:\/\/yoast.com\/product\/yoast-seo-wordpress\/ -->\n<title>Temen\u00ean li ber bahoz\u00ea - A.Hek\u00eem Kozluk - www.shanabooks.de<\/title>\n<meta name=\"description\" content=\"Temen\u00ean li ber bahoz\u00ea - A.Hek\u00eem Kozluk V\u00ea bihar\u00ea, r\u00fby\u00ea Nis\u00eab\u00een\u00ea wek\u00ee heyveke z\u00eev\u00een e. Wek\u00ee heyveke z\u00eev\u00een e ku di pi\u015ft ewran de maye...\" \/>\n<meta name=\"robots\" content=\"index, follow, max-snippet:-1, max-image-preview:large, max-video-preview:-1\" \/>\n<link rel=\"canonical\" href=\"https:\/\/shanabooks.de\/product\/temenen-li-ber-bahoze-a-hekim-kozluk\/\" \/>\n<meta property=\"og:locale\" content=\"en_US\" \/>\n<meta property=\"og:type\" content=\"article\" \/>\n<meta property=\"og:title\" content=\"Temen\u00ean li ber bahoz\u00ea - A.Hek\u00eem Kozluk - www.shanabooks.de\" \/>\n<meta property=\"og:description\" content=\"Temen\u00ean li ber bahoz\u00ea - A.Hek\u00eem Kozluk V\u00ea bihar\u00ea, r\u00fby\u00ea Nis\u00eab\u00een\u00ea wek\u00ee heyveke z\u00eev\u00een e. Wek\u00ee heyveke z\u00eev\u00een e ku di pi\u015ft ewran de maye...\" \/>\n<meta property=\"og:url\" content=\"https:\/\/shanabooks.de\/product\/temenen-li-ber-bahoze-a-hekim-kozluk\/\" \/>\n<meta property=\"og:site_name\" content=\"www.shanabooks.de\" \/>\n<meta property=\"article:modified_time\" content=\"2026-01-02T18:53:22+00:00\" \/>\n<meta property=\"og:image\" content=\"https:\/\/shanabooks.de\/wp-content\/uploads\/2024\/01\/Temenen-ber-Bahoze.png\" \/>\n\t<meta property=\"og:image:width\" content=\"296\" \/>\n\t<meta property=\"og:image:height\" content=\"473\" \/>\n\t<meta property=\"og:image:type\" content=\"image\/png\" \/>\n<meta name=\"twitter:card\" content=\"summary_large_image\" \/>\n<meta name=\"twitter:label1\" content=\"Est. reading time\" \/>\n\t<meta name=\"twitter:data1\" content=\"2 minutes\" \/>\n<script type=\"application\/ld+json\" class=\"yoast-schema-graph\">{\"@context\":\"https:\\\/\\\/schema.org\",\"@graph\":[{\"@type\":\"WebPage\",\"@id\":\"https:\\\/\\\/shanabooks.de\\\/product\\\/temenen-li-ber-bahoze-a-hekim-kozluk\\\/\",\"url\":\"https:\\\/\\\/shanabooks.de\\\/product\\\/temenen-li-ber-bahoze-a-hekim-kozluk\\\/\",\"name\":\"Temen\u00ean li ber bahoz\u00ea - A.Hek\u00eem Kozluk - www.shanabooks.de\",\"isPartOf\":{\"@id\":\"https:\\\/\\\/shanabooks.de\\\/#website\"},\"primaryImageOfPage\":{\"@id\":\"https:\\\/\\\/shanabooks.de\\\/product\\\/temenen-li-ber-bahoze-a-hekim-kozluk\\\/#primaryimage\"},\"image\":{\"@id\":\"https:\\\/\\\/shanabooks.de\\\/product\\\/temenen-li-ber-bahoze-a-hekim-kozluk\\\/#primaryimage\"},\"thumbnailUrl\":\"https:\\\/\\\/shanabooks.de\\\/wp-content\\\/uploads\\\/2024\\\/01\\\/Temenen-ber-Bahoze.png\",\"datePublished\":\"2024-03-03T19:44:00+00:00\",\"dateModified\":\"2026-01-02T18:53:22+00:00\",\"description\":\"Temen\u00ean li ber bahoz\u00ea - A.Hek\u00eem Kozluk V\u00ea bihar\u00ea, r\u00fby\u00ea Nis\u00eab\u00een\u00ea wek\u00ee heyveke z\u00eev\u00een e. Wek\u00ee heyveke z\u00eev\u00een e ku di pi\u015ft ewran de maye...\",\"breadcrumb\":{\"@id\":\"https:\\\/\\\/shanabooks.de\\\/product\\\/temenen-li-ber-bahoze-a-hekim-kozluk\\\/#breadcrumb\"},\"inLanguage\":\"kur\",\"potentialAction\":[{\"@type\":\"ReadAction\",\"target\":[\"https:\\\/\\\/shanabooks.de\\\/product\\\/temenen-li-ber-bahoze-a-hekim-kozluk\\\/\"]}]},{\"@type\":\"ImageObject\",\"inLanguage\":\"kur\",\"@id\":\"https:\\\/\\\/shanabooks.de\\\/product\\\/temenen-li-ber-bahoze-a-hekim-kozluk\\\/#primaryimage\",\"url\":\"https:\\\/\\\/shanabooks.de\\\/wp-content\\\/uploads\\\/2024\\\/01\\\/Temenen-ber-Bahoze.png\",\"contentUrl\":\"https:\\\/\\\/shanabooks.de\\\/wp-content\\\/uploads\\\/2024\\\/01\\\/Temenen-ber-Bahoze.png\",\"width\":296,\"height\":473,\"caption\":\"Temen\u00ean li ber bahoz\u00ea - A.Hek\u00eem Kozluk - pirt\u00fbk\u00ean kurd\u00ee - roman\"},{\"@type\":\"BreadcrumbList\",\"@id\":\"https:\\\/\\\/shanabooks.de\\\/product\\\/temenen-li-ber-bahoze-a-hekim-kozluk\\\/#breadcrumb\",\"itemListElement\":[{\"@type\":\"ListItem\",\"position\":1,\"name\":\"\u0627\u0644\u0631\u0626\u064a\u0633\u064a\u0629\",\"item\":\"https:\\\/\\\/shanabooks.de\\\/kur\\\/\"},{\"@type\":\"ListItem\",\"position\":2,\"name\":\"\u0627\u0644\u0645\u0646\u062a\u062c\u0627\u062a\",\"item\":\"https:\\\/\\\/shanabooks.de\\\/shop\\\/\"},{\"@type\":\"ListItem\",\"position\":3,\"name\":\"Temen\u00ean li ber bahoz\u00ea\"}]},{\"@type\":\"WebSite\",\"@id\":\"https:\\\/\\\/shanabooks.de\\\/#website\",\"url\":\"https:\\\/\\\/shanabooks.de\\\/\",\"name\":\"www.shanbooks.de\",\"description\":\"C\u00eehana Pirt\u00fbk\u00ean Kurd\u00ee \u0645\u0643\u062a\u0628\u0629 \u0634\u0627\u0646\u0627 \u0641\u064a \u0627\u0644\u0645\u0627\u0646\u064a\u0627 \u0648\u0623\u0648\u0631\u0628\u0627\",\"publisher\":{\"@id\":\"https:\\\/\\\/shanabooks.de\\\/#organization\"},\"potentialAction\":[{\"@type\":\"SearchAction\",\"target\":{\"@type\":\"EntryPoint\",\"urlTemplate\":\"https:\\\/\\\/shanabooks.de\\\/?s={search_term_string}\"},\"query-input\":{\"@type\":\"PropertyValueSpecification\",\"valueRequired\":true,\"valueName\":\"search_term_string\"}}],\"inLanguage\":\"kur\"},{\"@type\":\"Organization\",\"@id\":\"https:\\\/\\\/shanabooks.de\\\/#organization\",\"name\":\"www.shanbooks.de\",\"url\":\"https:\\\/\\\/shanabooks.de\\\/\",\"logo\":{\"@type\":\"ImageObject\",\"inLanguage\":\"kur\",\"@id\":\"https:\\\/\\\/shanabooks.de\\\/#\\\/schema\\\/logo\\\/image\\\/\",\"url\":\"https:\\\/\\\/shanabooks.de\\\/wp-content\\\/uploads\\\/2024\\\/03\\\/SHANABOOKS__2_-removebg-preview.png\",\"contentUrl\":\"https:\\\/\\\/shanabooks.de\\\/wp-content\\\/uploads\\\/2024\\\/03\\\/SHANABOOKS__2_-removebg-preview.png\",\"width\":700,\"height\":150,\"caption\":\"www.shanbooks.de\"},\"image\":{\"@id\":\"https:\\\/\\\/shanabooks.de\\\/#\\\/schema\\\/logo\\\/image\\\/\"}}]}<\/script>\n<!-- \/ Yoast SEO plugin. -->","yoast_head_json":{"title":"Temen\u00ean li ber bahoz\u00ea - A.Hek\u00eem Kozluk - www.shanabooks.de","description":"Temen\u00ean li ber bahoz\u00ea - A.Hek\u00eem Kozluk V\u00ea bihar\u00ea, r\u00fby\u00ea Nis\u00eab\u00een\u00ea wek\u00ee heyveke z\u00eev\u00een e. Wek\u00ee heyveke z\u00eev\u00een e ku di pi\u015ft ewran de maye...","robots":{"index":"index","follow":"follow","max-snippet":"max-snippet:-1","max-image-preview":"max-image-preview:large","max-video-preview":"max-video-preview:-1"},"canonical":"https:\/\/shanabooks.de\/product\/temenen-li-ber-bahoze-a-hekim-kozluk\/","og_locale":"en_US","og_type":"article","og_title":"Temen\u00ean li ber bahoz\u00ea - A.Hek\u00eem Kozluk - www.shanabooks.de","og_description":"Temen\u00ean li ber bahoz\u00ea - A.Hek\u00eem Kozluk V\u00ea bihar\u00ea, r\u00fby\u00ea Nis\u00eab\u00een\u00ea wek\u00ee heyveke z\u00eev\u00een e. Wek\u00ee heyveke z\u00eev\u00een e ku di pi\u015ft ewran de maye...","og_url":"https:\/\/shanabooks.de\/product\/temenen-li-ber-bahoze-a-hekim-kozluk\/","og_site_name":"www.shanabooks.de","article_modified_time":"2026-01-02T18:53:22+00:00","og_image":[{"width":296,"height":473,"url":"https:\/\/shanabooks.de\/wp-content\/uploads\/2024\/01\/Temenen-ber-Bahoze.png","type":"image\/png"}],"twitter_card":"summary_large_image","twitter_misc":{"Est. reading time":"2 minutes"},"schema":{"@context":"https:\/\/schema.org","@graph":[{"@type":"WebPage","@id":"https:\/\/shanabooks.de\/product\/temenen-li-ber-bahoze-a-hekim-kozluk\/","url":"https:\/\/shanabooks.de\/product\/temenen-li-ber-bahoze-a-hekim-kozluk\/","name":"Temen\u00ean li ber bahoz\u00ea - A.Hek\u00eem Kozluk - www.shanabooks.de","isPartOf":{"@id":"https:\/\/shanabooks.de\/#website"},"primaryImageOfPage":{"@id":"https:\/\/shanabooks.de\/product\/temenen-li-ber-bahoze-a-hekim-kozluk\/#primaryimage"},"image":{"@id":"https:\/\/shanabooks.de\/product\/temenen-li-ber-bahoze-a-hekim-kozluk\/#primaryimage"},"thumbnailUrl":"https:\/\/shanabooks.de\/wp-content\/uploads\/2024\/01\/Temenen-ber-Bahoze.png","datePublished":"2024-03-03T19:44:00+00:00","dateModified":"2026-01-02T18:53:22+00:00","description":"Temen\u00ean li ber bahoz\u00ea - A.Hek\u00eem Kozluk V\u00ea bihar\u00ea, r\u00fby\u00ea Nis\u00eab\u00een\u00ea wek\u00ee heyveke z\u00eev\u00een e. Wek\u00ee heyveke z\u00eev\u00een e ku di pi\u015ft ewran de maye...","breadcrumb":{"@id":"https:\/\/shanabooks.de\/product\/temenen-li-ber-bahoze-a-hekim-kozluk\/#breadcrumb"},"inLanguage":"kur","potentialAction":[{"@type":"ReadAction","target":["https:\/\/shanabooks.de\/product\/temenen-li-ber-bahoze-a-hekim-kozluk\/"]}]},{"@type":"ImageObject","inLanguage":"kur","@id":"https:\/\/shanabooks.de\/product\/temenen-li-ber-bahoze-a-hekim-kozluk\/#primaryimage","url":"https:\/\/shanabooks.de\/wp-content\/uploads\/2024\/01\/Temenen-ber-Bahoze.png","contentUrl":"https:\/\/shanabooks.de\/wp-content\/uploads\/2024\/01\/Temenen-ber-Bahoze.png","width":296,"height":473,"caption":"Temen\u00ean li ber bahoz\u00ea - A.Hek\u00eem Kozluk - pirt\u00fbk\u00ean kurd\u00ee - roman"},{"@type":"BreadcrumbList","@id":"https:\/\/shanabooks.de\/product\/temenen-li-ber-bahoze-a-hekim-kozluk\/#breadcrumb","itemListElement":[{"@type":"ListItem","position":1,"name":"\u0627\u0644\u0631\u0626\u064a\u0633\u064a\u0629","item":"https:\/\/shanabooks.de\/kur\/"},{"@type":"ListItem","position":2,"name":"\u0627\u0644\u0645\u0646\u062a\u062c\u0627\u062a","item":"https:\/\/shanabooks.de\/shop\/"},{"@type":"ListItem","position":3,"name":"Temen\u00ean li ber bahoz\u00ea"}]},{"@type":"WebSite","@id":"https:\/\/shanabooks.de\/#website","url":"https:\/\/shanabooks.de\/","name":"www.shanbooks.de","description":"C\u00eehana Pirt\u00fbk\u00ean Kurd\u00ee \u0645\u0643\u062a\u0628\u0629 \u0634\u0627\u0646\u0627 \u0641\u064a \u0627\u0644\u0645\u0627\u0646\u064a\u0627 \u0648\u0623\u0648\u0631\u0628\u0627","publisher":{"@id":"https:\/\/shanabooks.de\/#organization"},"potentialAction":[{"@type":"SearchAction","target":{"@type":"EntryPoint","urlTemplate":"https:\/\/shanabooks.de\/?s={search_term_string}"},"query-input":{"@type":"PropertyValueSpecification","valueRequired":true,"valueName":"search_term_string"}}],"inLanguage":"kur"},{"@type":"Organization","@id":"https:\/\/shanabooks.de\/#organization","name":"www.shanbooks.de","url":"https:\/\/shanabooks.de\/","logo":{"@type":"ImageObject","inLanguage":"kur","@id":"https:\/\/shanabooks.de\/#\/schema\/logo\/image\/","url":"https:\/\/shanabooks.de\/wp-content\/uploads\/2024\/03\/SHANABOOKS__2_-removebg-preview.png","contentUrl":"https:\/\/shanabooks.de\/wp-content\/uploads\/2024\/03\/SHANABOOKS__2_-removebg-preview.png","width":700,"height":150,"caption":"www.shanbooks.de"},"image":{"@id":"https:\/\/shanabooks.de\/#\/schema\/logo\/image\/"}}]}},"jetpack_sharing_enabled":true,"_links":{"self":[{"href":"https:\/\/shanabooks.de\/kur\/wp-json\/wp\/v2\/product\/12426","targetHints":{"allow":["GET"]}}],"collection":[{"href":"https:\/\/shanabooks.de\/kur\/wp-json\/wp\/v2\/product"}],"about":[{"href":"https:\/\/shanabooks.de\/kur\/wp-json\/wp\/v2\/types\/product"}],"version-history":[{"count":4,"href":"https:\/\/shanabooks.de\/kur\/wp-json\/wp\/v2\/product\/12426\/revisions"}],"predecessor-version":[{"id":22857,"href":"https:\/\/shanabooks.de\/kur\/wp-json\/wp\/v2\/product\/12426\/revisions\/22857"}],"wp:featuredmedia":[{"embeddable":true,"href":"https:\/\/shanabooks.de\/kur\/wp-json\/wp\/v2\/media\/5154"}],"wp:attachment":[{"href":"https:\/\/shanabooks.de\/kur\/wp-json\/wp\/v2\/media?parent=12426"}],"wp:term":[{"taxonomy":"product_brand","embeddable":true,"href":"https:\/\/shanabooks.de\/kur\/wp-json\/wp\/v2\/product_brand?post=12426"},{"taxonomy":"product_cat","embeddable":true,"href":"https:\/\/shanabooks.de\/kur\/wp-json\/wp\/v2\/product_cat?post=12426"},{"taxonomy":"product_tag","embeddable":true,"href":"https:\/\/shanabooks.de\/kur\/wp-json\/wp\/v2\/product_tag?post=12426"}],"curies":[{"name":"wp","href":"https:\/\/api.w.org\/{rel}","templated":true}]}}