{"id":12427,"date":"2024-03-03T19:44:00","date_gmt":"2024-03-03T19:44:00","guid":{"rendered":"https:\/\/shanabooks.de\/?post_type=product&#038;p=12427"},"modified":"2026-01-02T18:54:59","modified_gmt":"2026-01-02T18:54:59","slug":"xeyala-vegere-huseyin-duman","status":"publish","type":"product","link":"https:\/\/shanabooks.de\/kur\/product\/xeyala-vegere-huseyin-duman\/","title":{"rendered":"Xeyala veger\u00ea"},"content":{"rendered":"<p dir=\"ltr\"><strong>Xeyala veger\u00ea &#8211; Husey\u00een D\u00fbman<\/strong><\/p>\n<p dir=\"ltr\">Nazocan , niha dem \u00eavar e. \u00cavarek ji \u00eavar\u00ean bajar\u00ea Wan\u00ea ye. Roj d\u00eesa ji baj\u00ear xatir dixwaze \u00fb di\u00e7e. Ev d\u00eemena min \u00fb te b\u00fb. Me bi hev re, li van \u00eavaran pir xeyal\u00a0 ava kirin. Dizanim, niha te pir b\u00eariya van deman kiriye. L\u00ea \u00e7i bikim, \u00e7av\u00ea felek \u00fb dijminan kor be. Ez hatim hevd\u00eetina\u00a0 te. Min xwast Nazocana xwe bib\u00eenim. Ez hatim tewafa te. Min axa gora te ma\u00e7\u00ee kir. Min li\u00a0 \u015f\u00fbna gulan d\u00eele xwe y\u00ea bir\u00eendar ji te re an3i. Dema niha di\u00e7im, ji \u00e7av\u00ean xwe \u00e7end rondikan ji te re dih\u00ealim.<\/p>\n<p dir=\"ltr\">Xeyala veger\u00ea ya Husey\u00een D\u00fbman ji we\u015fan\u00ean Aram derketiye.<\/p>\n","protected":false},"excerpt":{"rendered":"<p dir=\"ltr\" style=\"text-align: center\"><strong>Pirt\u00fbk: Xeyala veger\u00ea<br \/>\nNiv\u00eeskar : Husey\u00een D\u00fbman<\/strong><br \/>\n<strong>Cure : Roman\u00a0<\/strong><\/p>\n","protected":false},"featured_media":5156,"template":"","meta":{"site-sidebar-layout":"default","site-content-layout":"","ast-site-content-layout":"default","site-content-style":"default","site-sidebar-style":"default","ast-global-header-display":"","ast-banner-title-visibility":"","ast-main-header-display":"","ast-hfb-above-header-display":"","ast-hfb-below-header-display":"","ast-hfb-mobile-header-display":"","site-post-title":"","ast-breadcrumbs-content":"","ast-featured-img":"","footer-sml-layout":"","ast-disable-related-posts":"","theme-transparent-header-meta":"default","adv-header-id-meta":"","stick-header-meta":"","header-above-stick-meta":"","header-main-stick-meta":"","header-below-stick-meta":"","astra-migrate-meta-layouts":"set","ast-page-background-enabled":"default","ast-page-background-meta":{"desktop":{"background-color":"","background-image":"","background-repeat":"repeat","background-position":"center center","background-size":"auto","background-attachment":"scroll","background-type":"","background-media":"","overlay-type":"","overlay-color":"","overlay-opacity":"","overlay-gradient":""},"tablet":{"background-color":"","background-image":"","background-repeat":"repeat","background-position":"center center","background-size":"auto","background-attachment":"scroll","background-type":"","background-media":"","overlay-type":"","overlay-color":"","overlay-opacity":"","overlay-gradient":""},"mobile":{"background-color":"","background-image":"","background-repeat":"repeat","background-position":"center center","background-size":"auto","background-attachment":"scroll","background-type":"","background-media":"","overlay-type":"","overlay-color":"","overlay-opacity":"","overlay-gradient":""}},"ast-content-background-meta":{"desktop":{"background-color":"var(--ast-global-color-5)","background-image":"","background-repeat":"repeat","background-position":"center center","background-size":"auto","background-attachment":"scroll","background-type":"","background-media":"","overlay-type":"","overlay-color":"","overlay-opacity":"","overlay-gradient":""},"tablet":{"background-color":"var(--ast-global-color-5)","background-image":"","background-repeat":"repeat","background-position":"center center","background-size":"auto","background-attachment":"scroll","background-type":"","background-media":"","overlay-type":"","overlay-color":"","overlay-opacity":"","overlay-gradient":""},"mobile":{"background-color":"var(--ast-global-color-5)","background-image":"","background-repeat":"repeat","background-position":"center center","background-size":"auto","background-attachment":"scroll","background-type":"","background-media":"","overlay-type":"","overlay-color":"","overlay-opacity":"","overlay-gradient":""}}},"product_brand":[],"product_cat":[182,193],"product_tag":[],"class_list":{"0":"post-12427","1":"product","2":"type-product","3":"status-publish","4":"has-post-thumbnail","6":"product_cat-_","7":"product_cat--_","8":"pa_-roman","9":"pa_-huseyin-duman","10":"pa_-kurmanci","11":"pa_--aram-yayinevi","12":"desktop-align-left","13":"tablet-align-left","14":"mobile-align-left","16":"first","17":"instock","18":"shipping-taxable","19":"purchasable","20":"product-type-simple"},"yoast_head":"<!-- This site is optimized with the Yoast SEO plugin v27.4 - https:\/\/yoast.com\/product\/yoast-seo-wordpress\/ -->\n<title>Xeyala veger\u00ea - Husey\u00een D\u00fbman - www.shanabooks.de<\/title>\n<meta name=\"description\" content=\"Xeyala veger\u00ea - Husey\u00een D\u00fbman Nazocan , niha dem \u00eavar e. \u00cavarek ji \u00eavar\u00ean bajar\u00ea Wan\u00ea ye. Roj d\u00eesa ji baj\u00ear xatir dixwaze \u00fb di\u00e7e. Ev d\u00eemena min \u00fb te b\u00fb...\" \/>\n<meta name=\"robots\" content=\"index, follow, max-snippet:-1, max-image-preview:large, max-video-preview:-1\" \/>\n<link rel=\"canonical\" href=\"https:\/\/shanabooks.de\/product\/xeyala-vegere-huseyin-duman\/\" \/>\n<meta property=\"og:locale\" content=\"en_US\" \/>\n<meta property=\"og:type\" content=\"article\" \/>\n<meta property=\"og:title\" content=\"Xeyala veger\u00ea - Husey\u00een D\u00fbman - www.shanabooks.de\" \/>\n<meta property=\"og:description\" content=\"Xeyala veger\u00ea - Husey\u00een D\u00fbman Nazocan , niha dem \u00eavar e. \u00cavarek ji \u00eavar\u00ean bajar\u00ea Wan\u00ea ye. Roj d\u00eesa ji baj\u00ear xatir dixwaze \u00fb di\u00e7e. Ev d\u00eemena min \u00fb te b\u00fb...\" \/>\n<meta property=\"og:url\" content=\"https:\/\/shanabooks.de\/product\/xeyala-vegere-huseyin-duman\/\" \/>\n<meta property=\"og:site_name\" content=\"www.shanabooks.de\" \/>\n<meta property=\"article:modified_time\" content=\"2026-01-02T18:54:59+00:00\" \/>\n<meta property=\"og:image\" content=\"https:\/\/shanabooks.de\/wp-content\/uploads\/2024\/01\/Xeyala-Vegere.png\" \/>\n\t<meta property=\"og:image:width\" content=\"277\" \/>\n\t<meta property=\"og:image:height\" content=\"476\" \/>\n\t<meta property=\"og:image:type\" content=\"image\/png\" \/>\n<meta name=\"twitter:card\" content=\"summary_large_image\" \/>\n<meta name=\"twitter:label1\" content=\"Est. reading time\" \/>\n\t<meta name=\"twitter:data1\" content=\"1 minute\" \/>\n<script type=\"application\/ld+json\" class=\"yoast-schema-graph\">{\"@context\":\"https:\\\/\\\/schema.org\",\"@graph\":[{\"@type\":\"WebPage\",\"@id\":\"https:\\\/\\\/shanabooks.de\\\/product\\\/xeyala-vegere-huseyin-duman\\\/\",\"url\":\"https:\\\/\\\/shanabooks.de\\\/product\\\/xeyala-vegere-huseyin-duman\\\/\",\"name\":\"Xeyala veger\u00ea - Husey\u00een D\u00fbman - www.shanabooks.de\",\"isPartOf\":{\"@id\":\"https:\\\/\\\/shanabooks.de\\\/#website\"},\"primaryImageOfPage\":{\"@id\":\"https:\\\/\\\/shanabooks.de\\\/product\\\/xeyala-vegere-huseyin-duman\\\/#primaryimage\"},\"image\":{\"@id\":\"https:\\\/\\\/shanabooks.de\\\/product\\\/xeyala-vegere-huseyin-duman\\\/#primaryimage\"},\"thumbnailUrl\":\"https:\\\/\\\/shanabooks.de\\\/wp-content\\\/uploads\\\/2024\\\/01\\\/Xeyala-Vegere.png\",\"datePublished\":\"2024-03-03T19:44:00+00:00\",\"dateModified\":\"2026-01-02T18:54:59+00:00\",\"description\":\"Xeyala veger\u00ea - Husey\u00een D\u00fbman Nazocan , niha dem \u00eavar e. \u00cavarek ji \u00eavar\u00ean bajar\u00ea Wan\u00ea ye. Roj d\u00eesa ji baj\u00ear xatir dixwaze \u00fb di\u00e7e. Ev d\u00eemena min \u00fb te b\u00fb...\",\"breadcrumb\":{\"@id\":\"https:\\\/\\\/shanabooks.de\\\/product\\\/xeyala-vegere-huseyin-duman\\\/#breadcrumb\"},\"inLanguage\":\"kur\",\"potentialAction\":[{\"@type\":\"ReadAction\",\"target\":[\"https:\\\/\\\/shanabooks.de\\\/product\\\/xeyala-vegere-huseyin-duman\\\/\"]}]},{\"@type\":\"ImageObject\",\"inLanguage\":\"kur\",\"@id\":\"https:\\\/\\\/shanabooks.de\\\/product\\\/xeyala-vegere-huseyin-duman\\\/#primaryimage\",\"url\":\"https:\\\/\\\/shanabooks.de\\\/wp-content\\\/uploads\\\/2024\\\/01\\\/Xeyala-Vegere.png\",\"contentUrl\":\"https:\\\/\\\/shanabooks.de\\\/wp-content\\\/uploads\\\/2024\\\/01\\\/Xeyala-Vegere.png\",\"width\":277,\"height\":476,\"caption\":\"Xeyala veger\u00ea - Husey\u00een D\u00fbman - pirt\u00fbk\u00ean kurd\u00ee\"},{\"@type\":\"BreadcrumbList\",\"@id\":\"https:\\\/\\\/shanabooks.de\\\/product\\\/xeyala-vegere-huseyin-duman\\\/#breadcrumb\",\"itemListElement\":[{\"@type\":\"ListItem\",\"position\":1,\"name\":\"\u0627\u0644\u0631\u0626\u064a\u0633\u064a\u0629\",\"item\":\"https:\\\/\\\/shanabooks.de\\\/kur\\\/\"},{\"@type\":\"ListItem\",\"position\":2,\"name\":\"\u0627\u0644\u0645\u0646\u062a\u062c\u0627\u062a\",\"item\":\"https:\\\/\\\/shanabooks.de\\\/shop\\\/\"},{\"@type\":\"ListItem\",\"position\":3,\"name\":\"Xeyala veger\u00ea\"}]},{\"@type\":\"WebSite\",\"@id\":\"https:\\\/\\\/shanabooks.de\\\/#website\",\"url\":\"https:\\\/\\\/shanabooks.de\\\/\",\"name\":\"www.shanbooks.de\",\"description\":\"C\u00eehana Pirt\u00fbk\u00ean Kurd\u00ee \u0645\u0643\u062a\u0628\u0629 \u0634\u0627\u0646\u0627 \u0641\u064a \u0627\u0644\u0645\u0627\u0646\u064a\u0627 \u0648\u0623\u0648\u0631\u0628\u0627\",\"publisher\":{\"@id\":\"https:\\\/\\\/shanabooks.de\\\/#organization\"},\"potentialAction\":[{\"@type\":\"SearchAction\",\"target\":{\"@type\":\"EntryPoint\",\"urlTemplate\":\"https:\\\/\\\/shanabooks.de\\\/?s={search_term_string}\"},\"query-input\":{\"@type\":\"PropertyValueSpecification\",\"valueRequired\":true,\"valueName\":\"search_term_string\"}}],\"inLanguage\":\"kur\"},{\"@type\":\"Organization\",\"@id\":\"https:\\\/\\\/shanabooks.de\\\/#organization\",\"name\":\"www.shanbooks.de\",\"url\":\"https:\\\/\\\/shanabooks.de\\\/\",\"logo\":{\"@type\":\"ImageObject\",\"inLanguage\":\"kur\",\"@id\":\"https:\\\/\\\/shanabooks.de\\\/#\\\/schema\\\/logo\\\/image\\\/\",\"url\":\"https:\\\/\\\/shanabooks.de\\\/wp-content\\\/uploads\\\/2024\\\/03\\\/SHANABOOKS__2_-removebg-preview.png\",\"contentUrl\":\"https:\\\/\\\/shanabooks.de\\\/wp-content\\\/uploads\\\/2024\\\/03\\\/SHANABOOKS__2_-removebg-preview.png\",\"width\":700,\"height\":150,\"caption\":\"www.shanbooks.de\"},\"image\":{\"@id\":\"https:\\\/\\\/shanabooks.de\\\/#\\\/schema\\\/logo\\\/image\\\/\"}}]}<\/script>\n<!-- \/ Yoast SEO plugin. -->","yoast_head_json":{"title":"Xeyala veger\u00ea - Husey\u00een D\u00fbman - www.shanabooks.de","description":"Xeyala veger\u00ea - Husey\u00een D\u00fbman Nazocan , niha dem \u00eavar e. \u00cavarek ji \u00eavar\u00ean bajar\u00ea Wan\u00ea ye. Roj d\u00eesa ji baj\u00ear xatir dixwaze \u00fb di\u00e7e. Ev d\u00eemena min \u00fb te b\u00fb...","robots":{"index":"index","follow":"follow","max-snippet":"max-snippet:-1","max-image-preview":"max-image-preview:large","max-video-preview":"max-video-preview:-1"},"canonical":"https:\/\/shanabooks.de\/product\/xeyala-vegere-huseyin-duman\/","og_locale":"en_US","og_type":"article","og_title":"Xeyala veger\u00ea - Husey\u00een D\u00fbman - www.shanabooks.de","og_description":"Xeyala veger\u00ea - Husey\u00een D\u00fbman Nazocan , niha dem \u00eavar e. \u00cavarek ji \u00eavar\u00ean bajar\u00ea Wan\u00ea ye. Roj d\u00eesa ji baj\u00ear xatir dixwaze \u00fb di\u00e7e. Ev d\u00eemena min \u00fb te b\u00fb...","og_url":"https:\/\/shanabooks.de\/product\/xeyala-vegere-huseyin-duman\/","og_site_name":"www.shanabooks.de","article_modified_time":"2026-01-02T18:54:59+00:00","og_image":[{"width":277,"height":476,"url":"https:\/\/shanabooks.de\/wp-content\/uploads\/2024\/01\/Xeyala-Vegere.png","type":"image\/png"}],"twitter_card":"summary_large_image","twitter_misc":{"Est. reading time":"1 minute"},"schema":{"@context":"https:\/\/schema.org","@graph":[{"@type":"WebPage","@id":"https:\/\/shanabooks.de\/product\/xeyala-vegere-huseyin-duman\/","url":"https:\/\/shanabooks.de\/product\/xeyala-vegere-huseyin-duman\/","name":"Xeyala veger\u00ea - Husey\u00een D\u00fbman - www.shanabooks.de","isPartOf":{"@id":"https:\/\/shanabooks.de\/#website"},"primaryImageOfPage":{"@id":"https:\/\/shanabooks.de\/product\/xeyala-vegere-huseyin-duman\/#primaryimage"},"image":{"@id":"https:\/\/shanabooks.de\/product\/xeyala-vegere-huseyin-duman\/#primaryimage"},"thumbnailUrl":"https:\/\/shanabooks.de\/wp-content\/uploads\/2024\/01\/Xeyala-Vegere.png","datePublished":"2024-03-03T19:44:00+00:00","dateModified":"2026-01-02T18:54:59+00:00","description":"Xeyala veger\u00ea - Husey\u00een D\u00fbman Nazocan , niha dem \u00eavar e. \u00cavarek ji \u00eavar\u00ean bajar\u00ea Wan\u00ea ye. Roj d\u00eesa ji baj\u00ear xatir dixwaze \u00fb di\u00e7e. Ev d\u00eemena min \u00fb te b\u00fb...","breadcrumb":{"@id":"https:\/\/shanabooks.de\/product\/xeyala-vegere-huseyin-duman\/#breadcrumb"},"inLanguage":"kur","potentialAction":[{"@type":"ReadAction","target":["https:\/\/shanabooks.de\/product\/xeyala-vegere-huseyin-duman\/"]}]},{"@type":"ImageObject","inLanguage":"kur","@id":"https:\/\/shanabooks.de\/product\/xeyala-vegere-huseyin-duman\/#primaryimage","url":"https:\/\/shanabooks.de\/wp-content\/uploads\/2024\/01\/Xeyala-Vegere.png","contentUrl":"https:\/\/shanabooks.de\/wp-content\/uploads\/2024\/01\/Xeyala-Vegere.png","width":277,"height":476,"caption":"Xeyala veger\u00ea - Husey\u00een D\u00fbman - pirt\u00fbk\u00ean kurd\u00ee"},{"@type":"BreadcrumbList","@id":"https:\/\/shanabooks.de\/product\/xeyala-vegere-huseyin-duman\/#breadcrumb","itemListElement":[{"@type":"ListItem","position":1,"name":"\u0627\u0644\u0631\u0626\u064a\u0633\u064a\u0629","item":"https:\/\/shanabooks.de\/kur\/"},{"@type":"ListItem","position":2,"name":"\u0627\u0644\u0645\u0646\u062a\u062c\u0627\u062a","item":"https:\/\/shanabooks.de\/shop\/"},{"@type":"ListItem","position":3,"name":"Xeyala veger\u00ea"}]},{"@type":"WebSite","@id":"https:\/\/shanabooks.de\/#website","url":"https:\/\/shanabooks.de\/","name":"www.shanbooks.de","description":"C\u00eehana Pirt\u00fbk\u00ean Kurd\u00ee \u0645\u0643\u062a\u0628\u0629 \u0634\u0627\u0646\u0627 \u0641\u064a \u0627\u0644\u0645\u0627\u0646\u064a\u0627 \u0648\u0623\u0648\u0631\u0628\u0627","publisher":{"@id":"https:\/\/shanabooks.de\/#organization"},"potentialAction":[{"@type":"SearchAction","target":{"@type":"EntryPoint","urlTemplate":"https:\/\/shanabooks.de\/?s={search_term_string}"},"query-input":{"@type":"PropertyValueSpecification","valueRequired":true,"valueName":"search_term_string"}}],"inLanguage":"kur"},{"@type":"Organization","@id":"https:\/\/shanabooks.de\/#organization","name":"www.shanbooks.de","url":"https:\/\/shanabooks.de\/","logo":{"@type":"ImageObject","inLanguage":"kur","@id":"https:\/\/shanabooks.de\/#\/schema\/logo\/image\/","url":"https:\/\/shanabooks.de\/wp-content\/uploads\/2024\/03\/SHANABOOKS__2_-removebg-preview.png","contentUrl":"https:\/\/shanabooks.de\/wp-content\/uploads\/2024\/03\/SHANABOOKS__2_-removebg-preview.png","width":700,"height":150,"caption":"www.shanbooks.de"},"image":{"@id":"https:\/\/shanabooks.de\/#\/schema\/logo\/image\/"}}]}},"jetpack_sharing_enabled":true,"_links":{"self":[{"href":"https:\/\/shanabooks.de\/kur\/wp-json\/wp\/v2\/product\/12427","targetHints":{"allow":["GET"]}}],"collection":[{"href":"https:\/\/shanabooks.de\/kur\/wp-json\/wp\/v2\/product"}],"about":[{"href":"https:\/\/shanabooks.de\/kur\/wp-json\/wp\/v2\/types\/product"}],"version-history":[{"count":3,"href":"https:\/\/shanabooks.de\/kur\/wp-json\/wp\/v2\/product\/12427\/revisions"}],"predecessor-version":[{"id":18824,"href":"https:\/\/shanabooks.de\/kur\/wp-json\/wp\/v2\/product\/12427\/revisions\/18824"}],"wp:featuredmedia":[{"embeddable":true,"href":"https:\/\/shanabooks.de\/kur\/wp-json\/wp\/v2\/media\/5156"}],"wp:attachment":[{"href":"https:\/\/shanabooks.de\/kur\/wp-json\/wp\/v2\/media?parent=12427"}],"wp:term":[{"taxonomy":"product_brand","embeddable":true,"href":"https:\/\/shanabooks.de\/kur\/wp-json\/wp\/v2\/product_brand?post=12427"},{"taxonomy":"product_cat","embeddable":true,"href":"https:\/\/shanabooks.de\/kur\/wp-json\/wp\/v2\/product_cat?post=12427"},{"taxonomy":"product_tag","embeddable":true,"href":"https:\/\/shanabooks.de\/kur\/wp-json\/wp\/v2\/product_tag?post=12427"}],"curies":[{"name":"wp","href":"https:\/\/api.w.org\/{rel}","templated":true}]}}