{"id":12793,"date":"2024-03-03T19:46:45","date_gmt":"2024-03-03T19:46:45","guid":{"rendered":"https:\/\/shanabooks.de\/?post_type=product&#038;p=12793"},"modified":"2026-01-02T19:11:10","modified_gmt":"2026-01-02T19:11:10","slug":"sisirken-hesini-selim-berekat","status":"publish","type":"product","link":"https:\/\/shanabooks.de\/kur\/product\/sisirken-hesini-selim-berekat\/","title":{"rendered":"S\u00eesirk\u00ean Hesin\u00ee-Jiyannameya Zarokatiy\u00ea"},"content":{"rendered":"<p dir=\"ltr\"><strong>S\u00eesirk\u00ean Hesin\u00ee &#8211; Sel\u00eem Berekat<\/strong><\/p>\n<p dir=\"ltr\">S\u00eesirk\u00ean Hesin\u00ee ya Sel\u00eem Berekat ji aliy\u00ea Ehmed Huseyn\u00ee ve hatiye wergerandin.<\/p>\n<p dir=\"ltr\">Ka bib\u00eaje zaroko! Te \u00e7i d\u00eetiye kambaxo; her ti\u015ft\u00ee bib\u00eaje; her ti\u015ft\u00ee taz\u00ee bike. Toz \u00fb kulxan\u00ea bi ser ser\u00ea me rake. Ka \u00e7\u00eer\u00e7\u00eeroka Binxet\u00ea kitekit bi kitekit li ber \u00e7avan raxe.<\/p>\n<p dir=\"ltr\">Tu zarok \u00ee, \u00fb ma em \u00e7i h\u00eav\u00eey\u00ea ji zarokek\u00ee dikin ji bil\u00ee ku xwel\u00eeya rast\u00eey\u00ean Binxet\u00ea, w\u00earan\u00ee bi w\u00earan\u00ee, bi ser ser\u00ea me de dake&#8230; De ka bib\u00eaje lo!<\/p>\n<p dir=\"ltr\">\u201cS\u00eesirk\u00ea Hesin\u00ee, pi\u015ft\u00ee b\u00eest \u00fb \u00e7ar salan, ji penageha ziman\u00ea Ereb\u00ee vedigere h\u00eal\u00eena ziman\u00ea xwe ya ku Sel\u00eem Berekat ne\u015f\u00eeya p\u00ea biniv\u00eese, l\u00ea ew wek\u00ee deqeke huner\u00ee \u00fb\u00a0wek\u00ee vej\u00eeyandina hi\u015f\u00ea d\u00eeroka cihgeheke dilovan \u00fb dilsoj, m\u00eena ku aniha hatibe niv\u00eesandin, \u00fb ji bo xwendevan\u00ean ku S\u00eesirk bi Ereb\u00ee nexwendiye d\u00ea sermest\u00eeyeke taybet p\u00ea\u015fk\u00ea\u015f\u00ee bike.<br \/>\nWexta ku em Sel\u00eem Berekat bixw\u00eenin, zarokt\u00eeya me d\u00ea ji n\u00fb ve dest bi zorbaz\u00ee \u00fb desthilata xwe bike \u00fb hem\u00fb \u00eezgeh\u00ean nivist\u00ee d\u00ea ji n\u00fb ve hilperikin la\u015f\u00ea qonax\u00ea \u00fb sir\u00fbd\u00ean b\u00ear\u00eekirina bi \u015fewat d\u00ea li ber p\u00eal\u00ean efs\u00fbna niv\u00eesandina huner\u00ee \u00fb rasteq\u00een ber bi hest\u00ean west\u00eeyay\u00ee ve serni\u015f\u00eev bibin.<\/p>\n<p dir=\"ltr\">Wexta ku em Sel\u00eem Berekat bixw\u00eenin, em \u00ea karibin niv\u00eesandina xwe\u015f \u00fb xwe\u015fik ji ya sade \u00fb kir\u00eat cuda bikin \u00fb em \u00ea h\u00een bibin \u00e7awa niv\u00eeskarek dikare bibe wijdan\u00ea gel\u00ea xwe \u00fb guwah\u00ea r\u00fbpel\u00ean d\u00eeroka w\u00ee?<\/p>\n<p dir=\"ltr\">Wexta ku em Sel\u00eem Berekat bixw\u00eenin, em \u00ea h\u00een bibin \u00e7awa d\u00eeroka xwe bi awayek\u00ee huner\u00ee biafir\u00eenin \u00fb \u00e7awa w\u00ea d\u00eerok\u00ea ji dest\u00ea sextekar \u00fb cambaz\u00ean peyva Kurd\u00ee rizgar bikin \u00fb \u015fikestina xwe wek\u00ee v\u00eeyan \u00fb serhi\u015fk\u00ee \u00fb tolgirtin l\u00ea ne wek\u00ee k\u00fbrek\u00fbr \u00fb dilp\u00ea\u015fewitandin, p\u00ea\u015fk\u00ea\u015f\u00ee c\u00eehan\u00ea bikin.\u201d<\/p>\n<p dir=\"ltr\">Bi p\u00ean\u00fbsa efs\u00fbnb\u00eaj a \u015fah\u00ea niv\u00eeskar\u00ean ziman\u00ea Ereb\u00ee Sel\u00eem Berekat \u00fb bi wergera kubar \u00fb herikbar a helbestkar\u00ea h\u00eaja Ehmed\u00ea Huseyn\u00ee, \u00ead\u00ee S\u00eesirka Hesin\u00ee bi \u00e7apeke duyem a bir\u00eak\u00fbp\u00eak dibe mal\u00ea Kurd\u00ee! Ehmed huseyn\u00ee wergerandiye<\/p>\n","protected":false},"excerpt":{"rendered":"<p dir=\"ltr\" style=\"text-align: center\"><strong>Niv\u00eeskar: Sel\u00eem Berekat<br \/>\nPirt\u00fbk: S\u00eesirk\u00ean Hesin\u00ee-Jiyannameya Zarokatiy\u00ea<br \/>\nCure: Roman\/Jiyanname<br \/>\n<\/strong><\/p>\n","protected":false},"featured_media":12834,"template":"","meta":{"site-sidebar-layout":"default","site-content-layout":"","ast-site-content-layout":"default","site-content-style":"default","site-sidebar-style":"default","ast-global-header-display":"","ast-banner-title-visibility":"","ast-main-header-display":"","ast-hfb-above-header-display":"","ast-hfb-below-header-display":"","ast-hfb-mobile-header-display":"","site-post-title":"","ast-breadcrumbs-content":"","ast-featured-img":"","footer-sml-layout":"","ast-disable-related-posts":"","theme-transparent-header-meta":"default","adv-header-id-meta":"","stick-header-meta":"","header-above-stick-meta":"","header-main-stick-meta":"","header-below-stick-meta":"","astra-migrate-meta-layouts":"set","ast-page-background-enabled":"default","ast-page-background-meta":{"desktop":{"background-color":"","background-image":"","background-repeat":"repeat","background-position":"center center","background-size":"auto","background-attachment":"scroll","background-type":"","background-media":"","overlay-type":"","overlay-color":"","overlay-opacity":"","overlay-gradient":""},"tablet":{"background-color":"","background-image":"","background-repeat":"repeat","background-position":"center center","background-size":"auto","background-attachment":"scroll","background-type":"","background-media":"","overlay-type":"","overlay-color":"","overlay-opacity":"","overlay-gradient":""},"mobile":{"background-color":"","background-image":"","background-repeat":"repeat","background-position":"center center","background-size":"auto","background-attachment":"scroll","background-type":"","background-media":"","overlay-type":"","overlay-color":"","overlay-opacity":"","overlay-gradient":""}},"ast-content-background-meta":{"desktop":{"background-color":"var(--ast-global-color-5)","background-image":"","background-repeat":"repeat","background-position":"center center","background-size":"auto","background-attachment":"scroll","background-type":"","background-media":"","overlay-type":"","overlay-color":"","overlay-opacity":"","overlay-gradient":""},"tablet":{"background-color":"var(--ast-global-color-5)","background-image":"","background-repeat":"repeat","background-position":"center center","background-size":"auto","background-attachment":"scroll","background-type":"","background-media":"","overlay-type":"","overlay-color":"","overlay-opacity":"","overlay-gradient":""},"mobile":{"background-color":"var(--ast-global-color-5)","background-image":"","background-repeat":"repeat","background-position":"center center","background-size":"auto","background-attachment":"scroll","background-type":"","background-media":"","overlay-type":"","overlay-color":"","overlay-opacity":"","overlay-gradient":""}}},"product_brand":[],"product_cat":[182,193],"product_tag":[],"class_list":{"0":"post-12793","1":"product","2":"type-product","3":"status-publish","4":"has-post-thumbnail","6":"product_cat-_","7":"product_cat--_","8":"pa_-jiyanname","9":"pa_-roman","10":"pa_-selim-berekat","11":"pa_-kurmanci","12":"pa_--lis-yayinevi","13":"desktop-align-left","14":"tablet-align-left","15":"mobile-align-left","17":"first","18":"outofstock","19":"shipping-taxable","20":"purchasable","21":"product-type-simple"},"yoast_head":"<!-- This site is optimized with the Yoast SEO plugin v27.4 - https:\/\/yoast.com\/product\/yoast-seo-wordpress\/ -->\n<title>S\u00eesirk\u00ean Hesin\u00ee - Sel\u00eem Berekat - www.shanabooks.de<\/title>\n<meta name=\"description\" content=\"S\u00eesirk\u00ean Hesin\u00ee - Sel\u00eem Berekat Ka bib\u00eaje zaroko! Te \u00e7i d\u00eetiye kambaxo; her ti\u015ft\u00ee bib\u00eaje; her ti\u015ft\u00ee taz\u00ee bike. Toz \u00fb kulxan\u00ea bi ser ser\u00ea me rake. Ka \u00e7\u00eer\u00e7...\" \/>\n<meta name=\"robots\" content=\"index, follow, max-snippet:-1, max-image-preview:large, max-video-preview:-1\" \/>\n<link rel=\"canonical\" href=\"https:\/\/shanabooks.de\/product\/sisirken-hesini-selim-berekat\/\" \/>\n<meta property=\"og:locale\" content=\"en_US\" \/>\n<meta property=\"og:type\" content=\"article\" \/>\n<meta property=\"og:title\" content=\"S\u00eesirk\u00ean Hesin\u00ee - Sel\u00eem Berekat - www.shanabooks.de\" \/>\n<meta property=\"og:description\" content=\"S\u00eesirk\u00ean Hesin\u00ee - Sel\u00eem Berekat Ka bib\u00eaje zaroko! Te \u00e7i d\u00eetiye kambaxo; her ti\u015ft\u00ee bib\u00eaje; her ti\u015ft\u00ee taz\u00ee bike. Toz \u00fb kulxan\u00ea bi ser ser\u00ea me rake. Ka \u00e7\u00eer\u00e7...\" \/>\n<meta property=\"og:url\" content=\"https:\/\/shanabooks.de\/product\/sisirken-hesini-selim-berekat\/\" \/>\n<meta property=\"og:site_name\" content=\"www.shanabooks.de\" \/>\n<meta property=\"article:modified_time\" content=\"2026-01-02T19:11:10+00:00\" \/>\n<meta property=\"og:image\" content=\"https:\/\/shanabooks.de\/wp-content\/uploads\/2024\/03\/Sisirke-Hesini-Lis.png\" \/>\n\t<meta property=\"og:image:width\" content=\"303\" \/>\n\t<meta property=\"og:image:height\" content=\"475\" \/>\n\t<meta property=\"og:image:type\" content=\"image\/png\" \/>\n<meta name=\"twitter:card\" content=\"summary_large_image\" \/>\n<meta name=\"twitter:label1\" content=\"Est. reading time\" \/>\n\t<meta name=\"twitter:data1\" content=\"3 minutes\" \/>\n<script type=\"application\/ld+json\" class=\"yoast-schema-graph\">{\"@context\":\"https:\\\/\\\/schema.org\",\"@graph\":[{\"@type\":\"WebPage\",\"@id\":\"https:\\\/\\\/shanabooks.de\\\/product\\\/sisirken-hesini-selim-berekat\\\/\",\"url\":\"https:\\\/\\\/shanabooks.de\\\/product\\\/sisirken-hesini-selim-berekat\\\/\",\"name\":\"S\u00eesirk\u00ean Hesin\u00ee - Sel\u00eem Berekat - www.shanabooks.de\",\"isPartOf\":{\"@id\":\"https:\\\/\\\/shanabooks.de\\\/#website\"},\"primaryImageOfPage\":{\"@id\":\"https:\\\/\\\/shanabooks.de\\\/product\\\/sisirken-hesini-selim-berekat\\\/#primaryimage\"},\"image\":{\"@id\":\"https:\\\/\\\/shanabooks.de\\\/product\\\/sisirken-hesini-selim-berekat\\\/#primaryimage\"},\"thumbnailUrl\":\"https:\\\/\\\/shanabooks.de\\\/wp-content\\\/uploads\\\/2024\\\/03\\\/Sisirke-Hesini-Lis.png\",\"datePublished\":\"2024-03-03T19:46:45+00:00\",\"dateModified\":\"2026-01-02T19:11:10+00:00\",\"description\":\"S\u00eesirk\u00ean Hesin\u00ee - Sel\u00eem Berekat Ka bib\u00eaje zaroko! Te \u00e7i d\u00eetiye kambaxo; her ti\u015ft\u00ee bib\u00eaje; her ti\u015ft\u00ee taz\u00ee bike. Toz \u00fb kulxan\u00ea bi ser ser\u00ea me rake. Ka \u00e7\u00eer\u00e7...\",\"breadcrumb\":{\"@id\":\"https:\\\/\\\/shanabooks.de\\\/product\\\/sisirken-hesini-selim-berekat\\\/#breadcrumb\"},\"inLanguage\":\"kur\",\"potentialAction\":[{\"@type\":\"ReadAction\",\"target\":[\"https:\\\/\\\/shanabooks.de\\\/product\\\/sisirken-hesini-selim-berekat\\\/\"]}]},{\"@type\":\"ImageObject\",\"inLanguage\":\"kur\",\"@id\":\"https:\\\/\\\/shanabooks.de\\\/product\\\/sisirken-hesini-selim-berekat\\\/#primaryimage\",\"url\":\"https:\\\/\\\/shanabooks.de\\\/wp-content\\\/uploads\\\/2024\\\/03\\\/Sisirke-Hesini-Lis.png\",\"contentUrl\":\"https:\\\/\\\/shanabooks.de\\\/wp-content\\\/uploads\\\/2024\\\/03\\\/Sisirke-Hesini-Lis.png\",\"width\":303,\"height\":475,\"caption\":\"S\u00eesirk\u00ean Hesin\u00ee - Sel\u00eem Berekat - pirt\u00fbk\u00ean kurd\u00ee\"},{\"@type\":\"BreadcrumbList\",\"@id\":\"https:\\\/\\\/shanabooks.de\\\/product\\\/sisirken-hesini-selim-berekat\\\/#breadcrumb\",\"itemListElement\":[{\"@type\":\"ListItem\",\"position\":1,\"name\":\"\u0627\u0644\u0631\u0626\u064a\u0633\u064a\u0629\",\"item\":\"https:\\\/\\\/shanabooks.de\\\/kur\\\/\"},{\"@type\":\"ListItem\",\"position\":2,\"name\":\"\u0627\u0644\u0645\u0646\u062a\u062c\u0627\u062a\",\"item\":\"https:\\\/\\\/shanabooks.de\\\/shop\\\/\"},{\"@type\":\"ListItem\",\"position\":3,\"name\":\"S\u00eesirk\u00ean Hesin\u00ee-Jiyannameya Zarokatiy\u00ea\"}]},{\"@type\":\"WebSite\",\"@id\":\"https:\\\/\\\/shanabooks.de\\\/#website\",\"url\":\"https:\\\/\\\/shanabooks.de\\\/\",\"name\":\"www.shanbooks.de\",\"description\":\"C\u00eehana Pirt\u00fbk\u00ean Kurd\u00ee \u0645\u0643\u062a\u0628\u0629 \u0634\u0627\u0646\u0627 \u0641\u064a \u0627\u0644\u0645\u0627\u0646\u064a\u0627 \u0648\u0623\u0648\u0631\u0628\u0627\",\"publisher\":{\"@id\":\"https:\\\/\\\/shanabooks.de\\\/#organization\"},\"potentialAction\":[{\"@type\":\"SearchAction\",\"target\":{\"@type\":\"EntryPoint\",\"urlTemplate\":\"https:\\\/\\\/shanabooks.de\\\/?s={search_term_string}\"},\"query-input\":{\"@type\":\"PropertyValueSpecification\",\"valueRequired\":true,\"valueName\":\"search_term_string\"}}],\"inLanguage\":\"kur\"},{\"@type\":\"Organization\",\"@id\":\"https:\\\/\\\/shanabooks.de\\\/#organization\",\"name\":\"www.shanbooks.de\",\"url\":\"https:\\\/\\\/shanabooks.de\\\/\",\"logo\":{\"@type\":\"ImageObject\",\"inLanguage\":\"kur\",\"@id\":\"https:\\\/\\\/shanabooks.de\\\/#\\\/schema\\\/logo\\\/image\\\/\",\"url\":\"https:\\\/\\\/shanabooks.de\\\/wp-content\\\/uploads\\\/2024\\\/03\\\/SHANABOOKS__2_-removebg-preview.png\",\"contentUrl\":\"https:\\\/\\\/shanabooks.de\\\/wp-content\\\/uploads\\\/2024\\\/03\\\/SHANABOOKS__2_-removebg-preview.png\",\"width\":700,\"height\":150,\"caption\":\"www.shanbooks.de\"},\"image\":{\"@id\":\"https:\\\/\\\/shanabooks.de\\\/#\\\/schema\\\/logo\\\/image\\\/\"}}]}<\/script>\n<!-- \/ Yoast SEO plugin. -->","yoast_head_json":{"title":"S\u00eesirk\u00ean Hesin\u00ee - Sel\u00eem Berekat - www.shanabooks.de","description":"S\u00eesirk\u00ean Hesin\u00ee - Sel\u00eem Berekat Ka bib\u00eaje zaroko! Te \u00e7i d\u00eetiye kambaxo; her ti\u015ft\u00ee bib\u00eaje; her ti\u015ft\u00ee taz\u00ee bike. Toz \u00fb kulxan\u00ea bi ser ser\u00ea me rake. Ka \u00e7\u00eer\u00e7...","robots":{"index":"index","follow":"follow","max-snippet":"max-snippet:-1","max-image-preview":"max-image-preview:large","max-video-preview":"max-video-preview:-1"},"canonical":"https:\/\/shanabooks.de\/product\/sisirken-hesini-selim-berekat\/","og_locale":"en_US","og_type":"article","og_title":"S\u00eesirk\u00ean Hesin\u00ee - Sel\u00eem Berekat - www.shanabooks.de","og_description":"S\u00eesirk\u00ean Hesin\u00ee - Sel\u00eem Berekat Ka bib\u00eaje zaroko! Te \u00e7i d\u00eetiye kambaxo; her ti\u015ft\u00ee bib\u00eaje; her ti\u015ft\u00ee taz\u00ee bike. Toz \u00fb kulxan\u00ea bi ser ser\u00ea me rake. Ka \u00e7\u00eer\u00e7...","og_url":"https:\/\/shanabooks.de\/product\/sisirken-hesini-selim-berekat\/","og_site_name":"www.shanabooks.de","article_modified_time":"2026-01-02T19:11:10+00:00","og_image":[{"width":303,"height":475,"url":"https:\/\/shanabooks.de\/wp-content\/uploads\/2024\/03\/Sisirke-Hesini-Lis.png","type":"image\/png"}],"twitter_card":"summary_large_image","twitter_misc":{"Est. reading time":"3 minutes"},"schema":{"@context":"https:\/\/schema.org","@graph":[{"@type":"WebPage","@id":"https:\/\/shanabooks.de\/product\/sisirken-hesini-selim-berekat\/","url":"https:\/\/shanabooks.de\/product\/sisirken-hesini-selim-berekat\/","name":"S\u00eesirk\u00ean Hesin\u00ee - Sel\u00eem Berekat - www.shanabooks.de","isPartOf":{"@id":"https:\/\/shanabooks.de\/#website"},"primaryImageOfPage":{"@id":"https:\/\/shanabooks.de\/product\/sisirken-hesini-selim-berekat\/#primaryimage"},"image":{"@id":"https:\/\/shanabooks.de\/product\/sisirken-hesini-selim-berekat\/#primaryimage"},"thumbnailUrl":"https:\/\/shanabooks.de\/wp-content\/uploads\/2024\/03\/Sisirke-Hesini-Lis.png","datePublished":"2024-03-03T19:46:45+00:00","dateModified":"2026-01-02T19:11:10+00:00","description":"S\u00eesirk\u00ean Hesin\u00ee - Sel\u00eem Berekat Ka bib\u00eaje zaroko! Te \u00e7i d\u00eetiye kambaxo; her ti\u015ft\u00ee bib\u00eaje; her ti\u015ft\u00ee taz\u00ee bike. Toz \u00fb kulxan\u00ea bi ser ser\u00ea me rake. Ka \u00e7\u00eer\u00e7...","breadcrumb":{"@id":"https:\/\/shanabooks.de\/product\/sisirken-hesini-selim-berekat\/#breadcrumb"},"inLanguage":"kur","potentialAction":[{"@type":"ReadAction","target":["https:\/\/shanabooks.de\/product\/sisirken-hesini-selim-berekat\/"]}]},{"@type":"ImageObject","inLanguage":"kur","@id":"https:\/\/shanabooks.de\/product\/sisirken-hesini-selim-berekat\/#primaryimage","url":"https:\/\/shanabooks.de\/wp-content\/uploads\/2024\/03\/Sisirke-Hesini-Lis.png","contentUrl":"https:\/\/shanabooks.de\/wp-content\/uploads\/2024\/03\/Sisirke-Hesini-Lis.png","width":303,"height":475,"caption":"S\u00eesirk\u00ean Hesin\u00ee - Sel\u00eem Berekat - pirt\u00fbk\u00ean kurd\u00ee"},{"@type":"BreadcrumbList","@id":"https:\/\/shanabooks.de\/product\/sisirken-hesini-selim-berekat\/#breadcrumb","itemListElement":[{"@type":"ListItem","position":1,"name":"\u0627\u0644\u0631\u0626\u064a\u0633\u064a\u0629","item":"https:\/\/shanabooks.de\/kur\/"},{"@type":"ListItem","position":2,"name":"\u0627\u0644\u0645\u0646\u062a\u062c\u0627\u062a","item":"https:\/\/shanabooks.de\/shop\/"},{"@type":"ListItem","position":3,"name":"S\u00eesirk\u00ean Hesin\u00ee-Jiyannameya Zarokatiy\u00ea"}]},{"@type":"WebSite","@id":"https:\/\/shanabooks.de\/#website","url":"https:\/\/shanabooks.de\/","name":"www.shanbooks.de","description":"C\u00eehana Pirt\u00fbk\u00ean Kurd\u00ee \u0645\u0643\u062a\u0628\u0629 \u0634\u0627\u0646\u0627 \u0641\u064a \u0627\u0644\u0645\u0627\u0646\u064a\u0627 \u0648\u0623\u0648\u0631\u0628\u0627","publisher":{"@id":"https:\/\/shanabooks.de\/#organization"},"potentialAction":[{"@type":"SearchAction","target":{"@type":"EntryPoint","urlTemplate":"https:\/\/shanabooks.de\/?s={search_term_string}"},"query-input":{"@type":"PropertyValueSpecification","valueRequired":true,"valueName":"search_term_string"}}],"inLanguage":"kur"},{"@type":"Organization","@id":"https:\/\/shanabooks.de\/#organization","name":"www.shanbooks.de","url":"https:\/\/shanabooks.de\/","logo":{"@type":"ImageObject","inLanguage":"kur","@id":"https:\/\/shanabooks.de\/#\/schema\/logo\/image\/","url":"https:\/\/shanabooks.de\/wp-content\/uploads\/2024\/03\/SHANABOOKS__2_-removebg-preview.png","contentUrl":"https:\/\/shanabooks.de\/wp-content\/uploads\/2024\/03\/SHANABOOKS__2_-removebg-preview.png","width":700,"height":150,"caption":"www.shanbooks.de"},"image":{"@id":"https:\/\/shanabooks.de\/#\/schema\/logo\/image\/"}}]}},"jetpack_sharing_enabled":true,"_links":{"self":[{"href":"https:\/\/shanabooks.de\/kur\/wp-json\/wp\/v2\/product\/12793","targetHints":{"allow":["GET"]}}],"collection":[{"href":"https:\/\/shanabooks.de\/kur\/wp-json\/wp\/v2\/product"}],"about":[{"href":"https:\/\/shanabooks.de\/kur\/wp-json\/wp\/v2\/types\/product"}],"version-history":[{"count":3,"href":"https:\/\/shanabooks.de\/kur\/wp-json\/wp\/v2\/product\/12793\/revisions"}],"predecessor-version":[{"id":18437,"href":"https:\/\/shanabooks.de\/kur\/wp-json\/wp\/v2\/product\/12793\/revisions\/18437"}],"wp:featuredmedia":[{"embeddable":true,"href":"https:\/\/shanabooks.de\/kur\/wp-json\/wp\/v2\/media\/12834"}],"wp:attachment":[{"href":"https:\/\/shanabooks.de\/kur\/wp-json\/wp\/v2\/media?parent=12793"}],"wp:term":[{"taxonomy":"product_brand","embeddable":true,"href":"https:\/\/shanabooks.de\/kur\/wp-json\/wp\/v2\/product_brand?post=12793"},{"taxonomy":"product_cat","embeddable":true,"href":"https:\/\/shanabooks.de\/kur\/wp-json\/wp\/v2\/product_cat?post=12793"},{"taxonomy":"product_tag","embeddable":true,"href":"https:\/\/shanabooks.de\/kur\/wp-json\/wp\/v2\/product_tag?post=12793"}],"curies":[{"name":"wp","href":"https:\/\/api.w.org\/{rel}","templated":true}]}}