{"id":12848,"date":"2024-03-03T19:47:08","date_gmt":"2024-03-03T19:47:08","guid":{"rendered":"https:\/\/shanabooks.de\/?post_type=product&#038;p=12848"},"modified":"2024-04-02T19:02:25","modified_gmt":"2024-04-02T19:02:25","slug":"tipen-evine-mizgin-hesko","status":"publish","type":"product","link":"https:\/\/shanabooks.de\/kur\/product\/tipen-evine-mizgin-hesko\/","title":{"rendered":"T\u00eep\u00ean Ev\u00een\u00ea"},"content":{"rendered":"<p style=\"text-align: left;\"><strong>T\u00eep\u00ean Ev\u00een\u00ea &#8211; Mizg\u00een Hesko<\/strong><\/p>\n<p style=\"text-align: left;\">\u201cNe d\u00fbr e ne j\u00ee n\u00eaz\u00eek, di navbera herd\u00fb westan\u00ean peyv\u00ea de, em d\u00ea p\u00earg\u00ee \u015fkestina dil\u00ea asoyan \u00fb p\u00earg\u00ee r\u00fbpel\u00ean weday\u00ee y\u00ean hi\u015fek\u00ee sosretane bibin, hi\u015fek\u00ee ku ji mirin\u00ea berbi jiyan\u00ea ve t\u00ea daku em gi\u015f xwe ji zorbaziya helbest\u00ea \u00fb bipar\u00eazin \u00fb bir\u00een\u00ean xewn\u00ea ji destp\u00eaka xw\u00een\u00ea ve detn\u00ee\u015fan bikin.<\/p>\n<p style=\"text-align: left;\">Mizg\u00een Mehm\u00fbd bi van helbestan, ber\u00ee her ti\u015ft\u00ee xwe dib\u00eaje. Di veb\u00eajiya xwegotin\u00ea de, h\u00ead\u00ee h\u00ead\u00ee n\u00eaz\u00ee nex\u015feya b\u00fbnewer\u00ea talanb\u00fby\u00ee dibe. Armanc\u00ean xwe, mebest\u00ean xwe, behremendiya xwe, ziman\u00ea xwe \u00fb alav\u00ean derbir\u00eena xwe j\u00ee, b\u00eay\u00ee ser\u00e7avk, b\u00eay\u00ee xwep\u00ea\u015fandan p\u00ea\u015fk\u00ea\u015f\u00ee me dike.\u201d<\/p>\n<p style=\"text-align: left;\">Ehmed Huseyn\u00ee<\/p>\n","protected":false},"excerpt":{"rendered":"<p style=\"text-align: center;\"><strong>Pirt\u00fbk: T\u00eep\u00ean Ev\u00een\u00ea<br \/>\nNiv\u00eeskar: Mizg\u00een Hesko<\/strong><strong><br \/>\n<\/strong><strong>Cure: Helbest<\/strong><\/p>\n","protected":false},"featured_media":12922,"template":"","meta":{"site-sidebar-layout":"default","site-content-layout":"","ast-site-content-layout":"default","site-content-style":"default","site-sidebar-style":"default","ast-global-header-display":"","ast-banner-title-visibility":"","ast-main-header-display":"","ast-hfb-above-header-display":"","ast-hfb-below-header-display":"","ast-hfb-mobile-header-display":"","site-post-title":"","ast-breadcrumbs-content":"","ast-featured-img":"","footer-sml-layout":"","ast-disable-related-posts":"","theme-transparent-header-meta":"default","adv-header-id-meta":"","stick-header-meta":"","header-above-stick-meta":"","header-main-stick-meta":"","header-below-stick-meta":"","astra-migrate-meta-layouts":"set","ast-page-background-enabled":"default","ast-page-background-meta":{"desktop":{"background-color":"","background-image":"","background-repeat":"repeat","background-position":"center center","background-size":"auto","background-attachment":"scroll","background-type":"","background-media":"","overlay-type":"","overlay-color":"","overlay-opacity":"","overlay-gradient":""},"tablet":{"background-color":"","background-image":"","background-repeat":"repeat","background-position":"center center","background-size":"auto","background-attachment":"scroll","background-type":"","background-media":"","overlay-type":"","overlay-color":"","overlay-opacity":"","overlay-gradient":""},"mobile":{"background-color":"","background-image":"","background-repeat":"repeat","background-position":"center center","background-size":"auto","background-attachment":"scroll","background-type":"","background-media":"","overlay-type":"","overlay-color":"","overlay-opacity":"","overlay-gradient":""}},"ast-content-background-meta":{"desktop":{"background-color":"var(--ast-global-color-5)","background-image":"","background-repeat":"repeat","background-position":"center center","background-size":"auto","background-attachment":"scroll","background-type":"","background-media":"","overlay-type":"","overlay-color":"","overlay-opacity":"","overlay-gradient":""},"tablet":{"background-color":"var(--ast-global-color-5)","background-image":"","background-repeat":"repeat","background-position":"center center","background-size":"auto","background-attachment":"scroll","background-type":"","background-media":"","overlay-type":"","overlay-color":"","overlay-opacity":"","overlay-gradient":""},"mobile":{"background-color":"var(--ast-global-color-5)","background-image":"","background-repeat":"repeat","background-position":"center center","background-size":"auto","background-attachment":"scroll","background-type":"","background-media":"","overlay-type":"","overlay-color":"","overlay-opacity":"","overlay-gradient":""}}},"product_brand":[],"product_cat":[184,193],"product_tag":[],"class_list":{"0":"post-12848","1":"product","2":"type-product","3":"status-publish","4":"has-post-thumbnail","6":"product_cat-_","7":"product_cat--_","8":"pa_-helbest","9":"pa_-mizgin-hesko","10":"pa_-kurmanci","11":"pa_--322","12":"desktop-align-left","13":"tablet-align-left","14":"mobile-align-left","16":"first","17":"instock","18":"shipping-taxable","19":"purchasable","20":"product-type-simple"},"yoast_head":"<!-- This site is optimized with the Yoast SEO plugin v27.4 - https:\/\/yoast.com\/product\/yoast-seo-wordpress\/ -->\n<title>T\u00eep\u00ean Ev\u00een\u00ea - Mizg\u00een Hesko - www.shanabooks.de<\/title>\n<meta name=\"description\" content=\"T\u00eep\u00ean Ev\u00een\u00ea - Mizg\u00een Hesko \u201cNe d\u00fbr \u00ea ne j\u00ee n\u00eaz\u00eek, di navbera herd\u00fb westan\u00ean peyv\u00ea de, em d\u00ea p\u00earg\u00ee \u015fkestina dil\u00ea asoyan \u00fb p\u00earg\u00ee r\u00fbpel\u00ean weday\u00ee y\u00ean hi\u015fek\u00ee ...\" \/>\n<meta name=\"robots\" content=\"index, follow, max-snippet:-1, max-image-preview:large, max-video-preview:-1\" \/>\n<link rel=\"canonical\" href=\"https:\/\/shanabooks.de\/product\/tipen-evine-mizgin-hesko\/\" \/>\n<meta property=\"og:locale\" content=\"en_US\" \/>\n<meta property=\"og:type\" content=\"article\" \/>\n<meta property=\"og:title\" content=\"T\u00eep\u00ean Ev\u00een\u00ea - Mizg\u00een Hesko - www.shanabooks.de\" \/>\n<meta property=\"og:description\" content=\"T\u00eep\u00ean Ev\u00een\u00ea - Mizg\u00een Hesko \u201cNe d\u00fbr \u00ea ne j\u00ee n\u00eaz\u00eek, di navbera herd\u00fb westan\u00ean peyv\u00ea de, em d\u00ea p\u00earg\u00ee \u015fkestina dil\u00ea asoyan \u00fb p\u00earg\u00ee r\u00fbpel\u00ean weday\u00ee y\u00ean hi\u015fek\u00ee ...\" \/>\n<meta property=\"og:url\" content=\"https:\/\/shanabooks.de\/product\/tipen-evine-mizgin-hesko\/\" \/>\n<meta property=\"og:site_name\" content=\"www.shanabooks.de\" \/>\n<meta property=\"article:modified_time\" content=\"2024-04-02T19:02:25+00:00\" \/>\n<meta property=\"og:image\" content=\"https:\/\/shanabooks.de\/wp-content\/uploads\/2024\/03\/Tipen-evine.png\" \/>\n\t<meta property=\"og:image:width\" content=\"325\" \/>\n\t<meta property=\"og:image:height\" content=\"473\" \/>\n\t<meta property=\"og:image:type\" content=\"image\/png\" \/>\n<meta name=\"twitter:card\" content=\"summary_large_image\" \/>\n<meta name=\"twitter:label1\" content=\"Est. reading time\" \/>\n\t<meta name=\"twitter:data1\" content=\"1 minute\" \/>\n<script type=\"application\/ld+json\" class=\"yoast-schema-graph\">{\"@context\":\"https:\\\/\\\/schema.org\",\"@graph\":[{\"@type\":\"WebPage\",\"@id\":\"https:\\\/\\\/shanabooks.de\\\/product\\\/tipen-evine-mizgin-hesko\\\/\",\"url\":\"https:\\\/\\\/shanabooks.de\\\/product\\\/tipen-evine-mizgin-hesko\\\/\",\"name\":\"T\u00eep\u00ean Ev\u00een\u00ea - Mizg\u00een Hesko - www.shanabooks.de\",\"isPartOf\":{\"@id\":\"https:\\\/\\\/shanabooks.de\\\/#website\"},\"primaryImageOfPage\":{\"@id\":\"https:\\\/\\\/shanabooks.de\\\/product\\\/tipen-evine-mizgin-hesko\\\/#primaryimage\"},\"image\":{\"@id\":\"https:\\\/\\\/shanabooks.de\\\/product\\\/tipen-evine-mizgin-hesko\\\/#primaryimage\"},\"thumbnailUrl\":\"https:\\\/\\\/shanabooks.de\\\/wp-content\\\/uploads\\\/2024\\\/03\\\/Tipen-evine.png\",\"datePublished\":\"2024-03-03T19:47:08+00:00\",\"dateModified\":\"2024-04-02T19:02:25+00:00\",\"description\":\"T\u00eep\u00ean Ev\u00een\u00ea - Mizg\u00een Hesko \u201cNe d\u00fbr \u00ea ne j\u00ee n\u00eaz\u00eek, di navbera herd\u00fb westan\u00ean peyv\u00ea de, em d\u00ea p\u00earg\u00ee \u015fkestina dil\u00ea asoyan \u00fb p\u00earg\u00ee r\u00fbpel\u00ean weday\u00ee y\u00ean hi\u015fek\u00ee ...\",\"breadcrumb\":{\"@id\":\"https:\\\/\\\/shanabooks.de\\\/product\\\/tipen-evine-mizgin-hesko\\\/#breadcrumb\"},\"inLanguage\":\"kur\",\"potentialAction\":[{\"@type\":\"ReadAction\",\"target\":[\"https:\\\/\\\/shanabooks.de\\\/product\\\/tipen-evine-mizgin-hesko\\\/\"]}]},{\"@type\":\"ImageObject\",\"inLanguage\":\"kur\",\"@id\":\"https:\\\/\\\/shanabooks.de\\\/product\\\/tipen-evine-mizgin-hesko\\\/#primaryimage\",\"url\":\"https:\\\/\\\/shanabooks.de\\\/wp-content\\\/uploads\\\/2024\\\/03\\\/Tipen-evine.png\",\"contentUrl\":\"https:\\\/\\\/shanabooks.de\\\/wp-content\\\/uploads\\\/2024\\\/03\\\/Tipen-evine.png\",\"width\":325,\"height\":473,\"caption\":\"T\u00eep\u00ean Ev\u00een\u00ea - Mizg\u00een Hesko - pirt\u00fbk\u00ean kurd\u00ee - helbest\"},{\"@type\":\"BreadcrumbList\",\"@id\":\"https:\\\/\\\/shanabooks.de\\\/product\\\/tipen-evine-mizgin-hesko\\\/#breadcrumb\",\"itemListElement\":[{\"@type\":\"ListItem\",\"position\":1,\"name\":\"\u0627\u0644\u0631\u0626\u064a\u0633\u064a\u0629\",\"item\":\"https:\\\/\\\/shanabooks.de\\\/kur\\\/\"},{\"@type\":\"ListItem\",\"position\":2,\"name\":\"\u0627\u0644\u0645\u0646\u062a\u062c\u0627\u062a\",\"item\":\"https:\\\/\\\/shanabooks.de\\\/shop\\\/\"},{\"@type\":\"ListItem\",\"position\":3,\"name\":\"T\u00eep\u00ean Ev\u00een\u00ea\"}]},{\"@type\":\"WebSite\",\"@id\":\"https:\\\/\\\/shanabooks.de\\\/#website\",\"url\":\"https:\\\/\\\/shanabooks.de\\\/\",\"name\":\"www.shanbooks.de\",\"description\":\"C\u00eehana Pirt\u00fbk\u00ean Kurd\u00ee \u0645\u0643\u062a\u0628\u0629 \u0634\u0627\u0646\u0627 \u0641\u064a \u0627\u0644\u0645\u0627\u0646\u064a\u0627 \u0648\u0623\u0648\u0631\u0628\u0627\",\"publisher\":{\"@id\":\"https:\\\/\\\/shanabooks.de\\\/#organization\"},\"potentialAction\":[{\"@type\":\"SearchAction\",\"target\":{\"@type\":\"EntryPoint\",\"urlTemplate\":\"https:\\\/\\\/shanabooks.de\\\/?s={search_term_string}\"},\"query-input\":{\"@type\":\"PropertyValueSpecification\",\"valueRequired\":true,\"valueName\":\"search_term_string\"}}],\"inLanguage\":\"kur\"},{\"@type\":\"Organization\",\"@id\":\"https:\\\/\\\/shanabooks.de\\\/#organization\",\"name\":\"www.shanbooks.de\",\"url\":\"https:\\\/\\\/shanabooks.de\\\/\",\"logo\":{\"@type\":\"ImageObject\",\"inLanguage\":\"kur\",\"@id\":\"https:\\\/\\\/shanabooks.de\\\/#\\\/schema\\\/logo\\\/image\\\/\",\"url\":\"https:\\\/\\\/shanabooks.de\\\/wp-content\\\/uploads\\\/2024\\\/03\\\/SHANABOOKS__2_-removebg-preview.png\",\"contentUrl\":\"https:\\\/\\\/shanabooks.de\\\/wp-content\\\/uploads\\\/2024\\\/03\\\/SHANABOOKS__2_-removebg-preview.png\",\"width\":700,\"height\":150,\"caption\":\"www.shanbooks.de\"},\"image\":{\"@id\":\"https:\\\/\\\/shanabooks.de\\\/#\\\/schema\\\/logo\\\/image\\\/\"}}]}<\/script>\n<!-- \/ Yoast SEO plugin. -->","yoast_head_json":{"title":"T\u00eep\u00ean Ev\u00een\u00ea - Mizg\u00een Hesko - www.shanabooks.de","description":"T\u00eep\u00ean Ev\u00een\u00ea - Mizg\u00een Hesko \u201cNe d\u00fbr \u00ea ne j\u00ee n\u00eaz\u00eek, di navbera herd\u00fb westan\u00ean peyv\u00ea de, em d\u00ea p\u00earg\u00ee \u015fkestina dil\u00ea asoyan \u00fb p\u00earg\u00ee r\u00fbpel\u00ean weday\u00ee y\u00ean hi\u015fek\u00ee ...","robots":{"index":"index","follow":"follow","max-snippet":"max-snippet:-1","max-image-preview":"max-image-preview:large","max-video-preview":"max-video-preview:-1"},"canonical":"https:\/\/shanabooks.de\/product\/tipen-evine-mizgin-hesko\/","og_locale":"en_US","og_type":"article","og_title":"T\u00eep\u00ean Ev\u00een\u00ea - Mizg\u00een Hesko - www.shanabooks.de","og_description":"T\u00eep\u00ean Ev\u00een\u00ea - Mizg\u00een Hesko \u201cNe d\u00fbr \u00ea ne j\u00ee n\u00eaz\u00eek, di navbera herd\u00fb westan\u00ean peyv\u00ea de, em d\u00ea p\u00earg\u00ee \u015fkestina dil\u00ea asoyan \u00fb p\u00earg\u00ee r\u00fbpel\u00ean weday\u00ee y\u00ean hi\u015fek\u00ee ...","og_url":"https:\/\/shanabooks.de\/product\/tipen-evine-mizgin-hesko\/","og_site_name":"www.shanabooks.de","article_modified_time":"2024-04-02T19:02:25+00:00","og_image":[{"width":325,"height":473,"url":"https:\/\/shanabooks.de\/wp-content\/uploads\/2024\/03\/Tipen-evine.png","type":"image\/png"}],"twitter_card":"summary_large_image","twitter_misc":{"Est. reading time":"1 minute"},"schema":{"@context":"https:\/\/schema.org","@graph":[{"@type":"WebPage","@id":"https:\/\/shanabooks.de\/product\/tipen-evine-mizgin-hesko\/","url":"https:\/\/shanabooks.de\/product\/tipen-evine-mizgin-hesko\/","name":"T\u00eep\u00ean Ev\u00een\u00ea - Mizg\u00een Hesko - www.shanabooks.de","isPartOf":{"@id":"https:\/\/shanabooks.de\/#website"},"primaryImageOfPage":{"@id":"https:\/\/shanabooks.de\/product\/tipen-evine-mizgin-hesko\/#primaryimage"},"image":{"@id":"https:\/\/shanabooks.de\/product\/tipen-evine-mizgin-hesko\/#primaryimage"},"thumbnailUrl":"https:\/\/shanabooks.de\/wp-content\/uploads\/2024\/03\/Tipen-evine.png","datePublished":"2024-03-03T19:47:08+00:00","dateModified":"2024-04-02T19:02:25+00:00","description":"T\u00eep\u00ean Ev\u00een\u00ea - Mizg\u00een Hesko \u201cNe d\u00fbr \u00ea ne j\u00ee n\u00eaz\u00eek, di navbera herd\u00fb westan\u00ean peyv\u00ea de, em d\u00ea p\u00earg\u00ee \u015fkestina dil\u00ea asoyan \u00fb p\u00earg\u00ee r\u00fbpel\u00ean weday\u00ee y\u00ean hi\u015fek\u00ee ...","breadcrumb":{"@id":"https:\/\/shanabooks.de\/product\/tipen-evine-mizgin-hesko\/#breadcrumb"},"inLanguage":"kur","potentialAction":[{"@type":"ReadAction","target":["https:\/\/shanabooks.de\/product\/tipen-evine-mizgin-hesko\/"]}]},{"@type":"ImageObject","inLanguage":"kur","@id":"https:\/\/shanabooks.de\/product\/tipen-evine-mizgin-hesko\/#primaryimage","url":"https:\/\/shanabooks.de\/wp-content\/uploads\/2024\/03\/Tipen-evine.png","contentUrl":"https:\/\/shanabooks.de\/wp-content\/uploads\/2024\/03\/Tipen-evine.png","width":325,"height":473,"caption":"T\u00eep\u00ean Ev\u00een\u00ea - Mizg\u00een Hesko - pirt\u00fbk\u00ean kurd\u00ee - helbest"},{"@type":"BreadcrumbList","@id":"https:\/\/shanabooks.de\/product\/tipen-evine-mizgin-hesko\/#breadcrumb","itemListElement":[{"@type":"ListItem","position":1,"name":"\u0627\u0644\u0631\u0626\u064a\u0633\u064a\u0629","item":"https:\/\/shanabooks.de\/kur\/"},{"@type":"ListItem","position":2,"name":"\u0627\u0644\u0645\u0646\u062a\u062c\u0627\u062a","item":"https:\/\/shanabooks.de\/shop\/"},{"@type":"ListItem","position":3,"name":"T\u00eep\u00ean Ev\u00een\u00ea"}]},{"@type":"WebSite","@id":"https:\/\/shanabooks.de\/#website","url":"https:\/\/shanabooks.de\/","name":"www.shanbooks.de","description":"C\u00eehana Pirt\u00fbk\u00ean Kurd\u00ee \u0645\u0643\u062a\u0628\u0629 \u0634\u0627\u0646\u0627 \u0641\u064a \u0627\u0644\u0645\u0627\u0646\u064a\u0627 \u0648\u0623\u0648\u0631\u0628\u0627","publisher":{"@id":"https:\/\/shanabooks.de\/#organization"},"potentialAction":[{"@type":"SearchAction","target":{"@type":"EntryPoint","urlTemplate":"https:\/\/shanabooks.de\/?s={search_term_string}"},"query-input":{"@type":"PropertyValueSpecification","valueRequired":true,"valueName":"search_term_string"}}],"inLanguage":"kur"},{"@type":"Organization","@id":"https:\/\/shanabooks.de\/#organization","name":"www.shanbooks.de","url":"https:\/\/shanabooks.de\/","logo":{"@type":"ImageObject","inLanguage":"kur","@id":"https:\/\/shanabooks.de\/#\/schema\/logo\/image\/","url":"https:\/\/shanabooks.de\/wp-content\/uploads\/2024\/03\/SHANABOOKS__2_-removebg-preview.png","contentUrl":"https:\/\/shanabooks.de\/wp-content\/uploads\/2024\/03\/SHANABOOKS__2_-removebg-preview.png","width":700,"height":150,"caption":"www.shanbooks.de"},"image":{"@id":"https:\/\/shanabooks.de\/#\/schema\/logo\/image\/"}}]}},"jetpack_sharing_enabled":true,"_links":{"self":[{"href":"https:\/\/shanabooks.de\/kur\/wp-json\/wp\/v2\/product\/12848","targetHints":{"allow":["GET"]}}],"collection":[{"href":"https:\/\/shanabooks.de\/kur\/wp-json\/wp\/v2\/product"}],"about":[{"href":"https:\/\/shanabooks.de\/kur\/wp-json\/wp\/v2\/types\/product"}],"version-history":[{"count":3,"href":"https:\/\/shanabooks.de\/kur\/wp-json\/wp\/v2\/product\/12848\/revisions"}],"predecessor-version":[{"id":22720,"href":"https:\/\/shanabooks.de\/kur\/wp-json\/wp\/v2\/product\/12848\/revisions\/22720"}],"wp:featuredmedia":[{"embeddable":true,"href":"https:\/\/shanabooks.de\/kur\/wp-json\/wp\/v2\/media\/12922"}],"wp:attachment":[{"href":"https:\/\/shanabooks.de\/kur\/wp-json\/wp\/v2\/media?parent=12848"}],"wp:term":[{"taxonomy":"product_brand","embeddable":true,"href":"https:\/\/shanabooks.de\/kur\/wp-json\/wp\/v2\/product_brand?post=12848"},{"taxonomy":"product_cat","embeddable":true,"href":"https:\/\/shanabooks.de\/kur\/wp-json\/wp\/v2\/product_cat?post=12848"},{"taxonomy":"product_tag","embeddable":true,"href":"https:\/\/shanabooks.de\/kur\/wp-json\/wp\/v2\/product_tag?post=12848"}],"curies":[{"name":"wp","href":"https:\/\/api.w.org\/{rel}","templated":true}]}}