{"id":13062,"date":"2024-03-03T19:49:02","date_gmt":"2024-03-03T19:49:02","guid":{"rendered":"https:\/\/shanabooks.de\/?post_type=product&#038;p=13062"},"modified":"2024-04-02T18:51:31","modified_gmt":"2024-04-02T18:51:31","slug":"derziya-tirse-heysem-hisen","status":"publish","type":"product","link":"https:\/\/shanabooks.de\/kur\/product\/derziya-tirse-heysem-hisen\/","title":{"rendered":"Derziya tirs\u00ea"},"content":{"rendered":"<p style=\"text-align: left;\"><strong>Derziya tirs\u00ea &#8211; Heysem His\u00ean<\/strong><\/p>\n<p style=\"text-align: left;\">Ez Ridwan\u00ea kur\u00ea M\u00fbsoy\u00ea Libnan\u00ee me. Ez wek Ridwan\u00ea Perestar t\u00eam naskirin an j\u00ee carna dema xelk daba\u015fa min dikin, nav\u00ea min ten\u00ea wek perestar hildidin. Min ev bernav hem bi ked \u00fb hem bi deyax \u00fb sebra xwe bi dest xist. Li gund\u00ea ku ber\u00ea wek Gund\u00ea Nih\u00ean\u00eeyan an Gund\u00ea P\u00eeroz dihat binavkirin \u00fb niha j\u00ee wek Gund\u00ea Bedkaran t\u00ea naskirin, ev bernav \u00ea min ten\u00ea b\u00fb.<\/p>\n","protected":false},"excerpt":{"rendered":"<p style=\"text-align: center;\"><strong>Pirt\u00fbk: Derziya Tirs\u00ea<\/strong><br \/>\n<strong>Niv\u00eeskar: Heysem His\u00ean<\/strong><br \/>\n<strong>Cure: Roman<\/strong><\/p>\n","protected":false},"featured_media":13130,"template":"","meta":{"site-sidebar-layout":"default","site-content-layout":"","ast-site-content-layout":"default","site-content-style":"default","site-sidebar-style":"default","ast-global-header-display":"","ast-banner-title-visibility":"","ast-main-header-display":"","ast-hfb-above-header-display":"","ast-hfb-below-header-display":"","ast-hfb-mobile-header-display":"","site-post-title":"","ast-breadcrumbs-content":"","ast-featured-img":"","footer-sml-layout":"","ast-disable-related-posts":"","theme-transparent-header-meta":"default","adv-header-id-meta":"","stick-header-meta":"","header-above-stick-meta":"","header-main-stick-meta":"","header-below-stick-meta":"","astra-migrate-meta-layouts":"set","ast-page-background-enabled":"default","ast-page-background-meta":{"desktop":{"background-color":"","background-image":"","background-repeat":"repeat","background-position":"center center","background-size":"auto","background-attachment":"scroll","background-type":"","background-media":"","overlay-type":"","overlay-color":"","overlay-opacity":"","overlay-gradient":""},"tablet":{"background-color":"","background-image":"","background-repeat":"repeat","background-position":"center center","background-size":"auto","background-attachment":"scroll","background-type":"","background-media":"","overlay-type":"","overlay-color":"","overlay-opacity":"","overlay-gradient":""},"mobile":{"background-color":"","background-image":"","background-repeat":"repeat","background-position":"center center","background-size":"auto","background-attachment":"scroll","background-type":"","background-media":"","overlay-type":"","overlay-color":"","overlay-opacity":"","overlay-gradient":""}},"ast-content-background-meta":{"desktop":{"background-color":"var(--ast-global-color-5)","background-image":"","background-repeat":"repeat","background-position":"center center","background-size":"auto","background-attachment":"scroll","background-type":"","background-media":"","overlay-type":"","overlay-color":"","overlay-opacity":"","overlay-gradient":""},"tablet":{"background-color":"var(--ast-global-color-5)","background-image":"","background-repeat":"repeat","background-position":"center center","background-size":"auto","background-attachment":"scroll","background-type":"","background-media":"","overlay-type":"","overlay-color":"","overlay-opacity":"","overlay-gradient":""},"mobile":{"background-color":"var(--ast-global-color-5)","background-image":"","background-repeat":"repeat","background-position":"center center","background-size":"auto","background-attachment":"scroll","background-type":"","background-media":"","overlay-type":"","overlay-color":"","overlay-opacity":"","overlay-gradient":""}}},"product_brand":[],"product_cat":[185,182,193],"product_tag":[],"class_list":{"0":"post-13062","1":"product","2":"type-product","3":"status-publish","4":"has-post-thumbnail","6":"product_cat--_","7":"product_cat-_","9":"pa_-roman","10":"pa_-heysem-hisen","11":"pa_-kurmanci","12":"pa_--wesanxaneya-ava","13":"desktop-align-left","14":"tablet-align-left","15":"mobile-align-left","17":"first","18":"instock","19":"shipping-taxable","20":"purchasable","21":"product-type-simple"},"yoast_head":"<!-- This site is optimized with the Yoast SEO plugin v27.4 - https:\/\/yoast.com\/product\/yoast-seo-wordpress\/ -->\n<title>Derziya tirs\u00ea - Heysem His\u00ean - www.shanabooks.de<\/title>\n<meta name=\"description\" content=\"Derziya tirs\u00ea - Heysem His\u00ean Ez Ridwan\u00ea kur\u00ea M\u00fbsoy\u00ea Libnan\u00ee me. Ez wek Ridwan\u00ea Perestar t\u00eam naskirin an j\u00ee carna dema xelk daba\u015fa min dikin, nav\u00ea min ...\" \/>\n<meta name=\"robots\" content=\"index, follow, max-snippet:-1, max-image-preview:large, max-video-preview:-1\" \/>\n<link rel=\"canonical\" href=\"https:\/\/shanabooks.de\/product\/derziya-tirse-heysem-hisen\/\" \/>\n<meta property=\"og:locale\" content=\"en_US\" \/>\n<meta property=\"og:type\" content=\"article\" \/>\n<meta property=\"og:title\" content=\"Derziya tirs\u00ea - Heysem His\u00ean - www.shanabooks.de\" \/>\n<meta property=\"og:description\" content=\"Derziya tirs\u00ea - Heysem His\u00ean Ez Ridwan\u00ea kur\u00ea M\u00fbsoy\u00ea Libnan\u00ee me. Ez wek Ridwan\u00ea Perestar t\u00eam naskirin an j\u00ee carna dema xelk daba\u015fa min dikin, nav\u00ea min ...\" \/>\n<meta property=\"og:url\" content=\"https:\/\/shanabooks.de\/product\/derziya-tirse-heysem-hisen\/\" \/>\n<meta property=\"og:site_name\" content=\"www.shanabooks.de\" \/>\n<meta property=\"article:modified_time\" content=\"2024-04-02T18:51:31+00:00\" \/>\n<meta property=\"og:image\" content=\"https:\/\/shanabooks.de\/wp-content\/uploads\/2024\/03\/derziya-tirse-1.png\" \/>\n\t<meta property=\"og:image:width\" content=\"325\" \/>\n\t<meta property=\"og:image:height\" content=\"479\" \/>\n\t<meta property=\"og:image:type\" content=\"image\/png\" \/>\n<meta name=\"twitter:card\" content=\"summary_large_image\" \/>\n<meta name=\"twitter:label1\" content=\"Est. reading time\" \/>\n\t<meta name=\"twitter:data1\" content=\"1 minute\" \/>\n<script type=\"application\/ld+json\" class=\"yoast-schema-graph\">{\"@context\":\"https:\\\/\\\/schema.org\",\"@graph\":[{\"@type\":\"WebPage\",\"@id\":\"https:\\\/\\\/shanabooks.de\\\/product\\\/derziya-tirse-heysem-hisen\\\/\",\"url\":\"https:\\\/\\\/shanabooks.de\\\/product\\\/derziya-tirse-heysem-hisen\\\/\",\"name\":\"Derziya tirs\u00ea - Heysem His\u00ean - www.shanabooks.de\",\"isPartOf\":{\"@id\":\"https:\\\/\\\/shanabooks.de\\\/#website\"},\"primaryImageOfPage\":{\"@id\":\"https:\\\/\\\/shanabooks.de\\\/product\\\/derziya-tirse-heysem-hisen\\\/#primaryimage\"},\"image\":{\"@id\":\"https:\\\/\\\/shanabooks.de\\\/product\\\/derziya-tirse-heysem-hisen\\\/#primaryimage\"},\"thumbnailUrl\":\"https:\\\/\\\/shanabooks.de\\\/wp-content\\\/uploads\\\/2024\\\/03\\\/derziya-tirse-1.png\",\"datePublished\":\"2024-03-03T19:49:02+00:00\",\"dateModified\":\"2024-04-02T18:51:31+00:00\",\"description\":\"Derziya tirs\u00ea - Heysem His\u00ean Ez Ridwan\u00ea kur\u00ea M\u00fbsoy\u00ea Libnan\u00ee me. Ez wek Ridwan\u00ea Perestar t\u00eam naskirin an j\u00ee carna dema xelk daba\u015fa min dikin, nav\u00ea min ...\",\"breadcrumb\":{\"@id\":\"https:\\\/\\\/shanabooks.de\\\/product\\\/derziya-tirse-heysem-hisen\\\/#breadcrumb\"},\"inLanguage\":\"kur\",\"potentialAction\":[{\"@type\":\"ReadAction\",\"target\":[\"https:\\\/\\\/shanabooks.de\\\/product\\\/derziya-tirse-heysem-hisen\\\/\"]}]},{\"@type\":\"ImageObject\",\"inLanguage\":\"kur\",\"@id\":\"https:\\\/\\\/shanabooks.de\\\/product\\\/derziya-tirse-heysem-hisen\\\/#primaryimage\",\"url\":\"https:\\\/\\\/shanabooks.de\\\/wp-content\\\/uploads\\\/2024\\\/03\\\/derziya-tirse-1.png\",\"contentUrl\":\"https:\\\/\\\/shanabooks.de\\\/wp-content\\\/uploads\\\/2024\\\/03\\\/derziya-tirse-1.png\",\"width\":325,\"height\":479,\"caption\":\"Derziya tirs\u00ea - Heysem His\u00ean - pirt\u00fbk\u00ean kurd\u00ee - roman\"},{\"@type\":\"BreadcrumbList\",\"@id\":\"https:\\\/\\\/shanabooks.de\\\/product\\\/derziya-tirse-heysem-hisen\\\/#breadcrumb\",\"itemListElement\":[{\"@type\":\"ListItem\",\"position\":1,\"name\":\"\u0627\u0644\u0631\u0626\u064a\u0633\u064a\u0629\",\"item\":\"https:\\\/\\\/shanabooks.de\\\/kur\\\/\"},{\"@type\":\"ListItem\",\"position\":2,\"name\":\"\u0627\u0644\u0645\u0646\u062a\u062c\u0627\u062a\",\"item\":\"https:\\\/\\\/shanabooks.de\\\/shop\\\/\"},{\"@type\":\"ListItem\",\"position\":3,\"name\":\"Derziya tirs\u00ea\"}]},{\"@type\":\"WebSite\",\"@id\":\"https:\\\/\\\/shanabooks.de\\\/#website\",\"url\":\"https:\\\/\\\/shanabooks.de\\\/\",\"name\":\"www.shanbooks.de\",\"description\":\"C\u00eehana Pirt\u00fbk\u00ean Kurd\u00ee \u0645\u0643\u062a\u0628\u0629 \u0634\u0627\u0646\u0627 \u0641\u064a \u0627\u0644\u0645\u0627\u0646\u064a\u0627 \u0648\u0623\u0648\u0631\u0628\u0627\",\"publisher\":{\"@id\":\"https:\\\/\\\/shanabooks.de\\\/#organization\"},\"potentialAction\":[{\"@type\":\"SearchAction\",\"target\":{\"@type\":\"EntryPoint\",\"urlTemplate\":\"https:\\\/\\\/shanabooks.de\\\/?s={search_term_string}\"},\"query-input\":{\"@type\":\"PropertyValueSpecification\",\"valueRequired\":true,\"valueName\":\"search_term_string\"}}],\"inLanguage\":\"kur\"},{\"@type\":\"Organization\",\"@id\":\"https:\\\/\\\/shanabooks.de\\\/#organization\",\"name\":\"www.shanbooks.de\",\"url\":\"https:\\\/\\\/shanabooks.de\\\/\",\"logo\":{\"@type\":\"ImageObject\",\"inLanguage\":\"kur\",\"@id\":\"https:\\\/\\\/shanabooks.de\\\/#\\\/schema\\\/logo\\\/image\\\/\",\"url\":\"https:\\\/\\\/shanabooks.de\\\/wp-content\\\/uploads\\\/2024\\\/03\\\/SHANABOOKS__2_-removebg-preview.png\",\"contentUrl\":\"https:\\\/\\\/shanabooks.de\\\/wp-content\\\/uploads\\\/2024\\\/03\\\/SHANABOOKS__2_-removebg-preview.png\",\"width\":700,\"height\":150,\"caption\":\"www.shanbooks.de\"},\"image\":{\"@id\":\"https:\\\/\\\/shanabooks.de\\\/#\\\/schema\\\/logo\\\/image\\\/\"}}]}<\/script>\n<!-- \/ Yoast SEO plugin. -->","yoast_head_json":{"title":"Derziya tirs\u00ea - Heysem His\u00ean - www.shanabooks.de","description":"Derziya tirs\u00ea - Heysem His\u00ean Ez Ridwan\u00ea kur\u00ea M\u00fbsoy\u00ea Libnan\u00ee me. Ez wek Ridwan\u00ea Perestar t\u00eam naskirin an j\u00ee carna dema xelk daba\u015fa min dikin, nav\u00ea min ...","robots":{"index":"index","follow":"follow","max-snippet":"max-snippet:-1","max-image-preview":"max-image-preview:large","max-video-preview":"max-video-preview:-1"},"canonical":"https:\/\/shanabooks.de\/product\/derziya-tirse-heysem-hisen\/","og_locale":"en_US","og_type":"article","og_title":"Derziya tirs\u00ea - Heysem His\u00ean - www.shanabooks.de","og_description":"Derziya tirs\u00ea - Heysem His\u00ean Ez Ridwan\u00ea kur\u00ea M\u00fbsoy\u00ea Libnan\u00ee me. Ez wek Ridwan\u00ea Perestar t\u00eam naskirin an j\u00ee carna dema xelk daba\u015fa min dikin, nav\u00ea min ...","og_url":"https:\/\/shanabooks.de\/product\/derziya-tirse-heysem-hisen\/","og_site_name":"www.shanabooks.de","article_modified_time":"2024-04-02T18:51:31+00:00","og_image":[{"width":325,"height":479,"url":"https:\/\/shanabooks.de\/wp-content\/uploads\/2024\/03\/derziya-tirse-1.png","type":"image\/png"}],"twitter_card":"summary_large_image","twitter_misc":{"Est. reading time":"1 minute"},"schema":{"@context":"https:\/\/schema.org","@graph":[{"@type":"WebPage","@id":"https:\/\/shanabooks.de\/product\/derziya-tirse-heysem-hisen\/","url":"https:\/\/shanabooks.de\/product\/derziya-tirse-heysem-hisen\/","name":"Derziya tirs\u00ea - Heysem His\u00ean - www.shanabooks.de","isPartOf":{"@id":"https:\/\/shanabooks.de\/#website"},"primaryImageOfPage":{"@id":"https:\/\/shanabooks.de\/product\/derziya-tirse-heysem-hisen\/#primaryimage"},"image":{"@id":"https:\/\/shanabooks.de\/product\/derziya-tirse-heysem-hisen\/#primaryimage"},"thumbnailUrl":"https:\/\/shanabooks.de\/wp-content\/uploads\/2024\/03\/derziya-tirse-1.png","datePublished":"2024-03-03T19:49:02+00:00","dateModified":"2024-04-02T18:51:31+00:00","description":"Derziya tirs\u00ea - Heysem His\u00ean Ez Ridwan\u00ea kur\u00ea M\u00fbsoy\u00ea Libnan\u00ee me. Ez wek Ridwan\u00ea Perestar t\u00eam naskirin an j\u00ee carna dema xelk daba\u015fa min dikin, nav\u00ea min ...","breadcrumb":{"@id":"https:\/\/shanabooks.de\/product\/derziya-tirse-heysem-hisen\/#breadcrumb"},"inLanguage":"kur","potentialAction":[{"@type":"ReadAction","target":["https:\/\/shanabooks.de\/product\/derziya-tirse-heysem-hisen\/"]}]},{"@type":"ImageObject","inLanguage":"kur","@id":"https:\/\/shanabooks.de\/product\/derziya-tirse-heysem-hisen\/#primaryimage","url":"https:\/\/shanabooks.de\/wp-content\/uploads\/2024\/03\/derziya-tirse-1.png","contentUrl":"https:\/\/shanabooks.de\/wp-content\/uploads\/2024\/03\/derziya-tirse-1.png","width":325,"height":479,"caption":"Derziya tirs\u00ea - Heysem His\u00ean - pirt\u00fbk\u00ean kurd\u00ee - roman"},{"@type":"BreadcrumbList","@id":"https:\/\/shanabooks.de\/product\/derziya-tirse-heysem-hisen\/#breadcrumb","itemListElement":[{"@type":"ListItem","position":1,"name":"\u0627\u0644\u0631\u0626\u064a\u0633\u064a\u0629","item":"https:\/\/shanabooks.de\/kur\/"},{"@type":"ListItem","position":2,"name":"\u0627\u0644\u0645\u0646\u062a\u062c\u0627\u062a","item":"https:\/\/shanabooks.de\/shop\/"},{"@type":"ListItem","position":3,"name":"Derziya tirs\u00ea"}]},{"@type":"WebSite","@id":"https:\/\/shanabooks.de\/#website","url":"https:\/\/shanabooks.de\/","name":"www.shanbooks.de","description":"C\u00eehana Pirt\u00fbk\u00ean Kurd\u00ee \u0645\u0643\u062a\u0628\u0629 \u0634\u0627\u0646\u0627 \u0641\u064a \u0627\u0644\u0645\u0627\u0646\u064a\u0627 \u0648\u0623\u0648\u0631\u0628\u0627","publisher":{"@id":"https:\/\/shanabooks.de\/#organization"},"potentialAction":[{"@type":"SearchAction","target":{"@type":"EntryPoint","urlTemplate":"https:\/\/shanabooks.de\/?s={search_term_string}"},"query-input":{"@type":"PropertyValueSpecification","valueRequired":true,"valueName":"search_term_string"}}],"inLanguage":"kur"},{"@type":"Organization","@id":"https:\/\/shanabooks.de\/#organization","name":"www.shanbooks.de","url":"https:\/\/shanabooks.de\/","logo":{"@type":"ImageObject","inLanguage":"kur","@id":"https:\/\/shanabooks.de\/#\/schema\/logo\/image\/","url":"https:\/\/shanabooks.de\/wp-content\/uploads\/2024\/03\/SHANABOOKS__2_-removebg-preview.png","contentUrl":"https:\/\/shanabooks.de\/wp-content\/uploads\/2024\/03\/SHANABOOKS__2_-removebg-preview.png","width":700,"height":150,"caption":"www.shanbooks.de"},"image":{"@id":"https:\/\/shanabooks.de\/#\/schema\/logo\/image\/"}}]}},"jetpack_sharing_enabled":true,"_links":{"self":[{"href":"https:\/\/shanabooks.de\/kur\/wp-json\/wp\/v2\/product\/13062","targetHints":{"allow":["GET"]}}],"collection":[{"href":"https:\/\/shanabooks.de\/kur\/wp-json\/wp\/v2\/product"}],"about":[{"href":"https:\/\/shanabooks.de\/kur\/wp-json\/wp\/v2\/types\/product"}],"version-history":[{"count":2,"href":"https:\/\/shanabooks.de\/kur\/wp-json\/wp\/v2\/product\/13062\/revisions"}],"predecessor-version":[{"id":22713,"href":"https:\/\/shanabooks.de\/kur\/wp-json\/wp\/v2\/product\/13062\/revisions\/22713"}],"wp:featuredmedia":[{"embeddable":true,"href":"https:\/\/shanabooks.de\/kur\/wp-json\/wp\/v2\/media\/13130"}],"wp:attachment":[{"href":"https:\/\/shanabooks.de\/kur\/wp-json\/wp\/v2\/media?parent=13062"}],"wp:term":[{"taxonomy":"product_brand","embeddable":true,"href":"https:\/\/shanabooks.de\/kur\/wp-json\/wp\/v2\/product_brand?post=13062"},{"taxonomy":"product_cat","embeddable":true,"href":"https:\/\/shanabooks.de\/kur\/wp-json\/wp\/v2\/product_cat?post=13062"},{"taxonomy":"product_tag","embeddable":true,"href":"https:\/\/shanabooks.de\/kur\/wp-json\/wp\/v2\/product_tag?post=13062"}],"curies":[{"name":"wp","href":"https:\/\/api.w.org\/{rel}","templated":true}]}}