{"id":13164,"date":"2024-03-03T19:50:09","date_gmt":"2024-03-03T19:50:09","guid":{"rendered":"https:\/\/shanabooks.de\/?post_type=product&#038;p=13164"},"modified":"2026-01-02T20:34:51","modified_gmt":"2026-01-02T20:34:51","slug":"cukan-zimane-min-xwar-ciwan-qado","status":"publish","type":"product","link":"https:\/\/shanabooks.de\/kur\/product\/cukan-zimane-min-xwar-ciwan-qado\/","title":{"rendered":"\u00c7\u00fbkan Ziman\u00ea Min Xwar"},"content":{"rendered":"<p style=\"text-align: left;\"><strong>\u00c7\u00fbkan Ziman\u00ea Min Xwar &#8211; Ciwan Qado<\/strong><\/p>\n<p style=\"text-align: left;\">Berhema \u00c7\u00fbkan Ziman\u00ea Min xwar ya Ciwan Qado ji 32 Helbestan p\u00eak t\u00ea, li ser du be\u015fan hatiye dabe\u015fkirin. der\u00eey\u00ea p\u00ea\u015f\u00ee bi sernav\u00ea &#8220;Zarokan bi dawa d\u00eay\u00ean xwe digirtin&#8221; e, ev be\u015f di nava xwe de 22 Helbest\u00ean pex\u015fanane vedihew\u00eene, di naverok\u00ea de Niv\u00eeskar hewil dide ji d\u00eavla zarok \u00fb heywanan biaxive herweha j\u00ee helwest\u00ean ambivalent \u00fb cudah\u00eey\u00ean rengareng \u00ean ku di Jxweber\u00eey\u00ea de as\u00ea mane \u00fb jib\u00eerb\u00fbne zelal bike, ango kurt Kurmanc\u00ee hewil dide ku berdevk\u00ea zarok \u00fb heywanan be.<br \/>\nDeriy\u00ea diwem j\u00ee bi sernav\u00ea &#8220;Hezar \u00fb yek Guman&#8221; e \u00fb ji 10 helbest\u00ean bi wezin k\u00ea\u015fayeke wek a kilaman sivik \u00fb bi awayek\u00ee n\u00fbjen hatine dari\u015ftin \u00fb h\u00fbnandin. T\u00ea de behsa hezkirina ber\u00ea a ec\u00eab \u00fb yeman t\u00ea kirin, ew hezkirina ku bi hest\u00ean b\u00eadeng \u00fb \u00ea\u015f\u00ean di kezeb \u00fb dilan kizirand\u00ee, de. \u00fb di tar\u00eey\u00ea de bi k\u00fbrek\u00fbra m\u00earan zelal \u00fb tecela dib\u00fb.<\/p>\n","protected":false},"excerpt":{"rendered":"<p style=\"text-align: center;\"><strong>pirt\u00fbk: \u00c7\u00fbkan Ziman\u00ea min xwar<\/strong><br \/>\n<strong>Niv\u00eeskar: Ciwan Qado<\/strong><br \/>\n<strong>Cure: Helbest<\/strong><\/p>\n","protected":false},"featured_media":5980,"template":"","meta":{"site-sidebar-layout":"default","site-content-layout":"","ast-site-content-layout":"default","site-content-style":"default","site-sidebar-style":"default","ast-global-header-display":"","ast-banner-title-visibility":"","ast-main-header-display":"","ast-hfb-above-header-display":"","ast-hfb-below-header-display":"","ast-hfb-mobile-header-display":"","site-post-title":"","ast-breadcrumbs-content":"","ast-featured-img":"","footer-sml-layout":"","ast-disable-related-posts":"","theme-transparent-header-meta":"default","adv-header-id-meta":"","stick-header-meta":"","header-above-stick-meta":"","header-main-stick-meta":"","header-below-stick-meta":"","astra-migrate-meta-layouts":"set","ast-page-background-enabled":"default","ast-page-background-meta":{"desktop":{"background-color":"","background-image":"","background-repeat":"repeat","background-position":"center center","background-size":"auto","background-attachment":"scroll","background-type":"","background-media":"","overlay-type":"","overlay-color":"","overlay-opacity":"","overlay-gradient":""},"tablet":{"background-color":"","background-image":"","background-repeat":"repeat","background-position":"center center","background-size":"auto","background-attachment":"scroll","background-type":"","background-media":"","overlay-type":"","overlay-color":"","overlay-opacity":"","overlay-gradient":""},"mobile":{"background-color":"","background-image":"","background-repeat":"repeat","background-position":"center center","background-size":"auto","background-attachment":"scroll","background-type":"","background-media":"","overlay-type":"","overlay-color":"","overlay-opacity":"","overlay-gradient":""}},"ast-content-background-meta":{"desktop":{"background-color":"var(--ast-global-color-5)","background-image":"","background-repeat":"repeat","background-position":"center center","background-size":"auto","background-attachment":"scroll","background-type":"","background-media":"","overlay-type":"","overlay-color":"","overlay-opacity":"","overlay-gradient":""},"tablet":{"background-color":"var(--ast-global-color-5)","background-image":"","background-repeat":"repeat","background-position":"center center","background-size":"auto","background-attachment":"scroll","background-type":"","background-media":"","overlay-type":"","overlay-color":"","overlay-opacity":"","overlay-gradient":""},"mobile":{"background-color":"var(--ast-global-color-5)","background-image":"","background-repeat":"repeat","background-position":"center center","background-size":"auto","background-attachment":"scroll","background-type":"","background-media":"","overlay-type":"","overlay-color":"","overlay-opacity":"","overlay-gradient":""}}},"product_brand":[],"product_cat":[184,193],"product_tag":[],"class_list":{"0":"post-13164","1":"product","2":"type-product","3":"status-publish","4":"has-post-thumbnail","6":"product_cat-_","7":"product_cat--_","8":"pa_-helbest","9":"pa_-ciwan-qado","10":"pa_-kurmanci","11":"pa_--wesanxaneya-ava","12":"desktop-align-left","13":"tablet-align-left","14":"mobile-align-left","16":"first","17":"outofstock","18":"shipping-taxable","19":"purchasable","20":"product-type-simple"},"yoast_head":"<!-- This site is optimized with the Yoast SEO plugin v27.5 - https:\/\/yoast.com\/product\/yoast-seo-wordpress\/ -->\n<title>\u00c7\u00fbkan Ziman\u00ea min xwar - Ciwan Qado - www.shanabooks.de<\/title>\n<meta name=\"description\" content=\"\u00c7\u00fbkan Ziman\u00ea min xwar - Ciwan Qado Berhemek e Ji 32 Helbestan p\u00eak t\u00ea, li ser du be\u015fan hatiye dabe\u015fkirin. der\u00eey\u00ea p\u00ea\u015f\u00ee bi sernav\u00ea &quot;Zarokan bi dawa d\u00eay\u00ean x...\" \/>\n<meta name=\"robots\" content=\"index, follow, max-snippet:-1, max-image-preview:large, max-video-preview:-1\" \/>\n<link rel=\"canonical\" href=\"https:\/\/shanabooks.de\/product\/cukan-zimane-min-xwar-ciwan-qado\/\" \/>\n<meta property=\"og:locale\" content=\"en_US\" \/>\n<meta property=\"og:type\" content=\"article\" \/>\n<meta property=\"og:title\" content=\"\u00c7\u00fbkan Ziman\u00ea min xwar - Ciwan Qado - www.shanabooks.de\" \/>\n<meta property=\"og:description\" content=\"\u00c7\u00fbkan Ziman\u00ea min xwar - Ciwan Qado Berhemek e Ji 32 Helbestan p\u00eak t\u00ea, li ser du be\u015fan hatiye dabe\u015fkirin. der\u00eey\u00ea p\u00ea\u015f\u00ee bi sernav\u00ea &quot;Zarokan bi dawa d\u00eay\u00ean x...\" \/>\n<meta property=\"og:url\" content=\"https:\/\/shanabooks.de\/product\/cukan-zimane-min-xwar-ciwan-qado\/\" \/>\n<meta property=\"og:site_name\" content=\"www.shanabooks.de\" \/>\n<meta property=\"article:modified_time\" content=\"2026-01-02T20:34:51+00:00\" \/>\n<meta property=\"og:image\" content=\"https:\/\/shanabooks.de\/wp-content\/uploads\/2024\/01\/cukan-zimane-min-xwar-1.png\" \/>\n\t<meta property=\"og:image:width\" content=\"305\" \/>\n\t<meta property=\"og:image:height\" content=\"479\" \/>\n\t<meta property=\"og:image:type\" content=\"image\/png\" \/>\n<meta name=\"twitter:card\" content=\"summary_large_image\" \/>\n<meta name=\"twitter:label1\" content=\"Est. reading time\" \/>\n\t<meta name=\"twitter:data1\" content=\"2 minutes\" \/>\n<script type=\"application\/ld+json\" class=\"yoast-schema-graph\">{\"@context\":\"https:\\\/\\\/schema.org\",\"@graph\":[{\"@type\":\"WebPage\",\"@id\":\"https:\\\/\\\/shanabooks.de\\\/product\\\/cukan-zimane-min-xwar-ciwan-qado\\\/\",\"url\":\"https:\\\/\\\/shanabooks.de\\\/product\\\/cukan-zimane-min-xwar-ciwan-qado\\\/\",\"name\":\"\u00c7\u00fbkan Ziman\u00ea min xwar - Ciwan Qado - www.shanabooks.de\",\"isPartOf\":{\"@id\":\"https:\\\/\\\/shanabooks.de\\\/#website\"},\"primaryImageOfPage\":{\"@id\":\"https:\\\/\\\/shanabooks.de\\\/product\\\/cukan-zimane-min-xwar-ciwan-qado\\\/#primaryimage\"},\"image\":{\"@id\":\"https:\\\/\\\/shanabooks.de\\\/product\\\/cukan-zimane-min-xwar-ciwan-qado\\\/#primaryimage\"},\"thumbnailUrl\":\"https:\\\/\\\/shanabooks.de\\\/wp-content\\\/uploads\\\/2024\\\/01\\\/cukan-zimane-min-xwar-1.png\",\"datePublished\":\"2024-03-03T19:50:09+00:00\",\"dateModified\":\"2026-01-02T20:34:51+00:00\",\"description\":\"\u00c7\u00fbkan Ziman\u00ea min xwar - Ciwan Qado Berhemek e Ji 32 Helbestan p\u00eak t\u00ea, li ser du be\u015fan hatiye dabe\u015fkirin. der\u00eey\u00ea p\u00ea\u015f\u00ee bi sernav\u00ea \\\"Zarokan bi dawa d\u00eay\u00ean x...\",\"breadcrumb\":{\"@id\":\"https:\\\/\\\/shanabooks.de\\\/product\\\/cukan-zimane-min-xwar-ciwan-qado\\\/#breadcrumb\"},\"inLanguage\":\"kur\",\"potentialAction\":[{\"@type\":\"ReadAction\",\"target\":[\"https:\\\/\\\/shanabooks.de\\\/product\\\/cukan-zimane-min-xwar-ciwan-qado\\\/\"]}]},{\"@type\":\"ImageObject\",\"inLanguage\":\"kur\",\"@id\":\"https:\\\/\\\/shanabooks.de\\\/product\\\/cukan-zimane-min-xwar-ciwan-qado\\\/#primaryimage\",\"url\":\"https:\\\/\\\/shanabooks.de\\\/wp-content\\\/uploads\\\/2024\\\/01\\\/cukan-zimane-min-xwar-1.png\",\"contentUrl\":\"https:\\\/\\\/shanabooks.de\\\/wp-content\\\/uploads\\\/2024\\\/01\\\/cukan-zimane-min-xwar-1.png\",\"width\":305,\"height\":479,\"caption\":\"\u00c7\u00fbkan Ziman\u00ea min xwar - Ciwan Qado- pirt\u00fbk\u00ean kurd\u00ee - helbest\"},{\"@type\":\"BreadcrumbList\",\"@id\":\"https:\\\/\\\/shanabooks.de\\\/product\\\/cukan-zimane-min-xwar-ciwan-qado\\\/#breadcrumb\",\"itemListElement\":[{\"@type\":\"ListItem\",\"position\":1,\"name\":\"\u0627\u0644\u0631\u0626\u064a\u0633\u064a\u0629\",\"item\":\"https:\\\/\\\/shanabooks.de\\\/kur\\\/\"},{\"@type\":\"ListItem\",\"position\":2,\"name\":\"\u0627\u0644\u0645\u0646\u062a\u062c\u0627\u062a\",\"item\":\"https:\\\/\\\/shanabooks.de\\\/shop\\\/\"},{\"@type\":\"ListItem\",\"position\":3,\"name\":\"\u00c7\u00fbkan Ziman\u00ea Min Xwar\"}]},{\"@type\":\"WebSite\",\"@id\":\"https:\\\/\\\/shanabooks.de\\\/#website\",\"url\":\"https:\\\/\\\/shanabooks.de\\\/\",\"name\":\"www.shanbooks.de\",\"description\":\"C\u00eehana Pirt\u00fbk\u00ean Kurd\u00ee \u0645\u0643\u062a\u0628\u0629 \u0634\u0627\u0646\u0627 \u0641\u064a \u0627\u0644\u0645\u0627\u0646\u064a\u0627 \u0648\u0623\u0648\u0631\u0628\u0627\",\"publisher\":{\"@id\":\"https:\\\/\\\/shanabooks.de\\\/#organization\"},\"potentialAction\":[{\"@type\":\"SearchAction\",\"target\":{\"@type\":\"EntryPoint\",\"urlTemplate\":\"https:\\\/\\\/shanabooks.de\\\/?s={search_term_string}\"},\"query-input\":{\"@type\":\"PropertyValueSpecification\",\"valueRequired\":true,\"valueName\":\"search_term_string\"}}],\"inLanguage\":\"kur\"},{\"@type\":\"Organization\",\"@id\":\"https:\\\/\\\/shanabooks.de\\\/#organization\",\"name\":\"www.shanbooks.de\",\"url\":\"https:\\\/\\\/shanabooks.de\\\/\",\"logo\":{\"@type\":\"ImageObject\",\"inLanguage\":\"kur\",\"@id\":\"https:\\\/\\\/shanabooks.de\\\/#\\\/schema\\\/logo\\\/image\\\/\",\"url\":\"https:\\\/\\\/shanabooks.de\\\/wp-content\\\/uploads\\\/2024\\\/03\\\/SHANABOOKS__2_-removebg-preview.png\",\"contentUrl\":\"https:\\\/\\\/shanabooks.de\\\/wp-content\\\/uploads\\\/2024\\\/03\\\/SHANABOOKS__2_-removebg-preview.png\",\"width\":700,\"height\":150,\"caption\":\"www.shanbooks.de\"},\"image\":{\"@id\":\"https:\\\/\\\/shanabooks.de\\\/#\\\/schema\\\/logo\\\/image\\\/\"}}]}<\/script>\n<!-- \/ Yoast SEO plugin. -->","yoast_head_json":{"title":"\u00c7\u00fbkan Ziman\u00ea min xwar - Ciwan Qado - www.shanabooks.de","description":"\u00c7\u00fbkan Ziman\u00ea min xwar - Ciwan Qado Berhemek e Ji 32 Helbestan p\u00eak t\u00ea, li ser du be\u015fan hatiye dabe\u015fkirin. der\u00eey\u00ea p\u00ea\u015f\u00ee bi sernav\u00ea \"Zarokan bi dawa d\u00eay\u00ean x...","robots":{"index":"index","follow":"follow","max-snippet":"max-snippet:-1","max-image-preview":"max-image-preview:large","max-video-preview":"max-video-preview:-1"},"canonical":"https:\/\/shanabooks.de\/product\/cukan-zimane-min-xwar-ciwan-qado\/","og_locale":"en_US","og_type":"article","og_title":"\u00c7\u00fbkan Ziman\u00ea min xwar - Ciwan Qado - www.shanabooks.de","og_description":"\u00c7\u00fbkan Ziman\u00ea min xwar - Ciwan Qado Berhemek e Ji 32 Helbestan p\u00eak t\u00ea, li ser du be\u015fan hatiye dabe\u015fkirin. der\u00eey\u00ea p\u00ea\u015f\u00ee bi sernav\u00ea \"Zarokan bi dawa d\u00eay\u00ean x...","og_url":"https:\/\/shanabooks.de\/product\/cukan-zimane-min-xwar-ciwan-qado\/","og_site_name":"www.shanabooks.de","article_modified_time":"2026-01-02T20:34:51+00:00","og_image":[{"width":305,"height":479,"url":"https:\/\/shanabooks.de\/wp-content\/uploads\/2024\/01\/cukan-zimane-min-xwar-1.png","type":"image\/png"}],"twitter_card":"summary_large_image","twitter_misc":{"Est. reading time":"2 minutes"},"schema":{"@context":"https:\/\/schema.org","@graph":[{"@type":"WebPage","@id":"https:\/\/shanabooks.de\/product\/cukan-zimane-min-xwar-ciwan-qado\/","url":"https:\/\/shanabooks.de\/product\/cukan-zimane-min-xwar-ciwan-qado\/","name":"\u00c7\u00fbkan Ziman\u00ea min xwar - Ciwan Qado - www.shanabooks.de","isPartOf":{"@id":"https:\/\/shanabooks.de\/#website"},"primaryImageOfPage":{"@id":"https:\/\/shanabooks.de\/product\/cukan-zimane-min-xwar-ciwan-qado\/#primaryimage"},"image":{"@id":"https:\/\/shanabooks.de\/product\/cukan-zimane-min-xwar-ciwan-qado\/#primaryimage"},"thumbnailUrl":"https:\/\/shanabooks.de\/wp-content\/uploads\/2024\/01\/cukan-zimane-min-xwar-1.png","datePublished":"2024-03-03T19:50:09+00:00","dateModified":"2026-01-02T20:34:51+00:00","description":"\u00c7\u00fbkan Ziman\u00ea min xwar - Ciwan Qado Berhemek e Ji 32 Helbestan p\u00eak t\u00ea, li ser du be\u015fan hatiye dabe\u015fkirin. der\u00eey\u00ea p\u00ea\u015f\u00ee bi sernav\u00ea \"Zarokan bi dawa d\u00eay\u00ean x...","breadcrumb":{"@id":"https:\/\/shanabooks.de\/product\/cukan-zimane-min-xwar-ciwan-qado\/#breadcrumb"},"inLanguage":"kur","potentialAction":[{"@type":"ReadAction","target":["https:\/\/shanabooks.de\/product\/cukan-zimane-min-xwar-ciwan-qado\/"]}]},{"@type":"ImageObject","inLanguage":"kur","@id":"https:\/\/shanabooks.de\/product\/cukan-zimane-min-xwar-ciwan-qado\/#primaryimage","url":"https:\/\/shanabooks.de\/wp-content\/uploads\/2024\/01\/cukan-zimane-min-xwar-1.png","contentUrl":"https:\/\/shanabooks.de\/wp-content\/uploads\/2024\/01\/cukan-zimane-min-xwar-1.png","width":305,"height":479,"caption":"\u00c7\u00fbkan Ziman\u00ea min xwar - Ciwan Qado- pirt\u00fbk\u00ean kurd\u00ee - helbest"},{"@type":"BreadcrumbList","@id":"https:\/\/shanabooks.de\/product\/cukan-zimane-min-xwar-ciwan-qado\/#breadcrumb","itemListElement":[{"@type":"ListItem","position":1,"name":"\u0627\u0644\u0631\u0626\u064a\u0633\u064a\u0629","item":"https:\/\/shanabooks.de\/kur\/"},{"@type":"ListItem","position":2,"name":"\u0627\u0644\u0645\u0646\u062a\u062c\u0627\u062a","item":"https:\/\/shanabooks.de\/shop\/"},{"@type":"ListItem","position":3,"name":"\u00c7\u00fbkan Ziman\u00ea Min Xwar"}]},{"@type":"WebSite","@id":"https:\/\/shanabooks.de\/#website","url":"https:\/\/shanabooks.de\/","name":"www.shanbooks.de","description":"C\u00eehana Pirt\u00fbk\u00ean Kurd\u00ee \u0645\u0643\u062a\u0628\u0629 \u0634\u0627\u0646\u0627 \u0641\u064a \u0627\u0644\u0645\u0627\u0646\u064a\u0627 \u0648\u0623\u0648\u0631\u0628\u0627","publisher":{"@id":"https:\/\/shanabooks.de\/#organization"},"potentialAction":[{"@type":"SearchAction","target":{"@type":"EntryPoint","urlTemplate":"https:\/\/shanabooks.de\/?s={search_term_string}"},"query-input":{"@type":"PropertyValueSpecification","valueRequired":true,"valueName":"search_term_string"}}],"inLanguage":"kur"},{"@type":"Organization","@id":"https:\/\/shanabooks.de\/#organization","name":"www.shanbooks.de","url":"https:\/\/shanabooks.de\/","logo":{"@type":"ImageObject","inLanguage":"kur","@id":"https:\/\/shanabooks.de\/#\/schema\/logo\/image\/","url":"https:\/\/shanabooks.de\/wp-content\/uploads\/2024\/03\/SHANABOOKS__2_-removebg-preview.png","contentUrl":"https:\/\/shanabooks.de\/wp-content\/uploads\/2024\/03\/SHANABOOKS__2_-removebg-preview.png","width":700,"height":150,"caption":"www.shanbooks.de"},"image":{"@id":"https:\/\/shanabooks.de\/#\/schema\/logo\/image\/"}}]}},"jetpack_sharing_enabled":true,"_links":{"self":[{"href":"https:\/\/shanabooks.de\/kur\/wp-json\/wp\/v2\/product\/13164","targetHints":{"allow":["GET"]}}],"collection":[{"href":"https:\/\/shanabooks.de\/kur\/wp-json\/wp\/v2\/product"}],"about":[{"href":"https:\/\/shanabooks.de\/kur\/wp-json\/wp\/v2\/types\/product"}],"version-history":[{"count":3,"href":"https:\/\/shanabooks.de\/kur\/wp-json\/wp\/v2\/product\/13164\/revisions"}],"predecessor-version":[{"id":22691,"href":"https:\/\/shanabooks.de\/kur\/wp-json\/wp\/v2\/product\/13164\/revisions\/22691"}],"wp:featuredmedia":[{"embeddable":true,"href":"https:\/\/shanabooks.de\/kur\/wp-json\/wp\/v2\/media\/5980"}],"wp:attachment":[{"href":"https:\/\/shanabooks.de\/kur\/wp-json\/wp\/v2\/media?parent=13164"}],"wp:term":[{"taxonomy":"product_brand","embeddable":true,"href":"https:\/\/shanabooks.de\/kur\/wp-json\/wp\/v2\/product_brand?post=13164"},{"taxonomy":"product_cat","embeddable":true,"href":"https:\/\/shanabooks.de\/kur\/wp-json\/wp\/v2\/product_cat?post=13164"},{"taxonomy":"product_tag","embeddable":true,"href":"https:\/\/shanabooks.de\/kur\/wp-json\/wp\/v2\/product_tag?post=13164"}],"curies":[{"name":"wp","href":"https:\/\/api.w.org\/{rel}","templated":true}]}}