{"id":13350,"date":"2024-03-03T19:51:22","date_gmt":"2024-03-03T19:51:22","guid":{"rendered":"https:\/\/shanabooks.de\/?post_type=product&#038;p=13350"},"modified":"2026-01-02T20:03:30","modified_gmt":"2026-01-02T20:03:30","slug":"cirokbej-celadet-ali-bedirxan","status":"publish","type":"product","link":"https:\/\/shanabooks.de\/kur\/product\/cirokbej-celadet-ali-bedirxan\/","title":{"rendered":"\u00c7\u00eerokb\u00eaj &#8211; \u00c7\u00eerok\u00ean Kurdmanc\u00ee"},"content":{"rendered":"<p style=\"text-align: left\"><strong>\u00c7\u00eerokb\u00eaj &#8211; Celad<\/strong><strong style=\"font-size: 16px;font-style: normal\">et Al\u00ee Bedirxan<\/strong><\/p>\n<p style=\"text-align: left\">Li wext\u00ea ber\u00ea miletek heb\u00fb, miletek\u00ee m\u00ear \u00fb ciwanm\u00ear, l\u00ea nezan. Ew milet keti b\u00fb bin dest\u00ean miletine din. Milet\u00ean serdest zilm \u00fb sitemkar\u00ee l\u00ea dikirin. Milet\u00ea bindest ji hey\u00eena xwe b\u00eaxeber, di bin n\u00eer\u00ea milet\u00ean serdest de hero belengaztir dib\u00fb. L\u00ea milet\u00ea ji her ti\u015ft\u00ee b\u00ea hay, bi belengaziya xwe j\u00ee ne dihesiya.<\/p>\n<p style=\"text-align: left\">Rojek\u00ea, p\u00eerek ji nav w\u00ee milet\u00ea bidest rab\u00fb. Pir li hal\u00ea milet\u00ea xwe tema\u015fe kir; li ser nexwe\u015fiya w\u00ee veb\u00fb. Kal rab\u00fb, elfabeyek \u00e7\u00eakir \u00fb milet da xwendin. W\u00ee p\u00eer\u00ee li xelk\u00ea xwe pend \u00fb \u015f\u00eeret dikirin \u00fb digot:<\/p>\n<p style=\"text-align: left\">-Zarono, li ziman\u00ea xwe miqate bin, pih\u00eal p\u00ea bigirin, h\u00een\u00ee xwendin \u00fb niv\u00eesandin\u00ea bibin; qedr\u00ea ziman\u00ea xwe bizanin. Miletek\u00ee d\u00eel y\u00ea ko ziman\u00ea xwe winda ne kiriye dim\u00eene w\u00ee hepsiy\u00ea ko mifta zindana w\u00ee di dest\u00ea w\u00ee de ye. Ziman\u00ea we hey\u00eena we ye. Hon bi ten\u00ea bi ziwan\u00ea xwe ji miletine din t\u00eane ferq kirin. \u00db rojek\u00ea hon\u00ea x\u00eara w\u00ee ji h\u00eas\u00eeriy\u00ea xelas bibin. Milet ji ya p\u00eer kir, h\u00een\u00ee xwendi \u00fb niv\u00eesandin\u00ea b\u00fb. X\u00eara zan\u00een\u00ea li her ti\u015ft\u00ean dinyay\u00ea hi\u015fyar b\u00fb; bi hey\u00eena xwe hesiya. Bel\u00ea milet zan\u00ee ko heta hing\u00ea di zindana nezaniy\u00ea a tar\u00ee de p\u00fbyan dib\u00fb. \u00c7ira zan\u00een\u00ea dora milet bi ron\u00ee kir. Milet her ti\u015ft d\u00eetin. Zorkeran di tariy\u00ea de li w\u00ee dixistin, Milet \u00e7o ne did\u00eet. L\u00ea gava zan\u00een\u00ea hawir bi ron\u00ee kir, milet \u00e7oy\u00ea zilm\u00ea di ser xwe re d\u00eet, ew girt \u00fb ew \u015fk\u00eanand; ber\u00ea xwe da deriy\u00ea zindan\u00ea \u00fb j\u00ea derket. Ji ber ko, herwek\u00ee p\u00eer goti b\u00fb, mifte p\u00ea re b\u00fb.<\/p>\n<p style=\"text-align: left\">Weyl ji w\u00ee milet\u00ea re ko ziman\u00ea xwe winda kiriye.<\/p>\n","protected":false},"excerpt":{"rendered":"<p style=\"text-align: center\"><strong>Pirt\u00fbk:\u00c7\u00eerokb\u00eaj &#8211; \u00c7\u00eerok\u00ean Kurdmanc\u00ee<br \/>\nNiv\u00eeskar: Celadet Al\u00ee Bedirxan<br \/>\nCure: \u00c7\u00eerok\u00ean kurt<\/strong><\/p>\n","protected":false},"featured_media":6215,"template":"","meta":{"site-sidebar-layout":"default","site-content-layout":"","ast-site-content-layout":"default","site-content-style":"default","site-sidebar-style":"default","ast-global-header-display":"","ast-banner-title-visibility":"","ast-main-header-display":"","ast-hfb-above-header-display":"","ast-hfb-below-header-display":"","ast-hfb-mobile-header-display":"","site-post-title":"","ast-breadcrumbs-content":"","ast-featured-img":"","footer-sml-layout":"","ast-disable-related-posts":"","theme-transparent-header-meta":"default","adv-header-id-meta":"","stick-header-meta":"","header-above-stick-meta":"","header-main-stick-meta":"","header-below-stick-meta":"","astra-migrate-meta-layouts":"set","ast-page-background-enabled":"default","ast-page-background-meta":{"desktop":{"background-color":"","background-image":"","background-repeat":"repeat","background-position":"center center","background-size":"auto","background-attachment":"scroll","background-type":"","background-media":"","overlay-type":"","overlay-color":"","overlay-opacity":"","overlay-gradient":""},"tablet":{"background-color":"","background-image":"","background-repeat":"repeat","background-position":"center center","background-size":"auto","background-attachment":"scroll","background-type":"","background-media":"","overlay-type":"","overlay-color":"","overlay-opacity":"","overlay-gradient":""},"mobile":{"background-color":"","background-image":"","background-repeat":"repeat","background-position":"center center","background-size":"auto","background-attachment":"scroll","background-type":"","background-media":"","overlay-type":"","overlay-color":"","overlay-opacity":"","overlay-gradient":""}},"ast-content-background-meta":{"desktop":{"background-color":"var(--ast-global-color-5)","background-image":"","background-repeat":"repeat","background-position":"center center","background-size":"auto","background-attachment":"scroll","background-type":"","background-media":"","overlay-type":"","overlay-color":"","overlay-opacity":"","overlay-gradient":""},"tablet":{"background-color":"var(--ast-global-color-5)","background-image":"","background-repeat":"repeat","background-position":"center center","background-size":"auto","background-attachment":"scroll","background-type":"","background-media":"","overlay-type":"","overlay-color":"","overlay-opacity":"","overlay-gradient":""},"mobile":{"background-color":"var(--ast-global-color-5)","background-image":"","background-repeat":"repeat","background-position":"center center","background-size":"auto","background-attachment":"scroll","background-type":"","background-media":"","overlay-type":"","overlay-color":"","overlay-opacity":"","overlay-gradient":""}}},"product_brand":[],"product_cat":[183,193],"product_tag":[],"class_list":{"0":"post-13350","1":"product","2":"type-product","3":"status-publish","4":"has-post-thumbnail","6":"product_cat-_","7":"product_cat--_","8":"pa_-cirok","9":"pa_-celadet-ali-bedirxan","10":"pa_-kurmanci","11":"pa_--avesta-yayinlari","12":"desktop-align-left","13":"tablet-align-left","14":"mobile-align-left","16":"first","17":"outofstock","18":"shipping-taxable","19":"purchasable","20":"product-type-simple"},"yoast_head":"<!-- This site is optimized with the Yoast SEO plugin v27.5 - https:\/\/yoast.com\/product\/yoast-seo-wordpress\/ -->\n<title>\u00c7\u00eerokb\u00eaj - Celadet Al\u00ee Bedirxan - www.shanabooks.de<\/title>\n<meta name=\"description\" content=\"\u00c7\u00eerokb\u00eaj - Celadet Al\u00ee Bedirxan Li wext\u00ea ber\u00ea miletek heb\u00fb, miletek\u00ee m\u00ear \u00fb ciwanm\u00ear, l\u00ea nezan. Ew milet keti b\u00fb bin dest\u00ean miletine din. Milet\u00ean serdest...\" \/>\n<meta name=\"robots\" content=\"index, follow, max-snippet:-1, max-image-preview:large, max-video-preview:-1\" \/>\n<link rel=\"canonical\" href=\"https:\/\/shanabooks.de\/product\/cirokbej-celadet-ali-bedirxan\/\" \/>\n<meta property=\"og:locale\" content=\"en_US\" \/>\n<meta property=\"og:type\" content=\"article\" \/>\n<meta property=\"og:title\" content=\"\u00c7\u00eerokb\u00eaj - Celadet Al\u00ee Bedirxan - www.shanabooks.de\" \/>\n<meta property=\"og:description\" content=\"\u00c7\u00eerokb\u00eaj - Celadet Al\u00ee Bedirxan Li wext\u00ea ber\u00ea miletek heb\u00fb, miletek\u00ee m\u00ear \u00fb ciwanm\u00ear, l\u00ea nezan. Ew milet keti b\u00fb bin dest\u00ean miletine din. Milet\u00ean serdest...\" \/>\n<meta property=\"og:url\" content=\"https:\/\/shanabooks.de\/product\/cirokbej-celadet-ali-bedirxan\/\" \/>\n<meta property=\"og:site_name\" content=\"www.shanabooks.de\" \/>\n<meta property=\"article:modified_time\" content=\"2026-01-02T20:03:30+00:00\" \/>\n<meta property=\"og:image\" content=\"https:\/\/shanabooks.de\/wp-content\/uploads\/2024\/01\/cirokbej.jpg\" \/>\n\t<meta property=\"og:image:width\" content=\"600\" \/>\n\t<meta property=\"og:image:height\" content=\"900\" \/>\n\t<meta property=\"og:image:type\" content=\"image\/jpeg\" \/>\n<meta name=\"twitter:card\" content=\"summary_large_image\" \/>\n<meta name=\"twitter:label1\" content=\"Est. reading time\" \/>\n\t<meta name=\"twitter:data1\" content=\"3 minutes\" \/>\n<script type=\"application\/ld+json\" class=\"yoast-schema-graph\">{\"@context\":\"https:\\\/\\\/schema.org\",\"@graph\":[{\"@type\":\"WebPage\",\"@id\":\"https:\\\/\\\/shanabooks.de\\\/product\\\/cirokbej-celadet-ali-bedirxan\\\/\",\"url\":\"https:\\\/\\\/shanabooks.de\\\/product\\\/cirokbej-celadet-ali-bedirxan\\\/\",\"name\":\"\u00c7\u00eerokb\u00eaj - Celadet Al\u00ee Bedirxan - www.shanabooks.de\",\"isPartOf\":{\"@id\":\"https:\\\/\\\/shanabooks.de\\\/#website\"},\"primaryImageOfPage\":{\"@id\":\"https:\\\/\\\/shanabooks.de\\\/product\\\/cirokbej-celadet-ali-bedirxan\\\/#primaryimage\"},\"image\":{\"@id\":\"https:\\\/\\\/shanabooks.de\\\/product\\\/cirokbej-celadet-ali-bedirxan\\\/#primaryimage\"},\"thumbnailUrl\":\"https:\\\/\\\/shanabooks.de\\\/wp-content\\\/uploads\\\/2024\\\/01\\\/cirokbej.jpg\",\"datePublished\":\"2024-03-03T19:51:22+00:00\",\"dateModified\":\"2026-01-02T20:03:30+00:00\",\"description\":\"\u00c7\u00eerokb\u00eaj - Celadet Al\u00ee Bedirxan Li wext\u00ea ber\u00ea miletek heb\u00fb, miletek\u00ee m\u00ear \u00fb ciwanm\u00ear, l\u00ea nezan. Ew milet keti b\u00fb bin dest\u00ean miletine din. Milet\u00ean serdest...\",\"breadcrumb\":{\"@id\":\"https:\\\/\\\/shanabooks.de\\\/product\\\/cirokbej-celadet-ali-bedirxan\\\/#breadcrumb\"},\"inLanguage\":\"kur\",\"potentialAction\":[{\"@type\":\"ReadAction\",\"target\":[\"https:\\\/\\\/shanabooks.de\\\/product\\\/cirokbej-celadet-ali-bedirxan\\\/\"]}]},{\"@type\":\"ImageObject\",\"inLanguage\":\"kur\",\"@id\":\"https:\\\/\\\/shanabooks.de\\\/product\\\/cirokbej-celadet-ali-bedirxan\\\/#primaryimage\",\"url\":\"https:\\\/\\\/shanabooks.de\\\/wp-content\\\/uploads\\\/2024\\\/01\\\/cirokbej.jpg\",\"contentUrl\":\"https:\\\/\\\/shanabooks.de\\\/wp-content\\\/uploads\\\/2024\\\/01\\\/cirokbej.jpg\",\"width\":600,\"height\":900,\"caption\":\"\u00c7\u00eerokb\u00eaj - Celadet Al\u00ee Bedirxan - pirt\u00fbk\u00ean kurd\u00ee\"},{\"@type\":\"BreadcrumbList\",\"@id\":\"https:\\\/\\\/shanabooks.de\\\/product\\\/cirokbej-celadet-ali-bedirxan\\\/#breadcrumb\",\"itemListElement\":[{\"@type\":\"ListItem\",\"position\":1,\"name\":\"\u0627\u0644\u0631\u0626\u064a\u0633\u064a\u0629\",\"item\":\"https:\\\/\\\/shanabooks.de\\\/kur\\\/\"},{\"@type\":\"ListItem\",\"position\":2,\"name\":\"\u0627\u0644\u0645\u0646\u062a\u062c\u0627\u062a\",\"item\":\"https:\\\/\\\/shanabooks.de\\\/shop\\\/\"},{\"@type\":\"ListItem\",\"position\":3,\"name\":\"\u00c7\u00eerokb\u00eaj &#8211; \u00c7\u00eerok\u00ean Kurdmanc\u00ee\"}]},{\"@type\":\"WebSite\",\"@id\":\"https:\\\/\\\/shanabooks.de\\\/#website\",\"url\":\"https:\\\/\\\/shanabooks.de\\\/\",\"name\":\"www.shanbooks.de\",\"description\":\"C\u00eehana Pirt\u00fbk\u00ean Kurd\u00ee \u0645\u0643\u062a\u0628\u0629 \u0634\u0627\u0646\u0627 \u0641\u064a \u0627\u0644\u0645\u0627\u0646\u064a\u0627 \u0648\u0623\u0648\u0631\u0628\u0627\",\"publisher\":{\"@id\":\"https:\\\/\\\/shanabooks.de\\\/#organization\"},\"potentialAction\":[{\"@type\":\"SearchAction\",\"target\":{\"@type\":\"EntryPoint\",\"urlTemplate\":\"https:\\\/\\\/shanabooks.de\\\/?s={search_term_string}\"},\"query-input\":{\"@type\":\"PropertyValueSpecification\",\"valueRequired\":true,\"valueName\":\"search_term_string\"}}],\"inLanguage\":\"kur\"},{\"@type\":\"Organization\",\"@id\":\"https:\\\/\\\/shanabooks.de\\\/#organization\",\"name\":\"www.shanbooks.de\",\"url\":\"https:\\\/\\\/shanabooks.de\\\/\",\"logo\":{\"@type\":\"ImageObject\",\"inLanguage\":\"kur\",\"@id\":\"https:\\\/\\\/shanabooks.de\\\/#\\\/schema\\\/logo\\\/image\\\/\",\"url\":\"https:\\\/\\\/shanabooks.de\\\/wp-content\\\/uploads\\\/2024\\\/03\\\/SHANABOOKS__2_-removebg-preview.png\",\"contentUrl\":\"https:\\\/\\\/shanabooks.de\\\/wp-content\\\/uploads\\\/2024\\\/03\\\/SHANABOOKS__2_-removebg-preview.png\",\"width\":700,\"height\":150,\"caption\":\"www.shanbooks.de\"},\"image\":{\"@id\":\"https:\\\/\\\/shanabooks.de\\\/#\\\/schema\\\/logo\\\/image\\\/\"}}]}<\/script>\n<!-- \/ Yoast SEO plugin. -->","yoast_head_json":{"title":"\u00c7\u00eerokb\u00eaj - Celadet Al\u00ee Bedirxan - www.shanabooks.de","description":"\u00c7\u00eerokb\u00eaj - Celadet Al\u00ee Bedirxan Li wext\u00ea ber\u00ea miletek heb\u00fb, miletek\u00ee m\u00ear \u00fb ciwanm\u00ear, l\u00ea nezan. Ew milet keti b\u00fb bin dest\u00ean miletine din. Milet\u00ean serdest...","robots":{"index":"index","follow":"follow","max-snippet":"max-snippet:-1","max-image-preview":"max-image-preview:large","max-video-preview":"max-video-preview:-1"},"canonical":"https:\/\/shanabooks.de\/product\/cirokbej-celadet-ali-bedirxan\/","og_locale":"en_US","og_type":"article","og_title":"\u00c7\u00eerokb\u00eaj - Celadet Al\u00ee Bedirxan - www.shanabooks.de","og_description":"\u00c7\u00eerokb\u00eaj - Celadet Al\u00ee Bedirxan Li wext\u00ea ber\u00ea miletek heb\u00fb, miletek\u00ee m\u00ear \u00fb ciwanm\u00ear, l\u00ea nezan. Ew milet keti b\u00fb bin dest\u00ean miletine din. Milet\u00ean serdest...","og_url":"https:\/\/shanabooks.de\/product\/cirokbej-celadet-ali-bedirxan\/","og_site_name":"www.shanabooks.de","article_modified_time":"2026-01-02T20:03:30+00:00","og_image":[{"width":600,"height":900,"url":"https:\/\/shanabooks.de\/wp-content\/uploads\/2024\/01\/cirokbej.jpg","type":"image\/jpeg"}],"twitter_card":"summary_large_image","twitter_misc":{"Est. reading time":"3 minutes"},"schema":{"@context":"https:\/\/schema.org","@graph":[{"@type":"WebPage","@id":"https:\/\/shanabooks.de\/product\/cirokbej-celadet-ali-bedirxan\/","url":"https:\/\/shanabooks.de\/product\/cirokbej-celadet-ali-bedirxan\/","name":"\u00c7\u00eerokb\u00eaj - Celadet Al\u00ee Bedirxan - www.shanabooks.de","isPartOf":{"@id":"https:\/\/shanabooks.de\/#website"},"primaryImageOfPage":{"@id":"https:\/\/shanabooks.de\/product\/cirokbej-celadet-ali-bedirxan\/#primaryimage"},"image":{"@id":"https:\/\/shanabooks.de\/product\/cirokbej-celadet-ali-bedirxan\/#primaryimage"},"thumbnailUrl":"https:\/\/shanabooks.de\/wp-content\/uploads\/2024\/01\/cirokbej.jpg","datePublished":"2024-03-03T19:51:22+00:00","dateModified":"2026-01-02T20:03:30+00:00","description":"\u00c7\u00eerokb\u00eaj - Celadet Al\u00ee Bedirxan Li wext\u00ea ber\u00ea miletek heb\u00fb, miletek\u00ee m\u00ear \u00fb ciwanm\u00ear, l\u00ea nezan. Ew milet keti b\u00fb bin dest\u00ean miletine din. Milet\u00ean serdest...","breadcrumb":{"@id":"https:\/\/shanabooks.de\/product\/cirokbej-celadet-ali-bedirxan\/#breadcrumb"},"inLanguage":"kur","potentialAction":[{"@type":"ReadAction","target":["https:\/\/shanabooks.de\/product\/cirokbej-celadet-ali-bedirxan\/"]}]},{"@type":"ImageObject","inLanguage":"kur","@id":"https:\/\/shanabooks.de\/product\/cirokbej-celadet-ali-bedirxan\/#primaryimage","url":"https:\/\/shanabooks.de\/wp-content\/uploads\/2024\/01\/cirokbej.jpg","contentUrl":"https:\/\/shanabooks.de\/wp-content\/uploads\/2024\/01\/cirokbej.jpg","width":600,"height":900,"caption":"\u00c7\u00eerokb\u00eaj - Celadet Al\u00ee Bedirxan - pirt\u00fbk\u00ean kurd\u00ee"},{"@type":"BreadcrumbList","@id":"https:\/\/shanabooks.de\/product\/cirokbej-celadet-ali-bedirxan\/#breadcrumb","itemListElement":[{"@type":"ListItem","position":1,"name":"\u0627\u0644\u0631\u0626\u064a\u0633\u064a\u0629","item":"https:\/\/shanabooks.de\/kur\/"},{"@type":"ListItem","position":2,"name":"\u0627\u0644\u0645\u0646\u062a\u062c\u0627\u062a","item":"https:\/\/shanabooks.de\/shop\/"},{"@type":"ListItem","position":3,"name":"\u00c7\u00eerokb\u00eaj &#8211; \u00c7\u00eerok\u00ean Kurdmanc\u00ee"}]},{"@type":"WebSite","@id":"https:\/\/shanabooks.de\/#website","url":"https:\/\/shanabooks.de\/","name":"www.shanbooks.de","description":"C\u00eehana Pirt\u00fbk\u00ean Kurd\u00ee \u0645\u0643\u062a\u0628\u0629 \u0634\u0627\u0646\u0627 \u0641\u064a \u0627\u0644\u0645\u0627\u0646\u064a\u0627 \u0648\u0623\u0648\u0631\u0628\u0627","publisher":{"@id":"https:\/\/shanabooks.de\/#organization"},"potentialAction":[{"@type":"SearchAction","target":{"@type":"EntryPoint","urlTemplate":"https:\/\/shanabooks.de\/?s={search_term_string}"},"query-input":{"@type":"PropertyValueSpecification","valueRequired":true,"valueName":"search_term_string"}}],"inLanguage":"kur"},{"@type":"Organization","@id":"https:\/\/shanabooks.de\/#organization","name":"www.shanbooks.de","url":"https:\/\/shanabooks.de\/","logo":{"@type":"ImageObject","inLanguage":"kur","@id":"https:\/\/shanabooks.de\/#\/schema\/logo\/image\/","url":"https:\/\/shanabooks.de\/wp-content\/uploads\/2024\/03\/SHANABOOKS__2_-removebg-preview.png","contentUrl":"https:\/\/shanabooks.de\/wp-content\/uploads\/2024\/03\/SHANABOOKS__2_-removebg-preview.png","width":700,"height":150,"caption":"www.shanbooks.de"},"image":{"@id":"https:\/\/shanabooks.de\/#\/schema\/logo\/image\/"}}]}},"jetpack_sharing_enabled":true,"_links":{"self":[{"href":"https:\/\/shanabooks.de\/kur\/wp-json\/wp\/v2\/product\/13350","targetHints":{"allow":["GET"]}}],"collection":[{"href":"https:\/\/shanabooks.de\/kur\/wp-json\/wp\/v2\/product"}],"about":[{"href":"https:\/\/shanabooks.de\/kur\/wp-json\/wp\/v2\/types\/product"}],"version-history":[{"count":3,"href":"https:\/\/shanabooks.de\/kur\/wp-json\/wp\/v2\/product\/13350\/revisions"}],"predecessor-version":[{"id":17338,"href":"https:\/\/shanabooks.de\/kur\/wp-json\/wp\/v2\/product\/13350\/revisions\/17338"}],"wp:featuredmedia":[{"embeddable":true,"href":"https:\/\/shanabooks.de\/kur\/wp-json\/wp\/v2\/media\/6215"}],"wp:attachment":[{"href":"https:\/\/shanabooks.de\/kur\/wp-json\/wp\/v2\/media?parent=13350"}],"wp:term":[{"taxonomy":"product_brand","embeddable":true,"href":"https:\/\/shanabooks.de\/kur\/wp-json\/wp\/v2\/product_brand?post=13350"},{"taxonomy":"product_cat","embeddable":true,"href":"https:\/\/shanabooks.de\/kur\/wp-json\/wp\/v2\/product_cat?post=13350"},{"taxonomy":"product_tag","embeddable":true,"href":"https:\/\/shanabooks.de\/kur\/wp-json\/wp\/v2\/product_tag?post=13350"}],"curies":[{"name":"wp","href":"https:\/\/api.w.org\/{rel}","templated":true}]}}