{"id":13410,"date":"2024-03-03T19:51:36","date_gmt":"2024-03-03T19:51:36","guid":{"rendered":"https:\/\/shanabooks.de\/?post_type=product&#038;p=13410"},"modified":"2026-01-02T20:05:03","modified_gmt":"2026-01-02T20:05:03","slug":"siretbej-celadet-ali-bedirxan","status":"publish","type":"product","link":"https:\/\/shanabooks.de\/kur\/product\/siretbej-celadet-ali-bedirxan\/","title":{"rendered":"\u015e\u00eeretb\u00eaj"},"content":{"rendered":"<p style=\"text-align: left\"><strong>\u015e\u00eeretb\u00eaj &#8211; Celadet Al\u00ee Bedirxan<\/strong><\/p>\n<p style=\"text-align: left\">V\u00ea car\u00ea me ji kaniya ziman \u00fb edebiyat \u00fb bi gi\u015ft\u00ee kult\u00fbra Kurd\u00ee kovar\u00ean Hawar \u00fb Ronah\u00ee ku bi serpere\u015ftiya Celadet Al\u00ee Bedirxan \u00fb al\u00eekariya ronakb\u00eer\u00ean kurd \u00ean din derdiketin, berhevokek berhem\u00ean folklor\u00ea amade kir. Ber\u00ee v\u00ea berhevok\u00ea bi nav\u00ea Stranvan me berhevokeke din \u00e7ap kirib\u00fb, bi \u015e\u00eeretb\u00eaj re berhevkirin\/kit\u00eabkirina berhem\u00ean folklor\u00eek \u00ean Celadet Al\u00ee Bedirxan; Hawar \u00fb Ronah\u00ee temam dibe.<\/p>\n<p style=\"text-align: left\">Berhem ji s\u00ea be\u015fan p\u00eak t\u00ea. Wek kategoriyek gi\u015ft\u00ee berhem\u00ean folklor\u00eek me bi \u201cGulistan\u201d bi nav kir, \u201c\u015e\u00eeretb\u00eaj\u201d \u00fb \u201cHinek j\u00ee Henek.\u201d Be\u015f\u00ean duyem \u00fb s\u00eayem jixwe di kovaran de wek\u00ee sernav hatine bikaran\u00een. Wek her car\u00ea me hem\u00fb agahiy\u00ean niv\u00ees\u00ea li dawiya w\u00ea niv\u00eesandin. Celadet Al\u00ee Bedirxan bi nav\u00ea xwe \u00fb \u00e7end nav\u00ean mustear \u00fb gelek ti\u015ft j\u00ee b\u00ea nav niv\u00eesandine, ji usl\u00fbb \u00fb naveroka wan diyar dibe ku \u00ea w\u00ee ne. Hin tekst\u00ean bi mijar\u00ea ve gir\u00eaday\u00ee ku niv\u00eeskar\u00ea wan diyar e \u00fb ne \u00ea w\u00ee ne j\u00ee, me xwest di vir de bi cih bibin.<\/p>\n","protected":false},"excerpt":{"rendered":"<p style=\"text-align: center\"><strong>Pirt\u00fbk:\u015e\u00eeretb\u00eaj<br \/>\nNiv\u00eeskar: Celadet Al\u00ee Bedirxan<br \/>\nCure: Edebiyat \u00fb Folklor<\/strong><\/p>\n","protected":false},"featured_media":6289,"template":"","meta":{"site-sidebar-layout":"default","site-content-layout":"","ast-site-content-layout":"default","site-content-style":"default","site-sidebar-style":"default","ast-global-header-display":"","ast-banner-title-visibility":"","ast-main-header-display":"","ast-hfb-above-header-display":"","ast-hfb-below-header-display":"","ast-hfb-mobile-header-display":"","site-post-title":"","ast-breadcrumbs-content":"","ast-featured-img":"","footer-sml-layout":"","ast-disable-related-posts":"","theme-transparent-header-meta":"default","adv-header-id-meta":"","stick-header-meta":"","header-above-stick-meta":"","header-main-stick-meta":"","header-below-stick-meta":"","astra-migrate-meta-layouts":"set","ast-page-background-enabled":"default","ast-page-background-meta":{"desktop":{"background-color":"","background-image":"","background-repeat":"repeat","background-position":"center center","background-size":"auto","background-attachment":"scroll","background-type":"","background-media":"","overlay-type":"","overlay-color":"","overlay-opacity":"","overlay-gradient":""},"tablet":{"background-color":"","background-image":"","background-repeat":"repeat","background-position":"center center","background-size":"auto","background-attachment":"scroll","background-type":"","background-media":"","overlay-type":"","overlay-color":"","overlay-opacity":"","overlay-gradient":""},"mobile":{"background-color":"","background-image":"","background-repeat":"repeat","background-position":"center center","background-size":"auto","background-attachment":"scroll","background-type":"","background-media":"","overlay-type":"","overlay-color":"","overlay-opacity":"","overlay-gradient":""}},"ast-content-background-meta":{"desktop":{"background-color":"var(--ast-global-color-5)","background-image":"","background-repeat":"repeat","background-position":"center center","background-size":"auto","background-attachment":"scroll","background-type":"","background-media":"","overlay-type":"","overlay-color":"","overlay-opacity":"","overlay-gradient":""},"tablet":{"background-color":"var(--ast-global-color-5)","background-image":"","background-repeat":"repeat","background-position":"center center","background-size":"auto","background-attachment":"scroll","background-type":"","background-media":"","overlay-type":"","overlay-color":"","overlay-opacity":"","overlay-gradient":""},"mobile":{"background-color":"var(--ast-global-color-5)","background-image":"","background-repeat":"repeat","background-position":"center center","background-size":"auto","background-attachment":"scroll","background-type":"","background-media":"","overlay-type":"","overlay-color":"","overlay-opacity":"","overlay-gradient":""}}},"product_brand":[],"product_cat":[180,183,193],"product_tag":[],"class_list":{"0":"post-13410","1":"product","2":"type-product","3":"status-publish","4":"has-post-thumbnail","6":"product_cat-_","8":"product_cat--_","9":"pa_-cirok","10":"pa_-folklor","11":"pa_-celadet-ali-bedirxan","12":"pa_-kurmanci","13":"pa_--avesta-yayinlari","14":"desktop-align-left","15":"tablet-align-left","16":"mobile-align-left","18":"first","19":"instock","20":"shipping-taxable","21":"purchasable","22":"product-type-simple"},"yoast_head":"<!-- This site is optimized with the Yoast SEO plugin v27.4 - https:\/\/yoast.com\/product\/yoast-seo-wordpress\/ -->\n<title>\u015e\u00eeretb\u00eaj - Celadet Al\u00ee Bedirxan - www.shanabooks.de<\/title>\n<meta name=\"description\" content=\"\u015e\u00eeretb\u00eaj - Celadet Al\u00ee Bedirxan V\u00ea car\u00ea me ji kaniya ziman \u00fb edebiyat \u00fb bi gi\u015ft\u00ee kult\u00fbra Kurd\u00ee kovar\u00ean\u00a0Hawar\u00a0\u00fb\u00a0Ronah\u00ee\u00a0ku bi serpere\u015ftiya Celadet Al\u00ee Bedi...\" \/>\n<meta name=\"robots\" content=\"index, follow, max-snippet:-1, max-image-preview:large, max-video-preview:-1\" \/>\n<link rel=\"canonical\" href=\"https:\/\/shanabooks.de\/product\/siretbej-celadet-ali-bedirxan\/\" \/>\n<meta property=\"og:locale\" content=\"en_US\" \/>\n<meta property=\"og:type\" content=\"article\" \/>\n<meta property=\"og:title\" content=\"\u015e\u00eeretb\u00eaj - Celadet Al\u00ee Bedirxan - www.shanabooks.de\" \/>\n<meta property=\"og:description\" content=\"\u015e\u00eeretb\u00eaj - Celadet Al\u00ee Bedirxan V\u00ea car\u00ea me ji kaniya ziman \u00fb edebiyat \u00fb bi gi\u015ft\u00ee kult\u00fbra Kurd\u00ee kovar\u00ean\u00a0Hawar\u00a0\u00fb\u00a0Ronah\u00ee\u00a0ku bi serpere\u015ftiya Celadet Al\u00ee Bedi...\" \/>\n<meta property=\"og:url\" content=\"https:\/\/shanabooks.de\/product\/siretbej-celadet-ali-bedirxan\/\" \/>\n<meta property=\"og:site_name\" content=\"www.shanabooks.de\" \/>\n<meta property=\"article:modified_time\" content=\"2026-01-02T20:05:03+00:00\" \/>\n<meta property=\"og:image\" content=\"https:\/\/shanabooks.de\/wp-content\/uploads\/2024\/01\/Siretbej.jpg\" \/>\n\t<meta property=\"og:image:width\" content=\"598\" \/>\n\t<meta property=\"og:image:height\" content=\"900\" \/>\n\t<meta property=\"og:image:type\" content=\"image\/jpeg\" \/>\n<meta name=\"twitter:card\" content=\"summary_large_image\" \/>\n<meta name=\"twitter:label1\" content=\"Est. reading time\" \/>\n\t<meta name=\"twitter:data1\" content=\"2 minutes\" \/>\n<script type=\"application\/ld+json\" class=\"yoast-schema-graph\">{\"@context\":\"https:\\\/\\\/schema.org\",\"@graph\":[{\"@type\":\"WebPage\",\"@id\":\"https:\\\/\\\/shanabooks.de\\\/product\\\/siretbej-celadet-ali-bedirxan\\\/\",\"url\":\"https:\\\/\\\/shanabooks.de\\\/product\\\/siretbej-celadet-ali-bedirxan\\\/\",\"name\":\"\u015e\u00eeretb\u00eaj - Celadet Al\u00ee Bedirxan - www.shanabooks.de\",\"isPartOf\":{\"@id\":\"https:\\\/\\\/shanabooks.de\\\/#website\"},\"primaryImageOfPage\":{\"@id\":\"https:\\\/\\\/shanabooks.de\\\/product\\\/siretbej-celadet-ali-bedirxan\\\/#primaryimage\"},\"image\":{\"@id\":\"https:\\\/\\\/shanabooks.de\\\/product\\\/siretbej-celadet-ali-bedirxan\\\/#primaryimage\"},\"thumbnailUrl\":\"https:\\\/\\\/shanabooks.de\\\/wp-content\\\/uploads\\\/2024\\\/01\\\/Siretbej.jpg\",\"datePublished\":\"2024-03-03T19:51:36+00:00\",\"dateModified\":\"2026-01-02T20:05:03+00:00\",\"description\":\"\u015e\u00eeretb\u00eaj - Celadet Al\u00ee Bedirxan V\u00ea car\u00ea me ji kaniya ziman \u00fb edebiyat \u00fb bi gi\u015ft\u00ee kult\u00fbra Kurd\u00ee kovar\u00ean\u00a0Hawar\u00a0\u00fb\u00a0Ronah\u00ee\u00a0ku bi serpere\u015ftiya Celadet Al\u00ee Bedi...\",\"breadcrumb\":{\"@id\":\"https:\\\/\\\/shanabooks.de\\\/product\\\/siretbej-celadet-ali-bedirxan\\\/#breadcrumb\"},\"inLanguage\":\"kur\",\"potentialAction\":[{\"@type\":\"ReadAction\",\"target\":[\"https:\\\/\\\/shanabooks.de\\\/product\\\/siretbej-celadet-ali-bedirxan\\\/\"]}]},{\"@type\":\"ImageObject\",\"inLanguage\":\"kur\",\"@id\":\"https:\\\/\\\/shanabooks.de\\\/product\\\/siretbej-celadet-ali-bedirxan\\\/#primaryimage\",\"url\":\"https:\\\/\\\/shanabooks.de\\\/wp-content\\\/uploads\\\/2024\\\/01\\\/Siretbej.jpg\",\"contentUrl\":\"https:\\\/\\\/shanabooks.de\\\/wp-content\\\/uploads\\\/2024\\\/01\\\/Siretbej.jpg\",\"width\":598,\"height\":900,\"caption\":\"\u015e\u00eeretb\u00eaj - Celadet Al\u00ee Bedirxan - pirt\u00fbk\u00ean kurd\u00ee\"},{\"@type\":\"BreadcrumbList\",\"@id\":\"https:\\\/\\\/shanabooks.de\\\/product\\\/siretbej-celadet-ali-bedirxan\\\/#breadcrumb\",\"itemListElement\":[{\"@type\":\"ListItem\",\"position\":1,\"name\":\"\u0627\u0644\u0631\u0626\u064a\u0633\u064a\u0629\",\"item\":\"https:\\\/\\\/shanabooks.de\\\/kur\\\/\"},{\"@type\":\"ListItem\",\"position\":2,\"name\":\"\u0627\u0644\u0645\u0646\u062a\u062c\u0627\u062a\",\"item\":\"https:\\\/\\\/shanabooks.de\\\/shop\\\/\"},{\"@type\":\"ListItem\",\"position\":3,\"name\":\"\u015e\u00eeretb\u00eaj\"}]},{\"@type\":\"WebSite\",\"@id\":\"https:\\\/\\\/shanabooks.de\\\/#website\",\"url\":\"https:\\\/\\\/shanabooks.de\\\/\",\"name\":\"www.shanbooks.de\",\"description\":\"C\u00eehana Pirt\u00fbk\u00ean Kurd\u00ee \u0645\u0643\u062a\u0628\u0629 \u0634\u0627\u0646\u0627 \u0641\u064a \u0627\u0644\u0645\u0627\u0646\u064a\u0627 \u0648\u0623\u0648\u0631\u0628\u0627\",\"publisher\":{\"@id\":\"https:\\\/\\\/shanabooks.de\\\/#organization\"},\"potentialAction\":[{\"@type\":\"SearchAction\",\"target\":{\"@type\":\"EntryPoint\",\"urlTemplate\":\"https:\\\/\\\/shanabooks.de\\\/?s={search_term_string}\"},\"query-input\":{\"@type\":\"PropertyValueSpecification\",\"valueRequired\":true,\"valueName\":\"search_term_string\"}}],\"inLanguage\":\"kur\"},{\"@type\":\"Organization\",\"@id\":\"https:\\\/\\\/shanabooks.de\\\/#organization\",\"name\":\"www.shanbooks.de\",\"url\":\"https:\\\/\\\/shanabooks.de\\\/\",\"logo\":{\"@type\":\"ImageObject\",\"inLanguage\":\"kur\",\"@id\":\"https:\\\/\\\/shanabooks.de\\\/#\\\/schema\\\/logo\\\/image\\\/\",\"url\":\"https:\\\/\\\/shanabooks.de\\\/wp-content\\\/uploads\\\/2024\\\/03\\\/SHANABOOKS__2_-removebg-preview.png\",\"contentUrl\":\"https:\\\/\\\/shanabooks.de\\\/wp-content\\\/uploads\\\/2024\\\/03\\\/SHANABOOKS__2_-removebg-preview.png\",\"width\":700,\"height\":150,\"caption\":\"www.shanbooks.de\"},\"image\":{\"@id\":\"https:\\\/\\\/shanabooks.de\\\/#\\\/schema\\\/logo\\\/image\\\/\"}}]}<\/script>\n<!-- \/ Yoast SEO plugin. -->","yoast_head_json":{"title":"\u015e\u00eeretb\u00eaj - Celadet Al\u00ee Bedirxan - www.shanabooks.de","description":"\u015e\u00eeretb\u00eaj - Celadet Al\u00ee Bedirxan V\u00ea car\u00ea me ji kaniya ziman \u00fb edebiyat \u00fb bi gi\u015ft\u00ee kult\u00fbra Kurd\u00ee kovar\u00ean\u00a0Hawar\u00a0\u00fb\u00a0Ronah\u00ee\u00a0ku bi serpere\u015ftiya Celadet Al\u00ee Bedi...","robots":{"index":"index","follow":"follow","max-snippet":"max-snippet:-1","max-image-preview":"max-image-preview:large","max-video-preview":"max-video-preview:-1"},"canonical":"https:\/\/shanabooks.de\/product\/siretbej-celadet-ali-bedirxan\/","og_locale":"en_US","og_type":"article","og_title":"\u015e\u00eeretb\u00eaj - Celadet Al\u00ee Bedirxan - www.shanabooks.de","og_description":"\u015e\u00eeretb\u00eaj - Celadet Al\u00ee Bedirxan V\u00ea car\u00ea me ji kaniya ziman \u00fb edebiyat \u00fb bi gi\u015ft\u00ee kult\u00fbra Kurd\u00ee kovar\u00ean\u00a0Hawar\u00a0\u00fb\u00a0Ronah\u00ee\u00a0ku bi serpere\u015ftiya Celadet Al\u00ee Bedi...","og_url":"https:\/\/shanabooks.de\/product\/siretbej-celadet-ali-bedirxan\/","og_site_name":"www.shanabooks.de","article_modified_time":"2026-01-02T20:05:03+00:00","og_image":[{"width":598,"height":900,"url":"https:\/\/shanabooks.de\/wp-content\/uploads\/2024\/01\/Siretbej.jpg","type":"image\/jpeg"}],"twitter_card":"summary_large_image","twitter_misc":{"Est. reading time":"2 minutes"},"schema":{"@context":"https:\/\/schema.org","@graph":[{"@type":"WebPage","@id":"https:\/\/shanabooks.de\/product\/siretbej-celadet-ali-bedirxan\/","url":"https:\/\/shanabooks.de\/product\/siretbej-celadet-ali-bedirxan\/","name":"\u015e\u00eeretb\u00eaj - Celadet Al\u00ee Bedirxan - www.shanabooks.de","isPartOf":{"@id":"https:\/\/shanabooks.de\/#website"},"primaryImageOfPage":{"@id":"https:\/\/shanabooks.de\/product\/siretbej-celadet-ali-bedirxan\/#primaryimage"},"image":{"@id":"https:\/\/shanabooks.de\/product\/siretbej-celadet-ali-bedirxan\/#primaryimage"},"thumbnailUrl":"https:\/\/shanabooks.de\/wp-content\/uploads\/2024\/01\/Siretbej.jpg","datePublished":"2024-03-03T19:51:36+00:00","dateModified":"2026-01-02T20:05:03+00:00","description":"\u015e\u00eeretb\u00eaj - Celadet Al\u00ee Bedirxan V\u00ea car\u00ea me ji kaniya ziman \u00fb edebiyat \u00fb bi gi\u015ft\u00ee kult\u00fbra Kurd\u00ee kovar\u00ean\u00a0Hawar\u00a0\u00fb\u00a0Ronah\u00ee\u00a0ku bi serpere\u015ftiya Celadet Al\u00ee Bedi...","breadcrumb":{"@id":"https:\/\/shanabooks.de\/product\/siretbej-celadet-ali-bedirxan\/#breadcrumb"},"inLanguage":"kur","potentialAction":[{"@type":"ReadAction","target":["https:\/\/shanabooks.de\/product\/siretbej-celadet-ali-bedirxan\/"]}]},{"@type":"ImageObject","inLanguage":"kur","@id":"https:\/\/shanabooks.de\/product\/siretbej-celadet-ali-bedirxan\/#primaryimage","url":"https:\/\/shanabooks.de\/wp-content\/uploads\/2024\/01\/Siretbej.jpg","contentUrl":"https:\/\/shanabooks.de\/wp-content\/uploads\/2024\/01\/Siretbej.jpg","width":598,"height":900,"caption":"\u015e\u00eeretb\u00eaj - Celadet Al\u00ee Bedirxan - pirt\u00fbk\u00ean kurd\u00ee"},{"@type":"BreadcrumbList","@id":"https:\/\/shanabooks.de\/product\/siretbej-celadet-ali-bedirxan\/#breadcrumb","itemListElement":[{"@type":"ListItem","position":1,"name":"\u0627\u0644\u0631\u0626\u064a\u0633\u064a\u0629","item":"https:\/\/shanabooks.de\/kur\/"},{"@type":"ListItem","position":2,"name":"\u0627\u0644\u0645\u0646\u062a\u062c\u0627\u062a","item":"https:\/\/shanabooks.de\/shop\/"},{"@type":"ListItem","position":3,"name":"\u015e\u00eeretb\u00eaj"}]},{"@type":"WebSite","@id":"https:\/\/shanabooks.de\/#website","url":"https:\/\/shanabooks.de\/","name":"www.shanbooks.de","description":"C\u00eehana Pirt\u00fbk\u00ean Kurd\u00ee \u0645\u0643\u062a\u0628\u0629 \u0634\u0627\u0646\u0627 \u0641\u064a \u0627\u0644\u0645\u0627\u0646\u064a\u0627 \u0648\u0623\u0648\u0631\u0628\u0627","publisher":{"@id":"https:\/\/shanabooks.de\/#organization"},"potentialAction":[{"@type":"SearchAction","target":{"@type":"EntryPoint","urlTemplate":"https:\/\/shanabooks.de\/?s={search_term_string}"},"query-input":{"@type":"PropertyValueSpecification","valueRequired":true,"valueName":"search_term_string"}}],"inLanguage":"kur"},{"@type":"Organization","@id":"https:\/\/shanabooks.de\/#organization","name":"www.shanbooks.de","url":"https:\/\/shanabooks.de\/","logo":{"@type":"ImageObject","inLanguage":"kur","@id":"https:\/\/shanabooks.de\/#\/schema\/logo\/image\/","url":"https:\/\/shanabooks.de\/wp-content\/uploads\/2024\/03\/SHANABOOKS__2_-removebg-preview.png","contentUrl":"https:\/\/shanabooks.de\/wp-content\/uploads\/2024\/03\/SHANABOOKS__2_-removebg-preview.png","width":700,"height":150,"caption":"www.shanbooks.de"},"image":{"@id":"https:\/\/shanabooks.de\/#\/schema\/logo\/image\/"}}]}},"jetpack_sharing_enabled":true,"_links":{"self":[{"href":"https:\/\/shanabooks.de\/kur\/wp-json\/wp\/v2\/product\/13410","targetHints":{"allow":["GET"]}}],"collection":[{"href":"https:\/\/shanabooks.de\/kur\/wp-json\/wp\/v2\/product"}],"about":[{"href":"https:\/\/shanabooks.de\/kur\/wp-json\/wp\/v2\/types\/product"}],"version-history":[{"count":3,"href":"https:\/\/shanabooks.de\/kur\/wp-json\/wp\/v2\/product\/13410\/revisions"}],"predecessor-version":[{"id":17335,"href":"https:\/\/shanabooks.de\/kur\/wp-json\/wp\/v2\/product\/13410\/revisions\/17335"}],"wp:featuredmedia":[{"embeddable":true,"href":"https:\/\/shanabooks.de\/kur\/wp-json\/wp\/v2\/media\/6289"}],"wp:attachment":[{"href":"https:\/\/shanabooks.de\/kur\/wp-json\/wp\/v2\/media?parent=13410"}],"wp:term":[{"taxonomy":"product_brand","embeddable":true,"href":"https:\/\/shanabooks.de\/kur\/wp-json\/wp\/v2\/product_brand?post=13410"},{"taxonomy":"product_cat","embeddable":true,"href":"https:\/\/shanabooks.de\/kur\/wp-json\/wp\/v2\/product_cat?post=13410"},{"taxonomy":"product_tag","embeddable":true,"href":"https:\/\/shanabooks.de\/kur\/wp-json\/wp\/v2\/product_tag?post=13410"}],"curies":[{"name":"wp","href":"https:\/\/api.w.org\/{rel}","templated":true}]}}