{"id":13479,"date":"2024-03-03T19:51:41","date_gmt":"2024-03-03T19:51:41","guid":{"rendered":"https:\/\/shanabooks.de\/?post_type=product&#038;p=13479"},"modified":"2026-02-07T09:53:03","modified_gmt":"2026-02-07T09:53:03","slug":"u-ronahi-di-tariye-de-dibiriqe-tolstoy","status":"publish","type":"product","link":"https:\/\/shanabooks.de\/kur\/product\/u-ronahi-di-tariye-de-dibiriqe-tolstoy\/","title":{"rendered":"\u00db Ronah\u00ee di tariy\u00ea de dibiriqe"},"content":{"rendered":"<p style=\"text-align: left\"><strong>\u00db Ronah\u00ee di tariy\u00ea de dibiriqe &#8211; Tolstoy<\/strong><\/p>\n<p style=\"text-align: left\">Ev berhema Leo Tolstoy ya bi nav\u00ea \u00db Ronah\u00ee di tariy\u00ea de dibiriqe drameke p\u00eanc perdey\u00ee ye ku Tolstoy, ji ber jiyana xwe girtiye. Leheng\u00ea l\u00eestik\u00ea N\u00eekolay \u00cevanov\u00ee\u00e7, es\u00eelzadeyek\u00ee R\u00fbs \u00ea biwijdan e, ew j\u00ee m\u00eena Tolstoy dixwaze qesra xwe \u00fb erd\u00ean xwe \u00fb m\u00eerat\u00ean xwe y\u00ean din, li gundiyan belav bike.<br \/>\nEw, \u015eorinda (Wa\u2018za) \u00c7iy\u00ea ya \u00cesa, m\u00eena cewher\u00ea xiristiyaniy\u00ea dib\u00eene \u00fb li gor v\u00ea, dixwaze dev ji \u015f\u00eawey\u00ea jiyana ar\u00eestokrat\u00ee berde. S\u00eestema lidarket\u00ee, dewlet\u00ea, mulkiyet\u00ea \u00fb le\u015fkeriy\u00ea red dike. N\u00eekolay \u00cevanov\u00ee\u00e7 li hember\u00ee her away\u00ea \u015fidet\u00ea ye.<br \/>\nJi ber ku, d\u00een dejenere dikin \u00fb \u015fiddet\u00ea pesend dikin, d\u00ear\u00ea \u00fb ruhban\u00ean ku di xizmeta d\u00ear\u00ea de ne, ji bin\u00ee ve, red dike. L\u00eestikli ser N\u00eekolay\u00ea ku xizaniyeke bi r\u00fbmet \u00e7\u00eatir dib\u00eene, di navbera \u00eedeal\u00ean xwe \u00fb jiyana xwe ya rojane de, di\u00e7e \u00fb t\u00ea, ava b\u00fbye.<br \/>\nBerhem, fikr\u00ean Tolstoy \u00ean ku bi nav\u00ea \u201cAnar\u015f\u00eezma Xiristiyaniy\u00ea\u2019\u2019 t\u00ea naskirin, p\u00ea\u015fk\u00ea\u015f dike.<br \/>\nBerhema\u00a0Stefan Zweig \u201cXwesipartina Xwed\u00ea\u201d ku berhem\u00ea temam dike, li kit\u00eab\u00ea hatiye z\u00eadekirin.<\/p>\n","protected":false},"excerpt":{"rendered":"<p style=\"text-align: center\"><strong>pirt\u00fbk: \u00db Ronah\u00ee di tariy\u00ea de dibiriqe<br \/>\nNiv\u00eeskar: Tolstoy<br \/>\nCure: Roman<\/strong><\/p>\n","protected":false},"featured_media":6404,"template":"","meta":{"site-sidebar-layout":"default","site-content-layout":"","ast-site-content-layout":"default","site-content-style":"default","site-sidebar-style":"default","ast-global-header-display":"","ast-banner-title-visibility":"","ast-main-header-display":"","ast-hfb-above-header-display":"","ast-hfb-below-header-display":"","ast-hfb-mobile-header-display":"","site-post-title":"","ast-breadcrumbs-content":"","ast-featured-img":"","footer-sml-layout":"","ast-disable-related-posts":"","theme-transparent-header-meta":"default","adv-header-id-meta":"","stick-header-meta":"","header-above-stick-meta":"","header-main-stick-meta":"","header-below-stick-meta":"","astra-migrate-meta-layouts":"set","ast-page-background-enabled":"default","ast-page-background-meta":{"desktop":{"background-color":"","background-image":"","background-repeat":"repeat","background-position":"center center","background-size":"auto","background-attachment":"scroll","background-type":"","background-media":"","overlay-type":"","overlay-color":"","overlay-opacity":"","overlay-gradient":""},"tablet":{"background-color":"","background-image":"","background-repeat":"repeat","background-position":"center center","background-size":"auto","background-attachment":"scroll","background-type":"","background-media":"","overlay-type":"","overlay-color":"","overlay-opacity":"","overlay-gradient":""},"mobile":{"background-color":"","background-image":"","background-repeat":"repeat","background-position":"center center","background-size":"auto","background-attachment":"scroll","background-type":"","background-media":"","overlay-type":"","overlay-color":"","overlay-opacity":"","overlay-gradient":""}},"ast-content-background-meta":{"desktop":{"background-color":"var(--ast-global-color-5)","background-image":"","background-repeat":"repeat","background-position":"center center","background-size":"auto","background-attachment":"scroll","background-type":"","background-media":"","overlay-type":"","overlay-color":"","overlay-opacity":"","overlay-gradient":""},"tablet":{"background-color":"var(--ast-global-color-5)","background-image":"","background-repeat":"repeat","background-position":"center center","background-size":"auto","background-attachment":"scroll","background-type":"","background-media":"","overlay-type":"","overlay-color":"","overlay-opacity":"","overlay-gradient":""},"mobile":{"background-color":"var(--ast-global-color-5)","background-image":"","background-repeat":"repeat","background-position":"center center","background-size":"auto","background-attachment":"scroll","background-type":"","background-media":"","overlay-type":"","overlay-color":"","overlay-opacity":"","overlay-gradient":""}}},"product_brand":[],"product_cat":[185,193],"product_tag":[],"class_list":{"0":"post-13479","1":"product","2":"type-product","3":"status-publish","4":"has-post-thumbnail","6":"product_cat--_","8":"pa_-roman","9":"pa_-wejeye-cihani","10":"pa_-lev-tolstoy","11":"pa_-kurmanci","12":"pa_--avesta-yayinlari","13":"desktop-align-left","14":"tablet-align-left","15":"mobile-align-left","17":"first","18":"outofstock","19":"shipping-taxable","20":"purchasable","21":"product-type-simple"},"yoast_head":"<!-- This site is optimized with the Yoast SEO plugin v27.5 - https:\/\/yoast.com\/product\/yoast-seo-wordpress\/ -->\n<title>\u00db Ronah\u00ee di tariy\u00ea de dibiriqe - Tolstoy - www.shanabooks.de<\/title>\n<meta name=\"description\" content=\"\u00db Ronah\u00ee di tariy\u00ea de dibiriqe - Tolstoy Ev berhema Leo Tolstoy drameke p\u00eanc perdey\u00ee ye ku Tolstoy, ji ber jiyana xwe girtiye. Leheng\u00ea l\u00eestik\u00ea N\u00eekolay \u00ce...\" \/>\n<meta name=\"robots\" content=\"index, follow, max-snippet:-1, max-image-preview:large, max-video-preview:-1\" \/>\n<link rel=\"canonical\" href=\"https:\/\/shanabooks.de\/product\/u-ronahi-di-tariye-de-dibiriqe-tolstoy\/\" \/>\n<meta property=\"og:locale\" content=\"en_US\" \/>\n<meta property=\"og:type\" content=\"article\" \/>\n<meta property=\"og:title\" content=\"\u00db Ronah\u00ee di tariy\u00ea de dibiriqe - Tolstoy - www.shanabooks.de\" \/>\n<meta property=\"og:description\" content=\"\u00db Ronah\u00ee di tariy\u00ea de dibiriqe - Tolstoy Ev berhema Leo Tolstoy drameke p\u00eanc perdey\u00ee ye ku Tolstoy, ji ber jiyana xwe girtiye. Leheng\u00ea l\u00eestik\u00ea N\u00eekolay \u00ce...\" \/>\n<meta property=\"og:url\" content=\"https:\/\/shanabooks.de\/product\/u-ronahi-di-tariye-de-dibiriqe-tolstoy\/\" \/>\n<meta property=\"og:site_name\" content=\"www.shanabooks.de\" \/>\n<meta property=\"article:modified_time\" content=\"2026-02-07T09:53:03+00:00\" \/>\n<meta property=\"og:image\" content=\"https:\/\/shanabooks.de\/wp-content\/uploads\/2024\/01\/U-Ronahi-di-tariye-de-dibiriqe-e1706964542520.jpg\" \/>\n\t<meta property=\"og:image:width\" content=\"250\" \/>\n\t<meta property=\"og:image:height\" content=\"379\" \/>\n\t<meta property=\"og:image:type\" content=\"image\/jpeg\" \/>\n<meta name=\"twitter:card\" content=\"summary_large_image\" \/>\n<meta name=\"twitter:label1\" content=\"Est. reading time\" \/>\n\t<meta name=\"twitter:data1\" content=\"2 minutes\" \/>\n<script type=\"application\/ld+json\" class=\"yoast-schema-graph\">{\"@context\":\"https:\\\/\\\/schema.org\",\"@graph\":[{\"@type\":\"WebPage\",\"@id\":\"https:\\\/\\\/shanabooks.de\\\/product\\\/u-ronahi-di-tariye-de-dibiriqe-tolstoy\\\/\",\"url\":\"https:\\\/\\\/shanabooks.de\\\/product\\\/u-ronahi-di-tariye-de-dibiriqe-tolstoy\\\/\",\"name\":\"\u00db Ronah\u00ee di tariy\u00ea de dibiriqe - Tolstoy - www.shanabooks.de\",\"isPartOf\":{\"@id\":\"https:\\\/\\\/shanabooks.de\\\/#website\"},\"primaryImageOfPage\":{\"@id\":\"https:\\\/\\\/shanabooks.de\\\/product\\\/u-ronahi-di-tariye-de-dibiriqe-tolstoy\\\/#primaryimage\"},\"image\":{\"@id\":\"https:\\\/\\\/shanabooks.de\\\/product\\\/u-ronahi-di-tariye-de-dibiriqe-tolstoy\\\/#primaryimage\"},\"thumbnailUrl\":\"https:\\\/\\\/shanabooks.de\\\/wp-content\\\/uploads\\\/2024\\\/01\\\/U-Ronahi-di-tariye-de-dibiriqe-e1706964542520.jpg\",\"datePublished\":\"2024-03-03T19:51:41+00:00\",\"dateModified\":\"2026-02-07T09:53:03+00:00\",\"description\":\"\u00db Ronah\u00ee di tariy\u00ea de dibiriqe - Tolstoy Ev berhema Leo Tolstoy drameke p\u00eanc perdey\u00ee ye ku Tolstoy, ji ber jiyana xwe girtiye. Leheng\u00ea l\u00eestik\u00ea N\u00eekolay \u00ce...\",\"breadcrumb\":{\"@id\":\"https:\\\/\\\/shanabooks.de\\\/product\\\/u-ronahi-di-tariye-de-dibiriqe-tolstoy\\\/#breadcrumb\"},\"inLanguage\":\"kur\",\"potentialAction\":[{\"@type\":\"ReadAction\",\"target\":[\"https:\\\/\\\/shanabooks.de\\\/product\\\/u-ronahi-di-tariye-de-dibiriqe-tolstoy\\\/\"]}]},{\"@type\":\"ImageObject\",\"inLanguage\":\"kur\",\"@id\":\"https:\\\/\\\/shanabooks.de\\\/product\\\/u-ronahi-di-tariye-de-dibiriqe-tolstoy\\\/#primaryimage\",\"url\":\"https:\\\/\\\/shanabooks.de\\\/wp-content\\\/uploads\\\/2024\\\/01\\\/U-Ronahi-di-tariye-de-dibiriqe-e1706964542520.jpg\",\"contentUrl\":\"https:\\\/\\\/shanabooks.de\\\/wp-content\\\/uploads\\\/2024\\\/01\\\/U-Ronahi-di-tariye-de-dibiriqe-e1706964542520.jpg\",\"width\":250,\"height\":379,\"caption\":\"\u00db Ronah\u00ee di tariy\u00ea de dibiriqe - Tolstoy - pirt\u00fbk\u00ean kurd\u00ee\"},{\"@type\":\"BreadcrumbList\",\"@id\":\"https:\\\/\\\/shanabooks.de\\\/product\\\/u-ronahi-di-tariye-de-dibiriqe-tolstoy\\\/#breadcrumb\",\"itemListElement\":[{\"@type\":\"ListItem\",\"position\":1,\"name\":\"\u0627\u0644\u0631\u0626\u064a\u0633\u064a\u0629\",\"item\":\"https:\\\/\\\/shanabooks.de\\\/kur\\\/\"},{\"@type\":\"ListItem\",\"position\":2,\"name\":\"\u0627\u0644\u0645\u0646\u062a\u062c\u0627\u062a\",\"item\":\"https:\\\/\\\/shanabooks.de\\\/shop\\\/\"},{\"@type\":\"ListItem\",\"position\":3,\"name\":\"\u00db Ronah\u00ee di tariy\u00ea de dibiriqe\"}]},{\"@type\":\"WebSite\",\"@id\":\"https:\\\/\\\/shanabooks.de\\\/#website\",\"url\":\"https:\\\/\\\/shanabooks.de\\\/\",\"name\":\"www.shanbooks.de\",\"description\":\"C\u00eehana Pirt\u00fbk\u00ean Kurd\u00ee \u0645\u0643\u062a\u0628\u0629 \u0634\u0627\u0646\u0627 \u0641\u064a \u0627\u0644\u0645\u0627\u0646\u064a\u0627 \u0648\u0623\u0648\u0631\u0628\u0627\",\"publisher\":{\"@id\":\"https:\\\/\\\/shanabooks.de\\\/#organization\"},\"potentialAction\":[{\"@type\":\"SearchAction\",\"target\":{\"@type\":\"EntryPoint\",\"urlTemplate\":\"https:\\\/\\\/shanabooks.de\\\/?s={search_term_string}\"},\"query-input\":{\"@type\":\"PropertyValueSpecification\",\"valueRequired\":true,\"valueName\":\"search_term_string\"}}],\"inLanguage\":\"kur\"},{\"@type\":\"Organization\",\"@id\":\"https:\\\/\\\/shanabooks.de\\\/#organization\",\"name\":\"www.shanbooks.de\",\"url\":\"https:\\\/\\\/shanabooks.de\\\/\",\"logo\":{\"@type\":\"ImageObject\",\"inLanguage\":\"kur\",\"@id\":\"https:\\\/\\\/shanabooks.de\\\/#\\\/schema\\\/logo\\\/image\\\/\",\"url\":\"https:\\\/\\\/shanabooks.de\\\/wp-content\\\/uploads\\\/2024\\\/03\\\/SHANABOOKS__2_-removebg-preview.png\",\"contentUrl\":\"https:\\\/\\\/shanabooks.de\\\/wp-content\\\/uploads\\\/2024\\\/03\\\/SHANABOOKS__2_-removebg-preview.png\",\"width\":700,\"height\":150,\"caption\":\"www.shanbooks.de\"},\"image\":{\"@id\":\"https:\\\/\\\/shanabooks.de\\\/#\\\/schema\\\/logo\\\/image\\\/\"}}]}<\/script>\n<!-- \/ Yoast SEO plugin. -->","yoast_head_json":{"title":"\u00db Ronah\u00ee di tariy\u00ea de dibiriqe - Tolstoy - www.shanabooks.de","description":"\u00db Ronah\u00ee di tariy\u00ea de dibiriqe - Tolstoy Ev berhema Leo Tolstoy drameke p\u00eanc perdey\u00ee ye ku Tolstoy, ji ber jiyana xwe girtiye. Leheng\u00ea l\u00eestik\u00ea N\u00eekolay \u00ce...","robots":{"index":"index","follow":"follow","max-snippet":"max-snippet:-1","max-image-preview":"max-image-preview:large","max-video-preview":"max-video-preview:-1"},"canonical":"https:\/\/shanabooks.de\/product\/u-ronahi-di-tariye-de-dibiriqe-tolstoy\/","og_locale":"en_US","og_type":"article","og_title":"\u00db Ronah\u00ee di tariy\u00ea de dibiriqe - Tolstoy - www.shanabooks.de","og_description":"\u00db Ronah\u00ee di tariy\u00ea de dibiriqe - Tolstoy Ev berhema Leo Tolstoy drameke p\u00eanc perdey\u00ee ye ku Tolstoy, ji ber jiyana xwe girtiye. Leheng\u00ea l\u00eestik\u00ea N\u00eekolay \u00ce...","og_url":"https:\/\/shanabooks.de\/product\/u-ronahi-di-tariye-de-dibiriqe-tolstoy\/","og_site_name":"www.shanabooks.de","article_modified_time":"2026-02-07T09:53:03+00:00","og_image":[{"width":250,"height":379,"url":"https:\/\/shanabooks.de\/wp-content\/uploads\/2024\/01\/U-Ronahi-di-tariye-de-dibiriqe-e1706964542520.jpg","type":"image\/jpeg"}],"twitter_card":"summary_large_image","twitter_misc":{"Est. reading time":"2 minutes"},"schema":{"@context":"https:\/\/schema.org","@graph":[{"@type":"WebPage","@id":"https:\/\/shanabooks.de\/product\/u-ronahi-di-tariye-de-dibiriqe-tolstoy\/","url":"https:\/\/shanabooks.de\/product\/u-ronahi-di-tariye-de-dibiriqe-tolstoy\/","name":"\u00db Ronah\u00ee di tariy\u00ea de dibiriqe - Tolstoy - www.shanabooks.de","isPartOf":{"@id":"https:\/\/shanabooks.de\/#website"},"primaryImageOfPage":{"@id":"https:\/\/shanabooks.de\/product\/u-ronahi-di-tariye-de-dibiriqe-tolstoy\/#primaryimage"},"image":{"@id":"https:\/\/shanabooks.de\/product\/u-ronahi-di-tariye-de-dibiriqe-tolstoy\/#primaryimage"},"thumbnailUrl":"https:\/\/shanabooks.de\/wp-content\/uploads\/2024\/01\/U-Ronahi-di-tariye-de-dibiriqe-e1706964542520.jpg","datePublished":"2024-03-03T19:51:41+00:00","dateModified":"2026-02-07T09:53:03+00:00","description":"\u00db Ronah\u00ee di tariy\u00ea de dibiriqe - Tolstoy Ev berhema Leo Tolstoy drameke p\u00eanc perdey\u00ee ye ku Tolstoy, ji ber jiyana xwe girtiye. Leheng\u00ea l\u00eestik\u00ea N\u00eekolay \u00ce...","breadcrumb":{"@id":"https:\/\/shanabooks.de\/product\/u-ronahi-di-tariye-de-dibiriqe-tolstoy\/#breadcrumb"},"inLanguage":"kur","potentialAction":[{"@type":"ReadAction","target":["https:\/\/shanabooks.de\/product\/u-ronahi-di-tariye-de-dibiriqe-tolstoy\/"]}]},{"@type":"ImageObject","inLanguage":"kur","@id":"https:\/\/shanabooks.de\/product\/u-ronahi-di-tariye-de-dibiriqe-tolstoy\/#primaryimage","url":"https:\/\/shanabooks.de\/wp-content\/uploads\/2024\/01\/U-Ronahi-di-tariye-de-dibiriqe-e1706964542520.jpg","contentUrl":"https:\/\/shanabooks.de\/wp-content\/uploads\/2024\/01\/U-Ronahi-di-tariye-de-dibiriqe-e1706964542520.jpg","width":250,"height":379,"caption":"\u00db Ronah\u00ee di tariy\u00ea de dibiriqe - Tolstoy - pirt\u00fbk\u00ean kurd\u00ee"},{"@type":"BreadcrumbList","@id":"https:\/\/shanabooks.de\/product\/u-ronahi-di-tariye-de-dibiriqe-tolstoy\/#breadcrumb","itemListElement":[{"@type":"ListItem","position":1,"name":"\u0627\u0644\u0631\u0626\u064a\u0633\u064a\u0629","item":"https:\/\/shanabooks.de\/kur\/"},{"@type":"ListItem","position":2,"name":"\u0627\u0644\u0645\u0646\u062a\u062c\u0627\u062a","item":"https:\/\/shanabooks.de\/shop\/"},{"@type":"ListItem","position":3,"name":"\u00db Ronah\u00ee di tariy\u00ea de dibiriqe"}]},{"@type":"WebSite","@id":"https:\/\/shanabooks.de\/#website","url":"https:\/\/shanabooks.de\/","name":"www.shanbooks.de","description":"C\u00eehana Pirt\u00fbk\u00ean Kurd\u00ee \u0645\u0643\u062a\u0628\u0629 \u0634\u0627\u0646\u0627 \u0641\u064a \u0627\u0644\u0645\u0627\u0646\u064a\u0627 \u0648\u0623\u0648\u0631\u0628\u0627","publisher":{"@id":"https:\/\/shanabooks.de\/#organization"},"potentialAction":[{"@type":"SearchAction","target":{"@type":"EntryPoint","urlTemplate":"https:\/\/shanabooks.de\/?s={search_term_string}"},"query-input":{"@type":"PropertyValueSpecification","valueRequired":true,"valueName":"search_term_string"}}],"inLanguage":"kur"},{"@type":"Organization","@id":"https:\/\/shanabooks.de\/#organization","name":"www.shanbooks.de","url":"https:\/\/shanabooks.de\/","logo":{"@type":"ImageObject","inLanguage":"kur","@id":"https:\/\/shanabooks.de\/#\/schema\/logo\/image\/","url":"https:\/\/shanabooks.de\/wp-content\/uploads\/2024\/03\/SHANABOOKS__2_-removebg-preview.png","contentUrl":"https:\/\/shanabooks.de\/wp-content\/uploads\/2024\/03\/SHANABOOKS__2_-removebg-preview.png","width":700,"height":150,"caption":"www.shanbooks.de"},"image":{"@id":"https:\/\/shanabooks.de\/#\/schema\/logo\/image\/"}}]}},"jetpack_sharing_enabled":true,"_links":{"self":[{"href":"https:\/\/shanabooks.de\/kur\/wp-json\/wp\/v2\/product\/13479","targetHints":{"allow":["GET"]}}],"collection":[{"href":"https:\/\/shanabooks.de\/kur\/wp-json\/wp\/v2\/product"}],"about":[{"href":"https:\/\/shanabooks.de\/kur\/wp-json\/wp\/v2\/types\/product"}],"version-history":[{"count":3,"href":"https:\/\/shanabooks.de\/kur\/wp-json\/wp\/v2\/product\/13479\/revisions"}],"predecessor-version":[{"id":17342,"href":"https:\/\/shanabooks.de\/kur\/wp-json\/wp\/v2\/product\/13479\/revisions\/17342"}],"wp:featuredmedia":[{"embeddable":true,"href":"https:\/\/shanabooks.de\/kur\/wp-json\/wp\/v2\/media\/6404"}],"wp:attachment":[{"href":"https:\/\/shanabooks.de\/kur\/wp-json\/wp\/v2\/media?parent=13479"}],"wp:term":[{"taxonomy":"product_brand","embeddable":true,"href":"https:\/\/shanabooks.de\/kur\/wp-json\/wp\/v2\/product_brand?post=13479"},{"taxonomy":"product_cat","embeddable":true,"href":"https:\/\/shanabooks.de\/kur\/wp-json\/wp\/v2\/product_cat?post=13479"},{"taxonomy":"product_tag","embeddable":true,"href":"https:\/\/shanabooks.de\/kur\/wp-json\/wp\/v2\/product_tag?post=13479"}],"curies":[{"name":"wp","href":"https:\/\/api.w.org\/{rel}","templated":true}]}}