{"id":13605,"date":"2024-03-03T19:51:52","date_gmt":"2024-03-03T19:51:52","guid":{"rendered":"https:\/\/shanabooks.de\/?post_type=product&#038;p=13605"},"modified":"2026-01-02T21:05:54","modified_gmt":"2026-01-02T21:05:54","slug":"nergiza-li-deftere-biskivi-yehya-omeri","status":"publish","type":"product","link":"https:\/\/shanabooks.de\/kur\/product\/nergiza-li-deftere-biskivi-yehya-omeri\/","title":{"rendered":"N\u00eargiza li defter\u00ea bi\u015fkiv\u00ee"},"content":{"rendered":"<p style=\"text-align: left;\"><span style=\"font-family: Verdana;\"><strong>N\u00eargiza li defter\u00ea bi\u015fkiv\u00ee &#8211; Yehya Omer\u00ee<\/strong><\/span><\/p>\n<p style=\"text-align: left;\">pi\u00e7\u00fbk\u00ea bira me ez, gula civata, hebim \u00e7i ye nebim \u00e7i<br \/>\n<span style=\"font-family: Verdana;\">di\u00e7im w\u00ea xewna d\u00fbr a \u00e7\u00eeroka te l\u00ea ji b\u00eer b\u00fbye<br \/>\n<\/span><span style=\"font-family: Verdana;\">bar\u00ea min pi\u015ftek b\u00eeran\u00een<br \/>\n<\/span><span style=\"font-family: Verdana;\">dime\u015fim li jor min deng\u00ea betonan<br \/>\n<\/span><span style=\"font-family: Verdana;\">dikan \u00fb mixazey\u00ean ku tengasiy\u00ea belav dikin<br \/>\n<\/span><span style=\"font-family: Verdana;\">li teni\u015fta min siya hesin\u00ee ya aciziya \u015f\u00fbm<br \/>\n<\/span><span style=\"font-family: Verdana;\">p\u00eajna erdhejan t\u00ea ji gav\u00ean min<br \/>\n<\/span><span style=\"font-family: Verdana;\">ez gih\u00ee\u015ftim qonaxa dawiy\u00ea l\u00ea neb\u00fb<br \/>\n<\/span><span style=\"font-family: Verdana;\">heb\u00fbn nehejiya \u00fb nehedim\u00ee mirin<br \/>\n<\/span><span style=\"font-family: Verdana;\">li k\u00fb deynim v\u00ee bar\u00ee<br \/>\n<\/span><span style=\"font-family: Verdana;\">bav\u00eajim k\u00fb van gunehan<br \/>\n<\/span><span style=\"font-family: Verdana;\">aciziya min hesin<br \/>\n<\/span><span style=\"font-family: Verdana;\">\u00fb ev hesin\u00ean ji may\u00eena dir\u00eaj bi gazin in<br \/>\n<\/span><span style=\"font-family: Verdana;\">ditengijin, y\u00ea min j\u00ee<br \/>\n<\/span><span style=\"font-family: Verdana;\">bi dem\u00ea re zingar digirin dest\u00ean min<br \/>\n<\/span><span style=\"font-family: Verdana;\">zanim \u00ead\u00ee bi k\u00ear\u00ee gul\u00ea nay\u00ean dest\u00ean min<\/span><\/p>\n<p style=\"text-align: left;\">\u00a0Pirt\u00fbka helbestan ya bi nav\u00ea N\u00eargiza li defter\u00ea bi\u015fkiv\u00ee ya helbestvan Yehya Omer\u00ee ji we\u015fan\u00ean Avesta derketiye.<\/p>\n","protected":false},"excerpt":{"rendered":"<p style=\"text-align: center;\"><strong>Niv\u00eeser: Yehya Omer\u00ee<\/strong><br \/>\n<strong>Pirt\u00fbk: N\u00eargiza li defter\u00ea bi\u015fkiv\u00ee<\/strong><br \/>\n<strong>Cure: Helbest<\/strong><\/p>\n","protected":false},"featured_media":6615,"template":"","meta":{"site-sidebar-layout":"default","site-content-layout":"","ast-site-content-layout":"default","site-content-style":"default","site-sidebar-style":"default","ast-global-header-display":"","ast-banner-title-visibility":"","ast-main-header-display":"","ast-hfb-above-header-display":"","ast-hfb-below-header-display":"","ast-hfb-mobile-header-display":"","site-post-title":"","ast-breadcrumbs-content":"","ast-featured-img":"","footer-sml-layout":"","ast-disable-related-posts":"","theme-transparent-header-meta":"default","adv-header-id-meta":"","stick-header-meta":"","header-above-stick-meta":"","header-main-stick-meta":"","header-below-stick-meta":"","astra-migrate-meta-layouts":"set","ast-page-background-enabled":"default","ast-page-background-meta":{"desktop":{"background-color":"","background-image":"","background-repeat":"repeat","background-position":"center center","background-size":"auto","background-attachment":"scroll","background-type":"","background-media":"","overlay-type":"","overlay-color":"","overlay-opacity":"","overlay-gradient":""},"tablet":{"background-color":"","background-image":"","background-repeat":"repeat","background-position":"center center","background-size":"auto","background-attachment":"scroll","background-type":"","background-media":"","overlay-type":"","overlay-color":"","overlay-opacity":"","overlay-gradient":""},"mobile":{"background-color":"","background-image":"","background-repeat":"repeat","background-position":"center center","background-size":"auto","background-attachment":"scroll","background-type":"","background-media":"","overlay-type":"","overlay-color":"","overlay-opacity":"","overlay-gradient":""}},"ast-content-background-meta":{"desktop":{"background-color":"var(--ast-global-color-5)","background-image":"","background-repeat":"repeat","background-position":"center center","background-size":"auto","background-attachment":"scroll","background-type":"","background-media":"","overlay-type":"","overlay-color":"","overlay-opacity":"","overlay-gradient":""},"tablet":{"background-color":"var(--ast-global-color-5)","background-image":"","background-repeat":"repeat","background-position":"center center","background-size":"auto","background-attachment":"scroll","background-type":"","background-media":"","overlay-type":"","overlay-color":"","overlay-opacity":"","overlay-gradient":""},"mobile":{"background-color":"var(--ast-global-color-5)","background-image":"","background-repeat":"repeat","background-position":"center center","background-size":"auto","background-attachment":"scroll","background-type":"","background-media":"","overlay-type":"","overlay-color":"","overlay-opacity":"","overlay-gradient":""}}},"product_brand":[],"product_cat":[184,193],"product_tag":[],"class_list":{"0":"post-13605","1":"product","2":"type-product","3":"status-publish","4":"has-post-thumbnail","6":"product_cat-_","7":"product_cat--_","8":"pa_-helbest","9":"pa_-yehya-omeri","10":"pa_-kurmanci","11":"pa_--avesta-yayinlari","12":"desktop-align-left","13":"tablet-align-left","14":"mobile-align-left","16":"first","17":"instock","18":"shipping-taxable","19":"purchasable","20":"product-type-simple"},"yoast_head":"<!-- This site is optimized with the Yoast SEO plugin v27.4 - https:\/\/yoast.com\/product\/yoast-seo-wordpress\/ -->\n<title>N\u00eargiza li defter\u00ea bi\u015fkiv\u00ee - Yehya Omer\u00ee - www.shanabooks.de<\/title>\n<meta name=\"description\" content=\"N\u00eargiza li defter\u00ea bi\u015fkiv\u00ee - Yehya Omer\u00ee pi\u00e7\u00fbk\u00ea bira me ez, gula civata, hebim \u00e7i ye nebim \u00e7idi\u00e7im w\u00ea xewna d\u00fbr a \u00e7\u00eeroka te l\u00ea ji b\u00eer b\u00fbyebar\u00ea min ...\" \/>\n<meta name=\"robots\" content=\"index, follow, max-snippet:-1, max-image-preview:large, max-video-preview:-1\" \/>\n<link rel=\"canonical\" href=\"https:\/\/shanabooks.de\/product\/nergiza-li-deftere-biskivi-yehya-omeri\/\" \/>\n<meta property=\"og:locale\" content=\"en_US\" \/>\n<meta property=\"og:type\" content=\"article\" \/>\n<meta property=\"og:title\" content=\"N\u00eargiza li defter\u00ea bi\u015fkiv\u00ee - Yehya Omer\u00ee - www.shanabooks.de\" \/>\n<meta property=\"og:description\" content=\"N\u00eargiza li defter\u00ea bi\u015fkiv\u00ee - Yehya Omer\u00ee pi\u00e7\u00fbk\u00ea bira me ez, gula civata, hebim \u00e7i ye nebim \u00e7idi\u00e7im w\u00ea xewna d\u00fbr a \u00e7\u00eeroka te l\u00ea ji b\u00eer b\u00fbyebar\u00ea min ...\" \/>\n<meta property=\"og:url\" content=\"https:\/\/shanabooks.de\/product\/nergiza-li-deftere-biskivi-yehya-omeri\/\" \/>\n<meta property=\"og:site_name\" content=\"www.shanabooks.de\" \/>\n<meta property=\"article:modified_time\" content=\"2026-01-02T21:05:54+00:00\" \/>\n<meta property=\"og:image\" content=\"https:\/\/shanabooks.de\/wp-content\/uploads\/2024\/01\/nergiza-li-deftere-biskivi-avesta.jpg\" \/>\n\t<meta property=\"og:image:width\" content=\"599\" \/>\n\t<meta property=\"og:image:height\" content=\"900\" \/>\n\t<meta property=\"og:image:type\" content=\"image\/jpeg\" \/>\n<meta name=\"twitter:card\" content=\"summary_large_image\" \/>\n<meta name=\"twitter:label1\" content=\"Est. reading time\" \/>\n\t<meta name=\"twitter:data1\" content=\"1 minute\" \/>\n<script type=\"application\/ld+json\" class=\"yoast-schema-graph\">{\"@context\":\"https:\\\/\\\/schema.org\",\"@graph\":[{\"@type\":\"WebPage\",\"@id\":\"https:\\\/\\\/shanabooks.de\\\/product\\\/nergiza-li-deftere-biskivi-yehya-omeri\\\/\",\"url\":\"https:\\\/\\\/shanabooks.de\\\/product\\\/nergiza-li-deftere-biskivi-yehya-omeri\\\/\",\"name\":\"N\u00eargiza li defter\u00ea bi\u015fkiv\u00ee - Yehya Omer\u00ee - www.shanabooks.de\",\"isPartOf\":{\"@id\":\"https:\\\/\\\/shanabooks.de\\\/#website\"},\"primaryImageOfPage\":{\"@id\":\"https:\\\/\\\/shanabooks.de\\\/product\\\/nergiza-li-deftere-biskivi-yehya-omeri\\\/#primaryimage\"},\"image\":{\"@id\":\"https:\\\/\\\/shanabooks.de\\\/product\\\/nergiza-li-deftere-biskivi-yehya-omeri\\\/#primaryimage\"},\"thumbnailUrl\":\"https:\\\/\\\/shanabooks.de\\\/wp-content\\\/uploads\\\/2024\\\/01\\\/nergiza-li-deftere-biskivi-avesta.jpg\",\"datePublished\":\"2024-03-03T19:51:52+00:00\",\"dateModified\":\"2026-01-02T21:05:54+00:00\",\"description\":\"N\u00eargiza li defter\u00ea bi\u015fkiv\u00ee - Yehya Omer\u00ee pi\u00e7\u00fbk\u00ea bira me ez, gula civata, hebim \u00e7i ye nebim \u00e7idi\u00e7im w\u00ea xewna d\u00fbr a \u00e7\u00eeroka te l\u00ea ji b\u00eer b\u00fbyebar\u00ea min ...\",\"breadcrumb\":{\"@id\":\"https:\\\/\\\/shanabooks.de\\\/product\\\/nergiza-li-deftere-biskivi-yehya-omeri\\\/#breadcrumb\"},\"inLanguage\":\"kur\",\"potentialAction\":[{\"@type\":\"ReadAction\",\"target\":[\"https:\\\/\\\/shanabooks.de\\\/product\\\/nergiza-li-deftere-biskivi-yehya-omeri\\\/\"]}]},{\"@type\":\"ImageObject\",\"inLanguage\":\"kur\",\"@id\":\"https:\\\/\\\/shanabooks.de\\\/product\\\/nergiza-li-deftere-biskivi-yehya-omeri\\\/#primaryimage\",\"url\":\"https:\\\/\\\/shanabooks.de\\\/wp-content\\\/uploads\\\/2024\\\/01\\\/nergiza-li-deftere-biskivi-avesta.jpg\",\"contentUrl\":\"https:\\\/\\\/shanabooks.de\\\/wp-content\\\/uploads\\\/2024\\\/01\\\/nergiza-li-deftere-biskivi-avesta.jpg\",\"width\":599,\"height\":900,\"caption\":\"N\u00eargiza li defter\u00ea bi\u015fkiv\u00ee - Yehya Omer\u00ee - pirt\u00fbk\u00ean kurd\u00ee - helbest\"},{\"@type\":\"BreadcrumbList\",\"@id\":\"https:\\\/\\\/shanabooks.de\\\/product\\\/nergiza-li-deftere-biskivi-yehya-omeri\\\/#breadcrumb\",\"itemListElement\":[{\"@type\":\"ListItem\",\"position\":1,\"name\":\"\u0627\u0644\u0631\u0626\u064a\u0633\u064a\u0629\",\"item\":\"https:\\\/\\\/shanabooks.de\\\/kur\\\/\"},{\"@type\":\"ListItem\",\"position\":2,\"name\":\"\u0627\u0644\u0645\u0646\u062a\u062c\u0627\u062a\",\"item\":\"https:\\\/\\\/shanabooks.de\\\/shop\\\/\"},{\"@type\":\"ListItem\",\"position\":3,\"name\":\"N\u00eargiza li defter\u00ea bi\u015fkiv\u00ee\"}]},{\"@type\":\"WebSite\",\"@id\":\"https:\\\/\\\/shanabooks.de\\\/#website\",\"url\":\"https:\\\/\\\/shanabooks.de\\\/\",\"name\":\"www.shanbooks.de\",\"description\":\"C\u00eehana Pirt\u00fbk\u00ean Kurd\u00ee \u0645\u0643\u062a\u0628\u0629 \u0634\u0627\u0646\u0627 \u0641\u064a \u0627\u0644\u0645\u0627\u0646\u064a\u0627 \u0648\u0623\u0648\u0631\u0628\u0627\",\"publisher\":{\"@id\":\"https:\\\/\\\/shanabooks.de\\\/#organization\"},\"potentialAction\":[{\"@type\":\"SearchAction\",\"target\":{\"@type\":\"EntryPoint\",\"urlTemplate\":\"https:\\\/\\\/shanabooks.de\\\/?s={search_term_string}\"},\"query-input\":{\"@type\":\"PropertyValueSpecification\",\"valueRequired\":true,\"valueName\":\"search_term_string\"}}],\"inLanguage\":\"kur\"},{\"@type\":\"Organization\",\"@id\":\"https:\\\/\\\/shanabooks.de\\\/#organization\",\"name\":\"www.shanbooks.de\",\"url\":\"https:\\\/\\\/shanabooks.de\\\/\",\"logo\":{\"@type\":\"ImageObject\",\"inLanguage\":\"kur\",\"@id\":\"https:\\\/\\\/shanabooks.de\\\/#\\\/schema\\\/logo\\\/image\\\/\",\"url\":\"https:\\\/\\\/shanabooks.de\\\/wp-content\\\/uploads\\\/2024\\\/03\\\/SHANABOOKS__2_-removebg-preview.png\",\"contentUrl\":\"https:\\\/\\\/shanabooks.de\\\/wp-content\\\/uploads\\\/2024\\\/03\\\/SHANABOOKS__2_-removebg-preview.png\",\"width\":700,\"height\":150,\"caption\":\"www.shanbooks.de\"},\"image\":{\"@id\":\"https:\\\/\\\/shanabooks.de\\\/#\\\/schema\\\/logo\\\/image\\\/\"}}]}<\/script>\n<!-- \/ Yoast SEO plugin. -->","yoast_head_json":{"title":"N\u00eargiza li defter\u00ea bi\u015fkiv\u00ee - Yehya Omer\u00ee - www.shanabooks.de","description":"N\u00eargiza li defter\u00ea bi\u015fkiv\u00ee - Yehya Omer\u00ee pi\u00e7\u00fbk\u00ea bira me ez, gula civata, hebim \u00e7i ye nebim \u00e7idi\u00e7im w\u00ea xewna d\u00fbr a \u00e7\u00eeroka te l\u00ea ji b\u00eer b\u00fbyebar\u00ea min ...","robots":{"index":"index","follow":"follow","max-snippet":"max-snippet:-1","max-image-preview":"max-image-preview:large","max-video-preview":"max-video-preview:-1"},"canonical":"https:\/\/shanabooks.de\/product\/nergiza-li-deftere-biskivi-yehya-omeri\/","og_locale":"en_US","og_type":"article","og_title":"N\u00eargiza li defter\u00ea bi\u015fkiv\u00ee - Yehya Omer\u00ee - www.shanabooks.de","og_description":"N\u00eargiza li defter\u00ea bi\u015fkiv\u00ee - Yehya Omer\u00ee pi\u00e7\u00fbk\u00ea bira me ez, gula civata, hebim \u00e7i ye nebim \u00e7idi\u00e7im w\u00ea xewna d\u00fbr a \u00e7\u00eeroka te l\u00ea ji b\u00eer b\u00fbyebar\u00ea min ...","og_url":"https:\/\/shanabooks.de\/product\/nergiza-li-deftere-biskivi-yehya-omeri\/","og_site_name":"www.shanabooks.de","article_modified_time":"2026-01-02T21:05:54+00:00","og_image":[{"width":599,"height":900,"url":"https:\/\/shanabooks.de\/wp-content\/uploads\/2024\/01\/nergiza-li-deftere-biskivi-avesta.jpg","type":"image\/jpeg"}],"twitter_card":"summary_large_image","twitter_misc":{"Est. reading time":"1 minute"},"schema":{"@context":"https:\/\/schema.org","@graph":[{"@type":"WebPage","@id":"https:\/\/shanabooks.de\/product\/nergiza-li-deftere-biskivi-yehya-omeri\/","url":"https:\/\/shanabooks.de\/product\/nergiza-li-deftere-biskivi-yehya-omeri\/","name":"N\u00eargiza li defter\u00ea bi\u015fkiv\u00ee - Yehya Omer\u00ee - www.shanabooks.de","isPartOf":{"@id":"https:\/\/shanabooks.de\/#website"},"primaryImageOfPage":{"@id":"https:\/\/shanabooks.de\/product\/nergiza-li-deftere-biskivi-yehya-omeri\/#primaryimage"},"image":{"@id":"https:\/\/shanabooks.de\/product\/nergiza-li-deftere-biskivi-yehya-omeri\/#primaryimage"},"thumbnailUrl":"https:\/\/shanabooks.de\/wp-content\/uploads\/2024\/01\/nergiza-li-deftere-biskivi-avesta.jpg","datePublished":"2024-03-03T19:51:52+00:00","dateModified":"2026-01-02T21:05:54+00:00","description":"N\u00eargiza li defter\u00ea bi\u015fkiv\u00ee - Yehya Omer\u00ee pi\u00e7\u00fbk\u00ea bira me ez, gula civata, hebim \u00e7i ye nebim \u00e7idi\u00e7im w\u00ea xewna d\u00fbr a \u00e7\u00eeroka te l\u00ea ji b\u00eer b\u00fbyebar\u00ea min ...","breadcrumb":{"@id":"https:\/\/shanabooks.de\/product\/nergiza-li-deftere-biskivi-yehya-omeri\/#breadcrumb"},"inLanguage":"kur","potentialAction":[{"@type":"ReadAction","target":["https:\/\/shanabooks.de\/product\/nergiza-li-deftere-biskivi-yehya-omeri\/"]}]},{"@type":"ImageObject","inLanguage":"kur","@id":"https:\/\/shanabooks.de\/product\/nergiza-li-deftere-biskivi-yehya-omeri\/#primaryimage","url":"https:\/\/shanabooks.de\/wp-content\/uploads\/2024\/01\/nergiza-li-deftere-biskivi-avesta.jpg","contentUrl":"https:\/\/shanabooks.de\/wp-content\/uploads\/2024\/01\/nergiza-li-deftere-biskivi-avesta.jpg","width":599,"height":900,"caption":"N\u00eargiza li defter\u00ea bi\u015fkiv\u00ee - Yehya Omer\u00ee - pirt\u00fbk\u00ean kurd\u00ee - helbest"},{"@type":"BreadcrumbList","@id":"https:\/\/shanabooks.de\/product\/nergiza-li-deftere-biskivi-yehya-omeri\/#breadcrumb","itemListElement":[{"@type":"ListItem","position":1,"name":"\u0627\u0644\u0631\u0626\u064a\u0633\u064a\u0629","item":"https:\/\/shanabooks.de\/kur\/"},{"@type":"ListItem","position":2,"name":"\u0627\u0644\u0645\u0646\u062a\u062c\u0627\u062a","item":"https:\/\/shanabooks.de\/shop\/"},{"@type":"ListItem","position":3,"name":"N\u00eargiza li defter\u00ea bi\u015fkiv\u00ee"}]},{"@type":"WebSite","@id":"https:\/\/shanabooks.de\/#website","url":"https:\/\/shanabooks.de\/","name":"www.shanbooks.de","description":"C\u00eehana Pirt\u00fbk\u00ean Kurd\u00ee \u0645\u0643\u062a\u0628\u0629 \u0634\u0627\u0646\u0627 \u0641\u064a \u0627\u0644\u0645\u0627\u0646\u064a\u0627 \u0648\u0623\u0648\u0631\u0628\u0627","publisher":{"@id":"https:\/\/shanabooks.de\/#organization"},"potentialAction":[{"@type":"SearchAction","target":{"@type":"EntryPoint","urlTemplate":"https:\/\/shanabooks.de\/?s={search_term_string}"},"query-input":{"@type":"PropertyValueSpecification","valueRequired":true,"valueName":"search_term_string"}}],"inLanguage":"kur"},{"@type":"Organization","@id":"https:\/\/shanabooks.de\/#organization","name":"www.shanbooks.de","url":"https:\/\/shanabooks.de\/","logo":{"@type":"ImageObject","inLanguage":"kur","@id":"https:\/\/shanabooks.de\/#\/schema\/logo\/image\/","url":"https:\/\/shanabooks.de\/wp-content\/uploads\/2024\/03\/SHANABOOKS__2_-removebg-preview.png","contentUrl":"https:\/\/shanabooks.de\/wp-content\/uploads\/2024\/03\/SHANABOOKS__2_-removebg-preview.png","width":700,"height":150,"caption":"www.shanbooks.de"},"image":{"@id":"https:\/\/shanabooks.de\/#\/schema\/logo\/image\/"}}]}},"jetpack_sharing_enabled":true,"_links":{"self":[{"href":"https:\/\/shanabooks.de\/kur\/wp-json\/wp\/v2\/product\/13605","targetHints":{"allow":["GET"]}}],"collection":[{"href":"https:\/\/shanabooks.de\/kur\/wp-json\/wp\/v2\/product"}],"about":[{"href":"https:\/\/shanabooks.de\/kur\/wp-json\/wp\/v2\/types\/product"}],"version-history":[{"count":3,"href":"https:\/\/shanabooks.de\/kur\/wp-json\/wp\/v2\/product\/13605\/revisions"}],"predecessor-version":[{"id":24601,"href":"https:\/\/shanabooks.de\/kur\/wp-json\/wp\/v2\/product\/13605\/revisions\/24601"}],"wp:featuredmedia":[{"embeddable":true,"href":"https:\/\/shanabooks.de\/kur\/wp-json\/wp\/v2\/media\/6615"}],"wp:attachment":[{"href":"https:\/\/shanabooks.de\/kur\/wp-json\/wp\/v2\/media?parent=13605"}],"wp:term":[{"taxonomy":"product_brand","embeddable":true,"href":"https:\/\/shanabooks.de\/kur\/wp-json\/wp\/v2\/product_brand?post=13605"},{"taxonomy":"product_cat","embeddable":true,"href":"https:\/\/shanabooks.de\/kur\/wp-json\/wp\/v2\/product_cat?post=13605"},{"taxonomy":"product_tag","embeddable":true,"href":"https:\/\/shanabooks.de\/kur\/wp-json\/wp\/v2\/product_tag?post=13605"}],"curies":[{"name":"wp","href":"https:\/\/api.w.org\/{rel}","templated":true}]}}