{"id":13728,"date":"2024-03-03T19:52:04","date_gmt":"2024-03-03T19:52:04","guid":{"rendered":"https:\/\/shanabooks.de\/?post_type=product&#038;p=13728"},"modified":"2024-04-21T08:24:29","modified_gmt":"2024-04-21T08:24:29","slug":"gulistan-eliye-evdilrehman","status":"publish","type":"product","link":"https:\/\/shanabooks.de\/kur\/product\/gulistan-eliye-evdilrehman\/","title":{"rendered":"Gulistan"},"content":{"rendered":"<p style=\"text-align: left;\"><strong>Gulistan &#8211; El\u00eey\u00ea Evdilrehman\u00a0<\/strong><\/p>\n<p style=\"text-align: left;\">El\u00eey\u00ea Evdilrehman dinyaya ruh\u00ea xwe y\u00ea batin\u00ee bi helbest\u00ea dide der. Fikir \u00fb mital\u00ean w\u00ee der heqa weten, hub \u00fb hizkirin\u00ea de ne. Ew bi xem\u00ean cimaeta xwe ve dij\u00ee \u00fb der heq\u00ea hal\u00ea dinyay\u00ea de difikire\u2026<\/p>\n<p style=\"text-align: left;\">Tu ez\u00eez \u00ee, weten\u00ea min, \u00e7ewa d\u00ea,<\/p>\n<p style=\"text-align: left;\">Qewat \u00fb s\u00eeyaneta min ji te dert\u00ea.<\/p>\n<p style=\"text-align: left;\">B\u00ea d\u00ea giran e, \u00e7etin e, hal\u00ea ewled,<\/p>\n<p style=\"text-align: left;\">Xuber l\u00ea dibare qehr, zulm \u00fb derd.<\/p>\n<p style=\"text-align: left;\">\u00c7a d\u00ea boy her ewledek\u00ee mikan e,<\/p>\n<p style=\"text-align: left;\">Weten\u00ea min boy min kan\u00eeya umran e.<\/p>\n","protected":false},"excerpt":{"rendered":"<p style=\"text-align: center;\"><strong>Pirt\u00fbk: Gulistan<br \/>\nNiv\u00eeskar: El\u00eey\u00ea Evdilrehman<br \/>\nCure: Helbest<\/strong><\/p>\n","protected":false},"featured_media":6786,"template":"","meta":{"site-sidebar-layout":"default","site-content-layout":"","ast-site-content-layout":"default","site-content-style":"default","site-sidebar-style":"default","ast-global-header-display":"","ast-banner-title-visibility":"","ast-main-header-display":"","ast-hfb-above-header-display":"","ast-hfb-below-header-display":"","ast-hfb-mobile-header-display":"","site-post-title":"","ast-breadcrumbs-content":"","ast-featured-img":"","footer-sml-layout":"","ast-disable-related-posts":"","theme-transparent-header-meta":"default","adv-header-id-meta":"","stick-header-meta":"","header-above-stick-meta":"","header-main-stick-meta":"","header-below-stick-meta":"","astra-migrate-meta-layouts":"set","ast-page-background-enabled":"default","ast-page-background-meta":{"desktop":{"background-color":"","background-image":"","background-repeat":"repeat","background-position":"center center","background-size":"auto","background-attachment":"scroll","background-type":"","background-media":"","overlay-type":"","overlay-color":"","overlay-opacity":"","overlay-gradient":""},"tablet":{"background-color":"","background-image":"","background-repeat":"repeat","background-position":"center center","background-size":"auto","background-attachment":"scroll","background-type":"","background-media":"","overlay-type":"","overlay-color":"","overlay-opacity":"","overlay-gradient":""},"mobile":{"background-color":"","background-image":"","background-repeat":"repeat","background-position":"center center","background-size":"auto","background-attachment":"scroll","background-type":"","background-media":"","overlay-type":"","overlay-color":"","overlay-opacity":"","overlay-gradient":""}},"ast-content-background-meta":{"desktop":{"background-color":"var(--ast-global-color-5)","background-image":"","background-repeat":"repeat","background-position":"center center","background-size":"auto","background-attachment":"scroll","background-type":"","background-media":"","overlay-type":"","overlay-color":"","overlay-opacity":"","overlay-gradient":""},"tablet":{"background-color":"var(--ast-global-color-5)","background-image":"","background-repeat":"repeat","background-position":"center center","background-size":"auto","background-attachment":"scroll","background-type":"","background-media":"","overlay-type":"","overlay-color":"","overlay-opacity":"","overlay-gradient":""},"mobile":{"background-color":"var(--ast-global-color-5)","background-image":"","background-repeat":"repeat","background-position":"center center","background-size":"auto","background-attachment":"scroll","background-type":"","background-media":"","overlay-type":"","overlay-color":"","overlay-opacity":"","overlay-gradient":""}}},"product_brand":[],"product_cat":[184,193],"product_tag":[],"class_list":{"0":"post-13728","1":"product","2":"type-product","3":"status-publish","4":"has-post-thumbnail","6":"product_cat-_","7":"product_cat--_","8":"pa_-helbest","9":"pa_-eliye-evdilrehman","10":"pa_-kurmanci","11":"pa_--lis-yayinevi","12":"desktop-align-left","13":"tablet-align-left","14":"mobile-align-left","16":"first","17":"instock","18":"shipping-taxable","19":"purchasable","20":"product-type-simple"},"yoast_head":"<!-- This site is optimized with the Yoast SEO plugin v27.5 - https:\/\/yoast.com\/product\/yoast-seo-wordpress\/ -->\n<title>Gulistan - El\u00eey\u00ea Evdilrehman\u00a0 - www.shanabooks.de<\/title>\n<meta name=\"description\" content=\"Gulistan - El\u00eey\u00ea Evdilrehman\u00a0El\u00eey\u00ea Evdilrehman dinyaya ruh\u00ea xwe y\u00ea batin\u00ee bi helbest\u00ea dide der. Fikir \u00fb mital\u00ean w\u00ee der heqa weten, hub \u00fb hizkirin\u00ea de ne ...\" \/>\n<meta name=\"robots\" content=\"index, follow, max-snippet:-1, max-image-preview:large, max-video-preview:-1\" \/>\n<link rel=\"canonical\" href=\"https:\/\/shanabooks.de\/product\/gulistan-eliye-evdilrehman\/\" \/>\n<meta property=\"og:locale\" content=\"en_US\" \/>\n<meta property=\"og:type\" content=\"article\" \/>\n<meta property=\"og:title\" content=\"Gulistan - El\u00eey\u00ea Evdilrehman\u00a0 - www.shanabooks.de\" \/>\n<meta property=\"og:description\" content=\"Gulistan - El\u00eey\u00ea Evdilrehman\u00a0El\u00eey\u00ea Evdilrehman dinyaya ruh\u00ea xwe y\u00ea batin\u00ee bi helbest\u00ea dide der. Fikir \u00fb mital\u00ean w\u00ee der heqa weten, hub \u00fb hizkirin\u00ea de ne ...\" \/>\n<meta property=\"og:url\" content=\"https:\/\/shanabooks.de\/product\/gulistan-eliye-evdilrehman\/\" \/>\n<meta property=\"og:site_name\" content=\"www.shanabooks.de\" \/>\n<meta property=\"article:modified_time\" content=\"2024-04-21T08:24:29+00:00\" \/>\n<meta property=\"og:image\" content=\"https:\/\/shanabooks.de\/wp-content\/uploads\/2024\/01\/Gulistan-Lis.jpg\" \/>\n\t<meta property=\"og:image:width\" content=\"287\" \/>\n\t<meta property=\"og:image:height\" content=\"475\" \/>\n\t<meta property=\"og:image:type\" content=\"image\/jpeg\" \/>\n<meta name=\"twitter:card\" content=\"summary_large_image\" \/>\n<meta name=\"twitter:label1\" content=\"Est. reading time\" \/>\n\t<meta name=\"twitter:data1\" content=\"1 minute\" \/>\n<script type=\"application\/ld+json\" class=\"yoast-schema-graph\">{\"@context\":\"https:\\\/\\\/schema.org\",\"@graph\":[{\"@type\":\"WebPage\",\"@id\":\"https:\\\/\\\/shanabooks.de\\\/product\\\/gulistan-eliye-evdilrehman\\\/\",\"url\":\"https:\\\/\\\/shanabooks.de\\\/product\\\/gulistan-eliye-evdilrehman\\\/\",\"name\":\"Gulistan - El\u00eey\u00ea Evdilrehman\u00a0 - www.shanabooks.de\",\"isPartOf\":{\"@id\":\"https:\\\/\\\/shanabooks.de\\\/#website\"},\"primaryImageOfPage\":{\"@id\":\"https:\\\/\\\/shanabooks.de\\\/product\\\/gulistan-eliye-evdilrehman\\\/#primaryimage\"},\"image\":{\"@id\":\"https:\\\/\\\/shanabooks.de\\\/product\\\/gulistan-eliye-evdilrehman\\\/#primaryimage\"},\"thumbnailUrl\":\"https:\\\/\\\/shanabooks.de\\\/wp-content\\\/uploads\\\/2024\\\/01\\\/Gulistan-Lis.jpg\",\"datePublished\":\"2024-03-03T19:52:04+00:00\",\"dateModified\":\"2024-04-21T08:24:29+00:00\",\"description\":\"Gulistan - El\u00eey\u00ea Evdilrehman\u00a0El\u00eey\u00ea Evdilrehman dinyaya ruh\u00ea xwe y\u00ea batin\u00ee bi helbest\u00ea dide der. Fikir \u00fb mital\u00ean w\u00ee der heqa weten, hub \u00fb hizkirin\u00ea de ne ...\",\"breadcrumb\":{\"@id\":\"https:\\\/\\\/shanabooks.de\\\/product\\\/gulistan-eliye-evdilrehman\\\/#breadcrumb\"},\"inLanguage\":\"kur\",\"potentialAction\":[{\"@type\":\"ReadAction\",\"target\":[\"https:\\\/\\\/shanabooks.de\\\/product\\\/gulistan-eliye-evdilrehman\\\/\"]}]},{\"@type\":\"ImageObject\",\"inLanguage\":\"kur\",\"@id\":\"https:\\\/\\\/shanabooks.de\\\/product\\\/gulistan-eliye-evdilrehman\\\/#primaryimage\",\"url\":\"https:\\\/\\\/shanabooks.de\\\/wp-content\\\/uploads\\\/2024\\\/01\\\/Gulistan-Lis.jpg\",\"contentUrl\":\"https:\\\/\\\/shanabooks.de\\\/wp-content\\\/uploads\\\/2024\\\/01\\\/Gulistan-Lis.jpg\",\"width\":287,\"height\":475,\"caption\":\"Gulistan - El\u00eey\u00ea Evdilrehman\u00a0- pirt\u00fbk\u00ean kurd\u00ee - roman\"},{\"@type\":\"BreadcrumbList\",\"@id\":\"https:\\\/\\\/shanabooks.de\\\/product\\\/gulistan-eliye-evdilrehman\\\/#breadcrumb\",\"itemListElement\":[{\"@type\":\"ListItem\",\"position\":1,\"name\":\"\u0627\u0644\u0631\u0626\u064a\u0633\u064a\u0629\",\"item\":\"https:\\\/\\\/shanabooks.de\\\/kur\\\/\"},{\"@type\":\"ListItem\",\"position\":2,\"name\":\"\u0627\u0644\u0645\u0646\u062a\u062c\u0627\u062a\",\"item\":\"https:\\\/\\\/shanabooks.de\\\/shop\\\/\"},{\"@type\":\"ListItem\",\"position\":3,\"name\":\"Gulistan\"}]},{\"@type\":\"WebSite\",\"@id\":\"https:\\\/\\\/shanabooks.de\\\/#website\",\"url\":\"https:\\\/\\\/shanabooks.de\\\/\",\"name\":\"www.shanbooks.de\",\"description\":\"C\u00eehana Pirt\u00fbk\u00ean Kurd\u00ee \u0645\u0643\u062a\u0628\u0629 \u0634\u0627\u0646\u0627 \u0641\u064a \u0627\u0644\u0645\u0627\u0646\u064a\u0627 \u0648\u0623\u0648\u0631\u0628\u0627\",\"publisher\":{\"@id\":\"https:\\\/\\\/shanabooks.de\\\/#organization\"},\"potentialAction\":[{\"@type\":\"SearchAction\",\"target\":{\"@type\":\"EntryPoint\",\"urlTemplate\":\"https:\\\/\\\/shanabooks.de\\\/?s={search_term_string}\"},\"query-input\":{\"@type\":\"PropertyValueSpecification\",\"valueRequired\":true,\"valueName\":\"search_term_string\"}}],\"inLanguage\":\"kur\"},{\"@type\":\"Organization\",\"@id\":\"https:\\\/\\\/shanabooks.de\\\/#organization\",\"name\":\"www.shanbooks.de\",\"url\":\"https:\\\/\\\/shanabooks.de\\\/\",\"logo\":{\"@type\":\"ImageObject\",\"inLanguage\":\"kur\",\"@id\":\"https:\\\/\\\/shanabooks.de\\\/#\\\/schema\\\/logo\\\/image\\\/\",\"url\":\"https:\\\/\\\/shanabooks.de\\\/wp-content\\\/uploads\\\/2024\\\/03\\\/SHANABOOKS__2_-removebg-preview.png\",\"contentUrl\":\"https:\\\/\\\/shanabooks.de\\\/wp-content\\\/uploads\\\/2024\\\/03\\\/SHANABOOKS__2_-removebg-preview.png\",\"width\":700,\"height\":150,\"caption\":\"www.shanbooks.de\"},\"image\":{\"@id\":\"https:\\\/\\\/shanabooks.de\\\/#\\\/schema\\\/logo\\\/image\\\/\"}}]}<\/script>\n<!-- \/ Yoast SEO plugin. -->","yoast_head_json":{"title":"Gulistan - El\u00eey\u00ea Evdilrehman\u00a0 - www.shanabooks.de","description":"Gulistan - El\u00eey\u00ea Evdilrehman\u00a0El\u00eey\u00ea Evdilrehman dinyaya ruh\u00ea xwe y\u00ea batin\u00ee bi helbest\u00ea dide der. Fikir \u00fb mital\u00ean w\u00ee der heqa weten, hub \u00fb hizkirin\u00ea de ne ...","robots":{"index":"index","follow":"follow","max-snippet":"max-snippet:-1","max-image-preview":"max-image-preview:large","max-video-preview":"max-video-preview:-1"},"canonical":"https:\/\/shanabooks.de\/product\/gulistan-eliye-evdilrehman\/","og_locale":"en_US","og_type":"article","og_title":"Gulistan - El\u00eey\u00ea Evdilrehman\u00a0 - www.shanabooks.de","og_description":"Gulistan - El\u00eey\u00ea Evdilrehman\u00a0El\u00eey\u00ea Evdilrehman dinyaya ruh\u00ea xwe y\u00ea batin\u00ee bi helbest\u00ea dide der. Fikir \u00fb mital\u00ean w\u00ee der heqa weten, hub \u00fb hizkirin\u00ea de ne ...","og_url":"https:\/\/shanabooks.de\/product\/gulistan-eliye-evdilrehman\/","og_site_name":"www.shanabooks.de","article_modified_time":"2024-04-21T08:24:29+00:00","og_image":[{"width":287,"height":475,"url":"https:\/\/shanabooks.de\/wp-content\/uploads\/2024\/01\/Gulistan-Lis.jpg","type":"image\/jpeg"}],"twitter_card":"summary_large_image","twitter_misc":{"Est. reading time":"1 minute"},"schema":{"@context":"https:\/\/schema.org","@graph":[{"@type":"WebPage","@id":"https:\/\/shanabooks.de\/product\/gulistan-eliye-evdilrehman\/","url":"https:\/\/shanabooks.de\/product\/gulistan-eliye-evdilrehman\/","name":"Gulistan - El\u00eey\u00ea Evdilrehman\u00a0 - www.shanabooks.de","isPartOf":{"@id":"https:\/\/shanabooks.de\/#website"},"primaryImageOfPage":{"@id":"https:\/\/shanabooks.de\/product\/gulistan-eliye-evdilrehman\/#primaryimage"},"image":{"@id":"https:\/\/shanabooks.de\/product\/gulistan-eliye-evdilrehman\/#primaryimage"},"thumbnailUrl":"https:\/\/shanabooks.de\/wp-content\/uploads\/2024\/01\/Gulistan-Lis.jpg","datePublished":"2024-03-03T19:52:04+00:00","dateModified":"2024-04-21T08:24:29+00:00","description":"Gulistan - El\u00eey\u00ea Evdilrehman\u00a0El\u00eey\u00ea Evdilrehman dinyaya ruh\u00ea xwe y\u00ea batin\u00ee bi helbest\u00ea dide der. Fikir \u00fb mital\u00ean w\u00ee der heqa weten, hub \u00fb hizkirin\u00ea de ne ...","breadcrumb":{"@id":"https:\/\/shanabooks.de\/product\/gulistan-eliye-evdilrehman\/#breadcrumb"},"inLanguage":"kur","potentialAction":[{"@type":"ReadAction","target":["https:\/\/shanabooks.de\/product\/gulistan-eliye-evdilrehman\/"]}]},{"@type":"ImageObject","inLanguage":"kur","@id":"https:\/\/shanabooks.de\/product\/gulistan-eliye-evdilrehman\/#primaryimage","url":"https:\/\/shanabooks.de\/wp-content\/uploads\/2024\/01\/Gulistan-Lis.jpg","contentUrl":"https:\/\/shanabooks.de\/wp-content\/uploads\/2024\/01\/Gulistan-Lis.jpg","width":287,"height":475,"caption":"Gulistan - El\u00eey\u00ea Evdilrehman\u00a0- pirt\u00fbk\u00ean kurd\u00ee - roman"},{"@type":"BreadcrumbList","@id":"https:\/\/shanabooks.de\/product\/gulistan-eliye-evdilrehman\/#breadcrumb","itemListElement":[{"@type":"ListItem","position":1,"name":"\u0627\u0644\u0631\u0626\u064a\u0633\u064a\u0629","item":"https:\/\/shanabooks.de\/kur\/"},{"@type":"ListItem","position":2,"name":"\u0627\u0644\u0645\u0646\u062a\u062c\u0627\u062a","item":"https:\/\/shanabooks.de\/shop\/"},{"@type":"ListItem","position":3,"name":"Gulistan"}]},{"@type":"WebSite","@id":"https:\/\/shanabooks.de\/#website","url":"https:\/\/shanabooks.de\/","name":"www.shanbooks.de","description":"C\u00eehana Pirt\u00fbk\u00ean Kurd\u00ee \u0645\u0643\u062a\u0628\u0629 \u0634\u0627\u0646\u0627 \u0641\u064a \u0627\u0644\u0645\u0627\u0646\u064a\u0627 \u0648\u0623\u0648\u0631\u0628\u0627","publisher":{"@id":"https:\/\/shanabooks.de\/#organization"},"potentialAction":[{"@type":"SearchAction","target":{"@type":"EntryPoint","urlTemplate":"https:\/\/shanabooks.de\/?s={search_term_string}"},"query-input":{"@type":"PropertyValueSpecification","valueRequired":true,"valueName":"search_term_string"}}],"inLanguage":"kur"},{"@type":"Organization","@id":"https:\/\/shanabooks.de\/#organization","name":"www.shanbooks.de","url":"https:\/\/shanabooks.de\/","logo":{"@type":"ImageObject","inLanguage":"kur","@id":"https:\/\/shanabooks.de\/#\/schema\/logo\/image\/","url":"https:\/\/shanabooks.de\/wp-content\/uploads\/2024\/03\/SHANABOOKS__2_-removebg-preview.png","contentUrl":"https:\/\/shanabooks.de\/wp-content\/uploads\/2024\/03\/SHANABOOKS__2_-removebg-preview.png","width":700,"height":150,"caption":"www.shanbooks.de"},"image":{"@id":"https:\/\/shanabooks.de\/#\/schema\/logo\/image\/"}}]}},"jetpack_sharing_enabled":true,"_links":{"self":[{"href":"https:\/\/shanabooks.de\/kur\/wp-json\/wp\/v2\/product\/13728","targetHints":{"allow":["GET"]}}],"collection":[{"href":"https:\/\/shanabooks.de\/kur\/wp-json\/wp\/v2\/product"}],"about":[{"href":"https:\/\/shanabooks.de\/kur\/wp-json\/wp\/v2\/types\/product"}],"version-history":[{"count":3,"href":"https:\/\/shanabooks.de\/kur\/wp-json\/wp\/v2\/product\/13728\/revisions"}],"predecessor-version":[{"id":24595,"href":"https:\/\/shanabooks.de\/kur\/wp-json\/wp\/v2\/product\/13728\/revisions\/24595"}],"wp:featuredmedia":[{"embeddable":true,"href":"https:\/\/shanabooks.de\/kur\/wp-json\/wp\/v2\/media\/6786"}],"wp:attachment":[{"href":"https:\/\/shanabooks.de\/kur\/wp-json\/wp\/v2\/media?parent=13728"}],"wp:term":[{"taxonomy":"product_brand","embeddable":true,"href":"https:\/\/shanabooks.de\/kur\/wp-json\/wp\/v2\/product_brand?post=13728"},{"taxonomy":"product_cat","embeddable":true,"href":"https:\/\/shanabooks.de\/kur\/wp-json\/wp\/v2\/product_cat?post=13728"},{"taxonomy":"product_tag","embeddable":true,"href":"https:\/\/shanabooks.de\/kur\/wp-json\/wp\/v2\/product_tag?post=13728"}],"curies":[{"name":"wp","href":"https:\/\/api.w.org\/{rel}","templated":true}]}}